Last updated on 2025-10-31 09:50:14 CET.
| Flavor | Version | Tinstall | Tcheck | Ttotal | Status | Flags | 
|---|---|---|---|---|---|---|
| r-devel-linux-x86_64-debian-clang | 1.0.0-10 | 7.08 | 64.83 | 71.91 | NOTE | |
| r-devel-linux-x86_64-debian-gcc | 1.0.0-10 | 5.20 | 46.42 | 51.62 | NOTE | |
| r-devel-linux-x86_64-fedora-clang | 1.0.0-10 | 15.00 | 90.76 | 105.76 | OK | |
| r-devel-linux-x86_64-fedora-gcc | 1.0.0-10 | 14.00 | 100.82 | 114.82 | OK | |
| r-devel-windows-x86_64 | 1.0.0-10 | 14.00 | 93.00 | 107.00 | OK | |
| r-patched-linux-x86_64 | 1.0.0-10 | 7.46 | 61.38 | 68.84 | OK | |
| r-release-linux-x86_64 | 1.0.0-10 | 6.32 | 61.74 | 68.06 | OK | |
| r-release-macos-arm64 | 1.0.0-10 | 5.00 | 36.00 | 41.00 | OK | |
| r-release-macos-x86_64 | 1.0.0-10 | 7.00 | 72.00 | 79.00 | OK | |
| r-release-windows-x86_64 | 1.0.0-10 | 14.00 | 99.00 | 113.00 | OK | |
| r-oldrel-macos-arm64 | 1.0.0-10 | 4.00 | 37.00 | 41.00 | OK | |
| r-oldrel-macos-x86_64 | 1.0.0-10 | 5.00 | 62.00 | 67.00 | OK | |
| r-oldrel-windows-x86_64 | 1.0.0-10 | 16.00 | 113.00 | 129.00 | OK | 
Version: 1.0.0-10
Check: CRAN incoming feasibility
Result: NOTE
  Maintainer: ‘Danny Arends <Danny.Arends@gmail.com>’
  
  No Authors@R field in DESCRIPTION.
  Please add one, modifying
    Authors@R: c(person(given = "Danny",
                        family = "Arends",
                        role = c("aut", "cre"),
                        email = "Danny.Arends@gmail.com"),
                 person(given = "Yang",
                        family = "Li",
                        role = "aut"),
                 person(given = c("Gudrun", "A"),
                        family = "Brockmann",
                        role = "aut"),
                 person(given = c("Ritsert", "C"),
                        family = "Jansen",
                        role = "aut"),
                 person(given = c("Robert", "W"),
                        family = "Williams",
                        role = "aut"),
                 person(given = "Pjotr",
                        family = "Prins",
                        role = "aut"))
  as necessary.
Flavors: r-devel-linux-x86_64-debian-clang, r-devel-linux-x86_64-debian-gcc