Last updated on 2025-11-02 10:50:39 CET.
| Flavor | Version | Tinstall | Tcheck | Ttotal | Status | Flags |
|---|---|---|---|---|---|---|
| r-devel-linux-x86_64-debian-clang | 0.1.10 | 22.10 | 186.55 | 208.65 | OK | |
| r-devel-linux-x86_64-debian-gcc | 0.1.10 | 15.53 | 132.88 | 148.41 | OK | |
| r-devel-linux-x86_64-fedora-clang | 0.1.10 | 103.00 | 235.46 | 338.46 | OK | |
| r-devel-linux-x86_64-fedora-gcc | 0.1.10 | 170.00 | 158.48 | 328.48 | OK | |
| r-devel-windows-x86_64 | 0.1.10 | 22.00 | 161.00 | 183.00 | OK | |
| r-patched-linux-x86_64 | 0.1.10 | 17.95 | 174.37 | 192.32 | OK | |
| r-release-linux-x86_64 | 0.1.10 | 21.62 | 173.53 | 195.15 | OK | |
| r-release-macos-arm64 | 0.1.10 | 5.00 | ERROR | |||
| r-release-macos-x86_64 | 0.1.10 | 8.00 | ERROR | |||
| r-release-windows-x86_64 | 0.1.10 | 20.00 | 156.00 | 176.00 | OK | |
| r-oldrel-macos-arm64 | 0.1.10 | 10.00 | ERROR | |||
| r-oldrel-macos-x86_64 | 0.1.10 | 32.00 | 176.00 | 208.00 | OK | |
| r-oldrel-windows-x86_64 | 0.1.10 | 4.00 | 9.00 | 13.00 | ERROR |
Version: 0.1.10
Check: package dependencies
Result: ERROR
Packages required but not available: 'org.Hs.eg.db', 'org.Mm.eg.db'
See section ‘The DESCRIPTION file’ in the ‘Writing R Extensions’
manual.
Flavor: r-release-macos-arm64
Version: 0.1.10
Check: package dependencies
Result: ERROR
Package required but not available: ‘org.Mm.eg.db’
See section ‘The DESCRIPTION file’ in the ‘Writing R Extensions’
manual.
Flavors: r-release-macos-x86_64, r-oldrel-macos-arm64
Version: 0.1.10
Check: whether package can be installed
Result: ERROR
Installation failed.
Flavor: r-oldrel-windows-x86_64