Last updated on 2025-11-22 09:49:49 CET.
| Flavor | Version | Tinstall | Tcheck | Ttotal | Status | Flags |
|---|---|---|---|---|---|---|
| r-devel-linux-x86_64-debian-clang | 1.0.0 | 2.67 | 29.25 | 31.92 | OK | |
| r-devel-linux-x86_64-debian-gcc | 1.0.0 | 1.69 | 23.10 | 24.79 | OK | |
| r-devel-linux-x86_64-fedora-clang | 1.0.0 | 43.83 | OK | |||
| r-devel-windows-x86_64 | 1.0.0 | 7.00 | 53.00 | 60.00 | OK | |
| r-patched-linux-x86_64 | 1.0.0 | 2.95 | 25.92 | 28.87 | OK | |
| r-release-linux-x86_64 | 1.0.0 | 2.44 | 25.74 | 28.18 | OK | |
| r-release-macos-arm64 | 1.0.0 | OK | ||||
| r-release-macos-x86_64 | 1.0.0 | 2.00 | 27.00 | 29.00 | OK | |
| r-release-windows-x86_64 | 1.0.0 | 4.00 | 58.00 | 62.00 | OK | |
| r-oldrel-macos-arm64 | 1.0.0 | NOTE | ||||
| r-oldrel-macos-x86_64 | 1.0.0 | 2.00 | 23.00 | 25.00 | NOTE | |
| r-oldrel-windows-x86_64 | 1.0.0 | 3.00 | 56.00 | 59.00 | NOTE |
Version: 1.0.0
Check: LazyData
Result: NOTE
'LazyData' is specified without a 'data' directory
Flavors: r-oldrel-macos-arm64, r-oldrel-macos-x86_64, r-oldrel-windows-x86_64