Last updated on 2025-10-25 09:49:26 CEST.
| Flavor | Version | Tinstall | Tcheck | Ttotal | Status | Flags |
|---|---|---|---|---|---|---|
| r-devel-linux-x86_64-debian-clang | 2.1.3 | 212.67 | 391.75 | 604.42 | NOTE | |
| r-devel-linux-x86_64-debian-gcc | 2.1.4 | 155.85 | 255.13 | 410.98 | OK | |
| r-devel-linux-x86_64-fedora-clang | 2.1.4 | 840.00 | 184.49 | 1024.49 | OK | |
| r-devel-linux-x86_64-fedora-gcc | 2.1.4 | 1080.00 | -3.56 | 1076.44 | OK | |
| r-devel-windows-x86_64 | 2.1.3 | 186.00 | 440.00 | 626.00 | OK | |
| r-patched-linux-x86_64 | 2.1.3 | 189.48 | 376.28 | 565.76 | OK | |
| r-release-linux-x86_64 | 2.1.3 | 189.08 | 379.01 | 568.09 | OK | |
| r-release-macos-arm64 | 2.1.4 | 90.00 | 239.00 | 329.00 | OK | |
| r-release-macos-x86_64 | 2.1.4 | 146.00 | 766.00 | 912.00 | OK | |
| r-release-windows-x86_64 | 2.1.3 | 188.00 | 451.00 | 639.00 | OK | |
| r-oldrel-macos-arm64 | 2.1.4 | 91.00 | 205.00 | 296.00 | NOTE | |
| r-oldrel-macos-x86_64 | 2.1.4 | 134.00 | 713.00 | 847.00 | NOTE | |
| r-oldrel-windows-x86_64 | 2.1.3 | 215.00 | 578.00 | 793.00 | NOTE |
Version: 2.1.3
Check: Rd files
Result: NOTE
checkRd: (-1) GRP.Rd:185-202: Only 7 columns allowed in this table (row 2 has 1)
checkRd: (-1) GRP.Rd:185-202: Only 7 columns allowed in this table (row 4 has 1)
checkRd: (-1) GRP.Rd:185-202: Only 7 columns allowed in this table (row 6 has 1)
checkRd: (-1) GRP.Rd:185-202: Only 7 columns allowed in this table (row 8 has 1)
checkRd: (-1) GRP.Rd:185-202: Only 7 columns allowed in this table (row 10 has 1)
checkRd: (-1) GRP.Rd:185-202: Only 7 columns allowed in this table (row 12 has 1)
checkRd: (-1) GRP.Rd:185-202: Only 7 columns allowed in this table (row 14 has 1)
checkRd: (-1) GRP.Rd:185-202: Only 7 columns allowed in this table (row 16 has 1)
checkRd: (-1) GRP.Rd:185-202: Only 7 columns allowed in this table (row 18 has 1)
checkRd: (-1) collapse-documentation.Rd:16-69: Only 5 columns allowed in this table (row 3 has 1)
checkRd: (-1) collapse-documentation.Rd:16-69: Only 5 columns allowed in this table (row 4 has 1)
checkRd: (-1) collapse-documentation.Rd:16-69: Only 5 columns allowed in this table (row 6 has 1)
checkRd: (-1) collapse-documentation.Rd:16-69: Only 5 columns allowed in this table (row 7 has 1)
checkRd: (-1) collapse-documentation.Rd:16-69: Only 5 columns allowed in this table (row 9 has 1)
checkRd: (-1) collapse-documentation.Rd:16-69: Only 5 columns allowed in this table (row 10 has 1)
checkRd: (-1) collapse-documentation.Rd:16-69: Only 5 columns allowed in this table (row 12 has 1)
checkRd: (-1) collapse-documentation.Rd:16-69: Only 5 columns allowed in this table (row 13 has 1)
checkRd: (-1) collapse-documentation.Rd:16-69: Only 5 columns allowed in this table (row 15 has 1)
checkRd: (-1) collapse-documentation.Rd:16-69: Only 5 columns allowed in this table (row 16 has 1)
checkRd: (-1) collapse-documentation.Rd:16-69: Only 5 columns allowed in this table (row 18 has 1)
checkRd: (-1) collapse-documentation.Rd:16-69: Only 5 columns allowed in this table (row 19 has 1)
checkRd: (-1) collapse-documentation.Rd:16-69: Only 5 columns allowed in this table (row 21 has 1)
checkRd: (-1) collapse-documentation.Rd:16-69: Only 5 columns allowed in this table (row 22 has 1)
checkRd: (-1) collapse-documentation.Rd:16-69: Only 5 columns allowed in this table (row 24 has 1)
checkRd: (-1) collapse-documentation.Rd:16-69: Only 5 columns allowed in this table (row 25 has 1)
checkRd: (-1) collapse-documentation.Rd:16-69: Only 5 columns allowed in this table (row 27 has 1)
checkRd: (-1) collapse-documentation.Rd:16-69: Only 5 columns allowed in this table (row 28 has 1)
checkRd: (-1) collapse-documentation.Rd:16-69: Only 5 columns allowed in this table (row 29 has 1)
checkRd: (-1) collapse-documentation.Rd:16-69: Only 5 columns allowed in this table (row 31 has 1)
checkRd: (-1) collapse-documentation.Rd:16-69: Only 5 columns allowed in this table (row 32 has 1)
checkRd: (-1) collapse-documentation.Rd:16-69: Only 5 columns allowed in this table (row 35 has 1)
checkRd: (-1) collapse-documentation.Rd:16-69: Only 5 columns allowed in this table (row 36 has 1)
checkRd: (-1) collapse-documentation.Rd:16-69: Only 5 columns allowed in this table (row 38 has 1)
checkRd: (-1) collapse-documentation.Rd:16-69: Only 5 columns allowed in this table (row 39 has 1)
checkRd: (-1) collapse-documentation.Rd:16-69: Only 5 columns allowed in this table (row 41 has 1)
checkRd: (-1) collapse-documentation.Rd:16-69: Only 5 columns allowed in this table (row 42 has 1)
checkRd: (-1) collapse-documentation.Rd:16-69: Only 5 columns allowed in this table (row 44 has 1)
checkRd: (-1) collapse-documentation.Rd:16-69: Only 5 columns allowed in this table (row 45 has 1)
checkRd: (-1) collapse-documentation.Rd:16-69: Only 5 columns allowed in this table (row 47 has 1)
checkRd: (-1) collapse-documentation.Rd:16-69: Only 5 columns allowed in this table (row 48 has 1)
checkRd: (-1) collapse-options.Rd:24-70: Only 3 columns allowed in this table (row 2 has 1)
checkRd: (-1) collapse-options.Rd:24-70: Only 3 columns allowed in this table (row 3 has 1)
checkRd: (-1) collapse-options.Rd:24-70: Only 3 columns allowed in this table (row 4 has 1)
checkRd: (-1) collapse-options.Rd:24-70: Only 3 columns allowed in this table (row 6 has 1)
checkRd: (-1) collapse-options.Rd:24-70: Only 3 columns allowed in this table (row 7 has 1)
checkRd: (-1) collapse-options.Rd:24-70: Only 3 columns allowed in this table (row 8 has 1)
checkRd: (-1) collapse-options.Rd:24-70: Only 3 columns allowed in this table (row 10 has 1)
checkRd: (-1) collapse-options.Rd:24-70: Only 3 columns allowed in this table (row 11 has 1)
checkRd: (-1) collapse-options.Rd:24-70: Only 3 columns allowed in this table (row 12 has 1)
checkRd: (-1) collapse-options.Rd:24-70: Only 3 columns allowed in this table (row 14 has 1)
checkRd: (-1) collapse-options.Rd:24-70: Only 3 columns allowed in this table (row 15 has 1)
checkRd: (-1) collapse-options.Rd:24-70: Only 3 columns allowed in this table (row 16 has 1)
checkRd: (-1) collapse-options.Rd:24-70: Only 3 columns allowed in this table (row 18 has 1)
checkRd: (-1) collapse-options.Rd:24-70: Only 3 columns allowed in this table (row 19 has 1)
checkRd: (-1) collapse-options.Rd:24-70: Only 3 columns allowed in this table (row 20 has 1)
checkRd: (-1) collapse-options.Rd:24-70: Only 3 columns allowed in this table (row 22 has 1)
checkRd: (-1) collapse-options.Rd:24-70: Only 3 columns allowed in this table (row 23 has 1)
checkRd: (-1) collapse-options.Rd:24-70: Only 3 columns allowed in this table (row 24 has 1)
checkRd: (-1) collapse-options.Rd:24-70: Only 3 columns allowed in this table (row 26 has 1)
checkRd: (-1) collapse-options.Rd:24-70: Only 3 columns allowed in this table (row 27 has 1)
checkRd: (-1) collapse-options.Rd:24-70: Only 3 columns allowed in this table (row 28 has 1)
checkRd: (-1) collapse-options.Rd:24-70: Only 3 columns allowed in this table (row 30 has 1)
checkRd: (-1) collapse-options.Rd:24-70: Only 3 columns allowed in this table (row 32 has 1)
checkRd: (-1) collapse-options.Rd:24-70: Only 3 columns allowed in this table (row 34 has 1)
checkRd: (-1) collapse-options.Rd:24-70: Only 3 columns allowed in this table (row 36 has 1)
checkRd: (-1) collapse-options.Rd:24-70: Only 3 columns allowed in this table (row 38 has 1)
checkRd: (-1) collapse-options.Rd:24-70: Only 3 columns allowed in this table (row 40 has 1)
checkRd: (-1) collapse-options.Rd:24-70: Only 3 columns allowed in this table (row 42 has 1)
checkRd: (-1) collapse-options.Rd:24-70: Only 3 columns allowed in this table (row 44 has 1)
checkRd: (-1) collapse-options.Rd:24-70: Only 3 columns allowed in this table (row 46 has 1)
checkRd: (-1) collapse-options.Rd:24-70: Only 3 columns allowed in this table (row 48 has 1)
checkRd: (-1) collapse-options.Rd:24-70: Only 3 columns allowed in this table (row 50 has 1)
checkRd: (-1) collapse-options.Rd:24-70: Only 3 columns allowed in this table (row 52 has 1)
checkRd: (-1) collapse-options.Rd:24-70: Only 3 columns allowed in this table (row 53 has 1)
checkRd: (-1) collapse-options.Rd:24-70: Only 3 columns allowed in this table (row 54 has 1)
checkRd: (-1) collapse-options.Rd:24-70: Only 3 columns allowed in this table (row 55 has 1)
checkRd: (-1) collapse-options.Rd:24-70: Only 3 columns allowed in this table (row 56 has 1)
checkRd: (-1) collapse-options.Rd:24-70: Only 3 columns allowed in this table (row 58 has 1)
checkRd: (-1) collapse-options.Rd:24-70: Only 3 columns allowed in this table (row 60 has 1)
checkRd: (-1) collapse-options.Rd:24-70: Only 3 columns allowed in this table (row 62 has 1)
checkRd: (-1) collapse-options.Rd:24-70: Only 3 columns allowed in this table (row 64 has 1)
checkRd: (-1) collapse-options.Rd:24-70: Only 3 columns allowed in this table (row 66 has 1)
checkRd: (-1) collapse-options.Rd:24-70: Only 3 columns allowed in this table (row 68 has 1)
checkRd: (-1) collapse-options.Rd:24-70: Only 3 columns allowed in this table (row 69 has 1)
checkRd: (-1) collapse-options.Rd:24-70: Only 3 columns allowed in this table (row 70 has 1)
checkRd: (-1) collapse-options.Rd:24-70: Only 3 columns allowed in this table (row 71 has 1)
checkRd: (-1) collapse-options.Rd:24-70: Only 3 columns allowed in this table (row 72 has 1)
checkRd: (-1) pad.Rd:26-30: Only 5 columns allowed in this table (row 3 has 1)
checkRd: (-1) pad.Rd:26-30: Only 5 columns allowed in this table (row 4 has 1)
checkRd: (-1) pad.Rd:26-30: Only 5 columns allowed in this table (row 6 has 1)
checkRd: (-1) pad.Rd:26-30: Only 5 columns allowed in this table (row 7 has 1)
checkRd: (-1) pivot.Rd:40-44: Only 3 columns allowed in this table (row 2 has 1)
checkRd: (-1) pivot.Rd:40-44: Only 3 columns allowed in this table (row 4 has 1)
checkRd: (-1) pivot.Rd:40-44: Only 3 columns allowed in this table (row 6 has 1)
checkRd: (-1) pivot.Rd:49-53: Only 3 columns allowed in this table (row 2 has 1)
checkRd: (-1) pivot.Rd:49-53: Only 3 columns allowed in this table (row 4 has 1)
checkRd: (-1) pivot.Rd:49-53: Only 3 columns allowed in this table (row 6 has 1)
checkRd: (-1) summary-statistics.Rd:25-34: Only 5 columns allowed in this table (row 9 has 1)
Flavor: r-devel-linux-x86_64-debian-clang
Version: 2.1.4
Check: installed package size
Result: NOTE
installed size is 23.4Mb
sub-directories of 1Mb or more:
R 2.1Mb
libs 19.2Mb
Flavors: r-oldrel-macos-arm64, r-oldrel-macos-x86_64
Version: 2.1.3
Check: installed package size
Result: NOTE
installed size is 5.9Mb
sub-directories of 1Mb or more:
R 1.1Mb
libs 2.8Mb
Flavor: r-oldrel-windows-x86_64