Last updated on 2025-10-22 09:50:29 CEST.
Flavor | Version | Tinstall | Tcheck | Ttotal | Status | Flags |
---|---|---|---|---|---|---|
r-devel-linux-x86_64-debian-clang | 0.1.7 | 12.75 | 103.29 | 116.04 | OK | |
r-devel-linux-x86_64-debian-gcc | 0.1.7 | 9.21 | 74.61 | 83.82 | OK | |
r-devel-linux-x86_64-fedora-clang | 0.1.7 | 47.00 | 136.89 | 183.89 | OK | |
r-devel-linux-x86_64-fedora-gcc | 0.1.7 | 50.00 | 128.07 | 178.07 | OK | |
r-devel-windows-x86_64 | 0.1.6 | 13.00 | 99.00 | 112.00 | NOTE | |
r-patched-linux-x86_64 | 0.1.6 | 11.44 | 95.87 | 107.31 | NOTE | |
r-release-linux-x86_64 | 0.1.6 | 11.23 | 96.24 | 107.47 | NOTE | |
r-release-macos-arm64 | 0.1.7 | 6.00 | 43.00 | 49.00 | OK | |
r-release-macos-x86_64 | 0.1.7 | 12.00 | 94.00 | 106.00 | OK | |
r-release-windows-x86_64 | 0.1.7 | 15.00 | 100.00 | 115.00 | OK | |
r-oldrel-macos-arm64 | 0.1.7 | 8.00 | 55.00 | 63.00 | OK | |
r-oldrel-macos-x86_64 | 0.1.7 | 12.00 | 122.00 | 134.00 | OK | |
r-oldrel-windows-x86_64 | 0.1.7 | 19.00 | 129.00 | 148.00 | OK |
Version: 0.1.6
Check: Rd cross-references
Result: NOTE
Found the following Rd file(s) with Rd \link{} targets missing package
anchors:
boxesLx.Rd: grViz
mkratetable.Rd: survival, pyears
plotcuminc.Rd: survival, pyears
Please provide package anchors for all Rd \link{} targets not in the
package itself and the base packages.
Flavors: r-devel-windows-x86_64, r-patched-linux-x86_64, r-release-linux-x86_64