Last updated on 2025-10-22 09:50:29 CEST.
Flavor | Version | Tinstall | Tcheck | Ttotal | Status | Flags |
---|---|---|---|---|---|---|
r-devel-linux-x86_64-debian-clang | 1.2.9 | 11.51 | 80.97 | 92.48 | NOTE | |
r-devel-linux-x86_64-debian-gcc | 1.2.9 | 8.73 | 54.25 | 62.98 | NOTE | |
r-devel-linux-x86_64-fedora-clang | 1.3.0 | 287.00 | 281.96 | 568.96 | OK | |
r-devel-linux-x86_64-fedora-gcc | 1.3.0 | 269.00 | 187.11 | 456.11 | OK | |
r-devel-windows-x86_64 | 1.2.9 | 15.00 | 86.00 | 101.00 | OK | |
r-patched-linux-x86_64 | 1.2.9 | 14.04 | 74.48 | 88.52 | OK | |
r-release-linux-x86_64 | 1.2.9 | 12.52 | 75.03 | 87.55 | OK | |
r-release-macos-arm64 | 1.3.0 | 15.00 | 90.00 | 105.00 | OK | |
r-release-macos-x86_64 | 1.3.0 | 53.00 | 269.00 | 322.00 | OK | |
r-release-windows-x86_64 | 1.2.9 | 18.00 | 88.00 | 106.00 | OK | |
r-oldrel-macos-arm64 | 1.3.0 | 15.00 | 94.00 | 109.00 | OK | |
r-oldrel-macos-x86_64 | 1.3.0 | 47.00 | 282.00 | 329.00 | OK | |
r-oldrel-windows-x86_64 | 1.2.9 | 22.00 | 109.00 | 131.00 | OK |
Version: 1.2.9
Check: HTML version of manual
Result: NOTE
Found the following HTML validation problems:
helper_time_series_compare.html:46:1 (helper_time_series_compare.Rd:10): Warning: missing </ul> before </div>
recalculateImageDimensions.html:68:1 (recalculateImageDimensions.Rd:24): Warning: missing </ul> before </div>
render_hist_plot.html:73:1 (render_hist_plot.Rd:27): Warning: missing </ul> before </div>
render_instat_plot.html:73:1 (render_instat_plot.Rd:27): Warning: missing </ul> before </div>
render_plot.html:249:1 (render_plot.Rd:133): Warning: missing </ul> before </div>
render_plot_1d.html:140:1 (render_plot_1d.Rd:68): Warning: missing </ul> before </div>
render_plot_1d_advanced.html:125:1 (render_plot_1d_advanced.Rd:59): Warning: missing </ul> before </div>
render_plot_hist_compare.html:99:1 (render_plot_hist_compare.Rd:43): Warning: missing </ul> before </div>
render_plot_hovmoller.html:101:1 (render_plot_hovmoller.Rd:45): Warning: missing </ul> before </div>
render_plot_scatter.html:114:1 (render_plot_scatter.Rd:52): Warning: missing </ul> before </div>
render_plot_side_by_side.html:259:1 (render_plot_side_by_side.Rd:139): Warning: missing </ul> before </div>
render_plot_time_series_compare.html:135:1 (render_plot_time_series_compare.Rd:65): Warning: missing </ul> before </div>
render_preview_plot.html:58:1 (render_preview_plot.Rd:16): Warning: missing </ul> before </div>
render_region_plot.html:205:1 (render_region_plot.Rd:107): Warning: missing </ul> before </div>
time_series_plot.html:182:1 (time_series_plot.Rd:94): Warning: missing </ul> before </div>
trend_plot.html:177:1 (trend_plot.Rd:91): Warning: missing </ul> before </div>
Flavors: r-devel-linux-x86_64-debian-clang, r-devel-linux-x86_64-debian-gcc