Last updated on 2025-10-22 09:50:29 CEST.
Flavor | Version | Tinstall | Tcheck | Ttotal | Status | Flags |
---|---|---|---|---|---|---|
r-devel-linux-x86_64-debian-clang | 1.4.1 | 12.57 | 278.14 | 290.71 | NOTE | |
r-devel-linux-x86_64-debian-gcc | 1.4.1 | 9.65 | 201.57 | 211.22 | NOTE | |
r-devel-linux-x86_64-fedora-clang | 1.4.1 | 56.00 | 419.56 | 475.56 | OK | |
r-devel-linux-x86_64-fedora-gcc | 1.4.1 | 257.00 | 153.07 | 410.07 | OK | |
r-devel-windows-x86_64 | 1.4.1 | 18.00 | 283.00 | 301.00 | OK | |
r-patched-linux-x86_64 | 1.4.1 | 19.43 | 271.06 | 290.49 | OK | |
r-release-linux-x86_64 | 1.4.1 | 14.70 | 265.20 | 279.90 | OK | |
r-release-macos-arm64 | 1.4.1 | 7.00 | 119.00 | 126.00 | OK | |
r-release-macos-x86_64 | 1.4.1 | 21.00 | 241.00 | 262.00 | OK | |
r-release-windows-x86_64 | 1.4.1 | 21.00 | 291.00 | 312.00 | OK | |
r-oldrel-macos-arm64 | 1.4.1 | 8.00 | 121.00 | 129.00 | OK | |
r-oldrel-macos-x86_64 | 1.4.1 | 15.00 | 247.00 | 262.00 | OK | |
r-oldrel-windows-x86_64 | 1.4.1 | 27.00 | 376.00 | 403.00 | OK |
Version: 1.4.1
Check: HTML version of manual
Result: NOTE
Found the following HTML validation problems:
calc_allDatesNc.html:50:1 (calc_allDatesNc.Rd:12): Warning: missing </ul> before </div>
calc_timestepNc.html:50:1 (calc_timestepNc.Rd:12): Warning: missing </ul> before </div>
check.coordinate.system.html:58:1 (check.coordinate.system.Rd:16): Warning: missing </ul> before </div>
get_dimensions.html:50:1 (get_dimensions.Rd:12): Warning: missing </ul> before </div>
get_nc_version.html:46:1 (get_nc_version.Rd:10): Warning: missing </ul> before </div>
get_time_info.html:54:1 (get_time_info.Rd:14): Warning: missing </ul> before </div>
mon.anomaly.climatology.html:88:1 (mon.anomaly.climatology.Rd:38): Warning: missing </ul> before </div>
read_file.html:56:1 (read_file.Rd:16): Warning: missing </ul> before </div>
timcumsum.html:89:1 (timcumsum.Rd:38): Warning: missing </ul> before </div>
Flavors: r-devel-linux-x86_64-debian-clang, r-devel-linux-x86_64-debian-gcc