Last updated on 2025-10-22 09:50:29 CEST.
Flavor | Version | Tinstall | Tcheck | Ttotal | Status | Flags |
---|---|---|---|---|---|---|
r-devel-linux-x86_64-debian-clang | 1.5 | 63.14 | 250.21 | 313.35 | NOTE | |
r-devel-linux-x86_64-debian-gcc | 1.5 | 41.35 | 174.01 | 215.36 | NOTE | |
r-devel-linux-x86_64-fedora-clang | 1.5 | 373.00 | 149.00 | 522.00 | OK | |
r-devel-linux-x86_64-fedora-gcc | 1.5 | 99.00 | 376.57 | 475.57 | OK | |
r-devel-windows-x86_64 | 1.5 | 75.00 | 239.00 | 314.00 | OK | |
r-patched-linux-x86_64 | 1.5 | 61.57 | 228.21 | 289.78 | OK | |
r-release-linux-x86_64 | 1.5 | 63.79 | 230.20 | 293.99 | OK | |
r-release-macos-arm64 | 1.5 | 27.00 | 94.00 | 121.00 | OK | |
r-release-macos-x86_64 | 1.5 | 41.00 | 106.00 | 147.00 | OK | |
r-release-windows-x86_64 | 1.5 | 72.00 | 235.00 | 307.00 | OK | |
r-oldrel-macos-arm64 | 1.5 | 25.00 | 96.00 | 121.00 | NOTE | |
r-oldrel-macos-x86_64 | 1.5 | 34.00 | 112.00 | 146.00 | NOTE | |
r-oldrel-windows-x86_64 | 1.5 | 90.00 | 322.00 | 412.00 | OK |
Version: 1.5
Check: HTML version of manual
Result: NOTE
Found the following HTML validation problems:
initfastnmf.intern.html:72:1 (initfastnmf.intern.Rd:28): Warning: missing </ul> before </div>
mclustboot.intern.html:58:1 (mclustboot.intern.Rd:16): Warning: missing </ul> before </div>
onefold.chooser.html:104:1 (onefold.chooser.Rd:46): Warning: missing </ul> before </div>
Flavors: r-devel-linux-x86_64-debian-clang, r-devel-linux-x86_64-debian-gcc
Version: 1.5
Check: installed package size
Result: NOTE
installed size is 5.7Mb
sub-directories of 1Mb or more:
doc 1.2Mb
libs 4.3Mb
Flavors: r-oldrel-macos-arm64, r-oldrel-macos-x86_64