Last updated on 2025-10-22 09:50:29 CEST.
Flavor | Version | Tinstall | Tcheck | Ttotal | Status | Flags |
---|---|---|---|---|---|---|
r-devel-linux-x86_64-debian-clang | 0.7.3 | 162.41 | 207.49 | 369.90 | NOTE | |
r-devel-linux-x86_64-debian-gcc | 0.7.3 | 110.27 | 138.99 | 249.26 | NOTE | |
r-devel-linux-x86_64-fedora-clang | 0.7.3 | 185.00 | 231.93 | 416.93 | OK | |
r-devel-linux-x86_64-fedora-gcc | 0.7.3 | 259.00 | 359.43 | 618.43 | OK | |
r-devel-windows-x86_64 | 0.7.3 | 162.00 | 267.00 | 429.00 | OK | |
r-patched-linux-x86_64 | 0.7.3 | 163.42 | 199.18 | 362.60 | OK | |
r-release-linux-x86_64 | 0.7.3 | 155.10 | 198.45 | 353.55 | OK | |
r-release-macos-arm64 | 0.7.3 | 74.00 | 149.00 | 223.00 | OK | |
r-release-macos-x86_64 | 0.7.3 | 78.00 | 206.00 | 284.00 | OK | |
r-release-windows-x86_64 | 0.7.3 | 172.00 | 271.00 | 443.00 | OK | |
r-oldrel-macos-arm64 | 0.7.3 | 71.00 | 108.00 | 179.00 | NOTE | |
r-oldrel-macos-x86_64 | 0.7.3 | 63.00 | 165.00 | 228.00 | NOTE | |
r-oldrel-windows-x86_64 | 0.7.3 | 196.00 | 337.00 | 533.00 | OK |
Version: 0.7.3
Check: HTML version of manual
Result: NOTE
Found the following HTML validation problems:
date-zone.html:65:1 (date-zone.Rd:20): Warning: missing </ul> before </div>
Flavors: r-devel-linux-x86_64-debian-clang, r-devel-linux-x86_64-debian-gcc
Version: 0.7.3
Check: installed package size
Result: NOTE
installed size is 18.4Mb
sub-directories of 1Mb or more:
libs 16.5Mb
Flavors: r-oldrel-macos-arm64, r-oldrel-macos-x86_64