Last updated on 2025-10-31 09:50:13 CET.
| Flavor | Version | Tinstall | Tcheck | Ttotal | Status | Flags | 
|---|---|---|---|---|---|---|
| r-devel-linux-x86_64-debian-clang | 0.5.0 | 2.02 | 34.46 | 36.48 | NOTE | |
| r-devel-linux-x86_64-debian-gcc | 0.5.0 | 1.60 | 23.88 | 25.48 | NOTE | |
| r-devel-linux-x86_64-fedora-clang | 0.5.0 | 54.73 | OK | |||
| r-devel-linux-x86_64-fedora-gcc | 0.5.0 | 52.19 | OK | |||
| r-devel-windows-x86_64 | 0.5.0 | 3.00 | 55.00 | 58.00 | OK | |
| r-patched-linux-x86_64 | 0.5.0 | 2.15 | 32.12 | 34.27 | OK | |
| r-release-linux-x86_64 | 0.5.0 | 2.04 | 32.23 | 34.27 | OK | |
| r-release-macos-arm64 | 0.5.0 | 1.00 | 23.00 | 24.00 | OK | |
| r-release-macos-x86_64 | 0.5.0 | 2.00 | 32.00 | 34.00 | OK | |
| r-release-windows-x86_64 | 0.5.0 | 3.00 | 61.00 | 64.00 | OK | |
| r-oldrel-macos-arm64 | 0.5.0 | 1.00 | 23.00 | 24.00 | OK | |
| r-oldrel-macos-x86_64 | 0.5.0 | 2.00 | 27.00 | 29.00 | OK | |
| r-oldrel-windows-x86_64 | 0.5.0 | 4.00 | 57.00 | 61.00 | OK | 
Version: 0.5.0
Check: CRAN incoming feasibility
Result: NOTE
  Maintainer: ‘Xi (Rossi) Luo <xi.rossi.luo@gmail.com>’
  
  No Authors@R field in DESCRIPTION.
  Please add one, modifying
    Authors@R: c(person(given = c("T.", "Tony"),
                        family = "Cai",
                        role = "aut"),
                 person(given = "Weidong",
                        family = "Liu",
                        role = "aut"),
                 person(given = "Xi",
                        family = "Luo",
                        role = "aut",
                        comment = "Rossi"),
                 person(given = "Xi",
                        family = "Luo",
                        role = "cre",
                        email = "xi.rossi.luo@gmail.com",
                        comment = "Rossi"))
  as necessary.
Flavors: r-devel-linux-x86_64-debian-clang, r-devel-linux-x86_64-debian-gcc