Last updated on 2025-11-22 09:49:49 CET.
| Flavor | Version | Tinstall | Tcheck | Ttotal | Status | Flags |
|---|---|---|---|---|---|---|
| r-devel-linux-x86_64-debian-clang | 0.5 | 3.61 | 38.50 | 42.11 | NOTE | |
| r-devel-linux-x86_64-debian-gcc | 0.5 | 2.91 | 30.00 | 32.91 | NOTE | |
| r-devel-linux-x86_64-fedora-clang | 1.2 | 56.71 | OK | |||
| r-devel-windows-x86_64 | 0.5 | 9.00 | 57.00 | 66.00 | OK | |
| r-patched-linux-x86_64 | 0.5 | 4.30 | 36.02 | 40.32 | OK | |
| r-release-linux-x86_64 | 0.5 | 3.76 | 35.65 | 39.41 | OK | |
| r-release-macos-arm64 | 1.2 | 1.00 | 16.00 | 17.00 | OK | |
| r-release-macos-x86_64 | 1.2 | 6.00 | 91.00 | 97.00 | OK | |
| r-release-windows-x86_64 | 0.5 | 8.00 | 58.00 | 66.00 | OK | |
| r-oldrel-macos-arm64 | 1.2 | 1.00 | 20.00 | 21.00 | NOTE | |
| r-oldrel-macos-x86_64 | 1.2 | 6.00 | 86.00 | 92.00 | NOTE | |
| r-oldrel-windows-x86_64 | 0.5 | 9.00 | 65.00 | 74.00 | NOTE |
Version: 0.5
Check: CRAN incoming feasibility
Result: NOTE
Maintainer: ‘Kauê de Sousa <desousa.kaue@gmail.com>’
Package CITATION file contains call(s) to old-style citEntry(). Please
use bibentry() instead.
Flavors: r-devel-linux-x86_64-debian-clang, r-devel-linux-x86_64-debian-gcc
Version: 1.2
Check: installed package size
Result: NOTE
installed size is 5.5Mb
sub-directories of 1Mb or more:
data 3.4Mb
doc 1.9Mb
Flavors: r-oldrel-macos-arm64, r-oldrel-macos-x86_64
Version: 0.5
Check: installed package size
Result: NOTE
installed size is 5.5Mb
sub-directories of 1Mb or more:
data 3.4Mb
doc 1.9Mb
Flavor: r-oldrel-windows-x86_64