Last updated on 2025-07-15 10:48:27 CEST.
Flavor | Version | Tinstall | Tcheck | Ttotal | Status | Flags |
---|---|---|---|---|---|---|
r-devel-linux-x86_64-debian-clang | 1.4.0 | 15.96 | 110.22 | 126.18 | OK | |
r-devel-linux-x86_64-debian-gcc | 1.4.0 | 11.69 | 77.21 | 88.90 | OK | |
r-devel-linux-x86_64-fedora-clang | 1.4.0 | 187.44 | NOTE | |||
r-devel-linux-x86_64-fedora-gcc | 1.4.0 | 174.59 | NOTE | |||
r-devel-windows-x86_64 | 1.4.0 | 15.00 | 107.00 | 122.00 | OK | |
r-patched-linux-x86_64 | 1.4.0 | 15.34 | 101.68 | 117.02 | OK | |
r-release-linux-x86_64 | 1.4.0 | 13.98 | 100.99 | 114.97 | OK | |
r-release-macos-arm64 | 1.4.0 | 50.00 | OK | |||
r-release-macos-x86_64 | 1.4.0 | 100.00 | OK | |||
r-release-windows-x86_64 | 1.4.0 | 16.00 | 116.00 | 132.00 | OK | |
r-oldrel-macos-arm64 | 1.4.0 | 46.00 | OK | |||
r-oldrel-macos-x86_64 | 1.4.0 | 78.00 | OK | |||
r-oldrel-windows-x86_64 | 1.4.0 | 21.00 | 135.00 | 156.00 | OK |
Version: 1.4.0
Check: dependencies in R code
Result: NOTE
Namespace in Imports field not imported from: ‘Rcpp’
All declared Imports should be used.
Flavors: r-devel-linux-x86_64-fedora-clang, r-devel-linux-x86_64-fedora-gcc