Last updated on 2025-10-30 09:49:46 CET.
| Flavor | Version | Tinstall | Tcheck | Ttotal | Status | Flags | 
|---|---|---|---|---|---|---|
| r-devel-linux-x86_64-debian-clang | 0.1.1 | 8.89 | 178.42 | 187.31 | NOTE | |
| r-devel-linux-x86_64-debian-gcc | 0.1.1 | 9.01 | 129.80 | 138.81 | NOTE | |
| r-devel-linux-x86_64-fedora-clang | 0.1.1 | 21.00 | 266.40 | 287.40 | OK | |
| r-devel-linux-x86_64-fedora-gcc | 0.1.1 | 19.00 | 267.33 | 286.33 | OK | |
| r-devel-windows-x86_64 | 0.1.1 | 12.00 | 300.00 | 312.00 | OK | |
| r-patched-linux-x86_64 | 0.1.1 | 8.62 | 163.90 | 172.52 | OK | |
| r-release-linux-x86_64 | 0.1.1 | 9.13 | 163.52 | 172.65 | OK | |
| r-release-macos-arm64 | 0.1.1 | 7.00 | 164.00 | 171.00 | OK | |
| r-release-macos-x86_64 | 0.1.1 | 17.00 | 276.00 | 293.00 | OK | |
| r-release-windows-x86_64 | 0.1.1 | 14.00 | 207.00 | 221.00 | OK | |
| r-oldrel-macos-arm64 | 0.1.1 | 10.00 | 162.00 | 172.00 | NOTE | |
| r-oldrel-macos-x86_64 | 0.1.1 | 9.00 | 163.00 | 172.00 | NOTE | |
| r-oldrel-windows-x86_64 | 0.1.1 | 17.00 | 285.00 | 302.00 | NOTE | 
Version: 0.1.1
Check: CRAN incoming feasibility
Result: NOTE
  Maintainer: ‘Evandro Konzen <circularev.r@gmail.com>’
  
  No Authors@R field in DESCRIPTION.
  Please add one, modifying
    Authors@R: person(given = "Evandro",
                      family = "Konzen",
                      role = c("aut", "cre"),
                      email = "circularev.r@gmail.com")
  as necessary.
Flavors: r-devel-linux-x86_64-debian-clang, r-devel-linux-x86_64-debian-gcc
Version: 0.1.1
Check: installed package size
Result: NOTE
    installed size is  7.5Mb
    sub-directories of 1Mb or more:
      doc   7.2Mb
Flavors: r-oldrel-macos-arm64, r-oldrel-macos-x86_64, r-oldrel-windows-x86_64