Last updated on 2025-11-15 11:50:40 CET.
| Flavor | Version | Tinstall | Tcheck | Ttotal | Status | Flags |
|---|---|---|---|---|---|---|
| r-devel-linux-x86_64-debian-clang | 0.9.1 | 4.98 | 67.36 | 72.34 | OK | |
| r-devel-linux-x86_64-debian-gcc | 0.9.1 | 3.65 | 48.81 | 52.46 | OK | |
| r-devel-linux-x86_64-fedora-clang | 0.9.1 | 25.00 | 91.81 | 116.81 | OK | |
| r-devel-linux-x86_64-fedora-gcc | 0.9.1 | 12.00 | 109.60 | 121.60 | OK | |
| r-devel-windows-x86_64 | 0.9.1 | 8.00 | 90.00 | 98.00 | OK | |
| r-patched-linux-x86_64 | 0.9.1 | 6.55 | 63.52 | 70.07 | OK | |
| r-release-linux-x86_64 | 0.9.1 | 6.21 | 63.86 | 70.07 | OK | |
| r-release-macos-arm64 | 0.9.1 | 3.00 | 38.00 | 41.00 | OK | |
| r-release-macos-x86_64 | 0.9.1 | 8.00 | 106.00 | 114.00 | OK | |
| r-release-windows-x86_64 | 0.9.1 | 7.00 | 89.00 | 96.00 | OK | |
| r-oldrel-macos-arm64 | 0.9.1 | 2.00 | 46.00 | 48.00 | NOTE | |
| r-oldrel-macos-x86_64 | 0.9.1 | 4.00 | 89.00 | 93.00 | NOTE | |
| r-oldrel-windows-x86_64 | 0.9.1 | 9.00 | 108.00 | 117.00 | NOTE |
Version: 0.9.1
Check: installed package size
Result: NOTE
installed size is 5.7Mb
sub-directories of 1Mb or more:
doc 4.4Mb
Flavors: r-oldrel-macos-arm64, r-oldrel-macos-x86_64, r-oldrel-windows-x86_64