Last updated on 2025-10-30 09:49:46 CET.
| Flavor | Version | Tinstall | Tcheck | Ttotal | Status | Flags | 
|---|---|---|---|---|---|---|
| r-devel-linux-x86_64-debian-clang | 1.1.1 | 19.73 | 29.23 | 48.96 | NOTE | |
| r-devel-linux-x86_64-debian-gcc | 1.1.1 | 15.34 | 23.40 | 38.74 | NOTE | |
| r-devel-linux-x86_64-fedora-clang | 1.1.1 | 49.00 | 33.94 | 82.94 | NOTE | |
| r-devel-linux-x86_64-fedora-gcc | 1.1.1 | 51.00 | 29.65 | 80.65 | NOTE | |
| r-devel-windows-x86_64 | 1.1.1 | 25.00 | 69.00 | 94.00 | NOTE | |
| r-patched-linux-x86_64 | 1.1.1 | 22.24 | 26.30 | 48.54 | NOTE | |
| r-release-linux-x86_64 | 1.1.1 | 21.10 | 26.39 | 47.49 | NOTE | |
| r-release-macos-arm64 | 1.1.1 | 9.00 | 20.00 | 29.00 | NOTE | |
| r-release-macos-x86_64 | 1.1.1 | 15.00 | 31.00 | 46.00 | NOTE | |
| r-release-windows-x86_64 | 1.1.1 | 25.00 | 65.00 | 90.00 | NOTE | |
| r-oldrel-macos-arm64 | 1.1.1 | 8.00 | 22.00 | 30.00 | NOTE | |
| r-oldrel-macos-x86_64 | 1.1.1 | 15.00 | 28.00 | 43.00 | NOTE | |
| r-oldrel-windows-x86_64 | 1.1.1 | 26.00 | 79.00 | 105.00 | NOTE | 
Version: 1.1.1
Check: C++ specification
Result: NOTE
    Specified C++11: please drop specification unless essential
Flavors: r-devel-linux-x86_64-debian-clang, r-devel-linux-x86_64-debian-gcc, r-devel-linux-x86_64-fedora-clang, r-devel-linux-x86_64-fedora-gcc, r-devel-windows-x86_64, r-patched-linux-x86_64, r-release-linux-x86_64, r-release-macos-arm64, r-release-macos-x86_64, r-release-windows-x86_64, r-oldrel-macos-arm64, r-oldrel-macos-x86_64, r-oldrel-windows-x86_64
Version: 1.1.1
Check: Rd files
Result: NOTE
  checkRd: (-1) chunker-methods.Rd:63: Lost braces in \enumerate; meant \describe ?
  checkRd: (-1) chunker-methods.Rd:64: Lost braces in \enumerate; meant \describe ?
  checkRd: (-1) chunker-methods.Rd:69: Lost braces in \enumerate; meant \describe ?
  checkRd: (-1) chunker-methods.Rd:70: Lost braces in \enumerate; meant \describe ?
Flavors: r-devel-linux-x86_64-debian-clang, r-devel-linux-x86_64-debian-gcc, r-devel-linux-x86_64-fedora-clang, r-devel-linux-x86_64-fedora-gcc, r-devel-windows-x86_64, r-patched-linux-x86_64, r-release-linux-x86_64, r-release-macos-arm64, r-release-macos-x86_64, r-release-windows-x86_64, r-oldrel-macos-arm64, r-oldrel-macos-x86_64, r-oldrel-windows-x86_64