CRAN Package Check Results for Package ccda

Last updated on 2025-11-20 11:51:05 CET.

Flavor Version Tinstall Tcheck Ttotal Status Flags
r-devel-linux-x86_64-debian-clang 1.1.1 1.73 37.25 38.98 NOTE
r-devel-linux-x86_64-debian-gcc 1.1.1 1.50 26.63 28.13 NOTE
r-devel-linux-x86_64-fedora-clang 1.1.1 60.04 OK
r-devel-linux-x86_64-fedora-gcc 1.1.1 60.69 OK
r-devel-windows-x86_64 1.1.1 4.00 52.00 56.00 OK
r-patched-linux-x86_64 1.1.1 1.59 34.65 36.24 OK
r-release-linux-x86_64 1.1.1 1.88 34.46 36.34 OK
r-release-macos-arm64 1.1.1 OK
r-release-macos-x86_64 1.1.1 2.00 38.00 40.00 OK
r-release-windows-x86_64 1.1.1 3.00 53.00 56.00 OK
r-oldrel-macos-arm64 1.1.1 OK
r-oldrel-macos-x86_64 1.1.1 2.00 43.00 45.00 OK
r-oldrel-windows-x86_64 1.1.1 3.00 67.00 70.00 OK

Check Details

Version: 1.1.1
Check: CRAN incoming feasibility
Result: NOTE Maintainer: ‘Solt Kovacs <ccda@caesar.elte.hu>’ No Authors@R field in DESCRIPTION. Please add one, modifying Authors@R: c(person(given = "Solt", family = "Kovacs", role = c("aut", "cre"), email = "ccda@caesar.elte.hu"), person(given = "Jozsef", family = "Kovacs", role = "aut"), person(given = "Peter", family = "Tanos", role = "aut")) as necessary. Flavors: r-devel-linux-x86_64-debian-clang, r-devel-linux-x86_64-debian-gcc