CRAN Package Check Results for Package cauphy

Last updated on 2025-10-22 09:50:28 CEST.

Flavor Version Tinstall Tcheck Ttotal Status Flags
r-devel-linux-x86_64-debian-clang 1.0.3 7.45 184.46 191.91 NOTE
r-devel-linux-x86_64-debian-gcc 1.0.3 5.38 127.32 132.70 NOTE
r-devel-linux-x86_64-fedora-clang 1.0.3 18.00 275.23 293.23 OK
r-devel-linux-x86_64-fedora-gcc 1.0.3 27.00 300.09 327.09 OK
r-devel-windows-x86_64 1.0.3 14.00 218.00 232.00 OK
r-patched-linux-x86_64 1.0.3 8.35 179.56 187.91 OK
r-release-linux-x86_64 1.0.3 6.45 179.98 186.43 OK
r-release-macos-arm64 1.0.3 7.00 106.00 113.00 OK
r-release-macos-x86_64 1.0.3 7.00 204.00 211.00 OK
r-release-windows-x86_64 1.0.3 15.00 218.00 233.00 OK
r-oldrel-macos-arm64 1.0.3 5.00 87.00 92.00 OK
r-oldrel-macos-x86_64 1.0.3 14.00 151.00 165.00 OK
r-oldrel-windows-x86_64 1.0.3 15.00 261.00 276.00 OK

Check Details

Version: 1.0.3
Check: HTML version of manual
Result: NOTE Found the following HTML validation problems: checkDuplicates.html:52:1 (checkDuplicates.Rd:12): Warning: missing </ul> before </div> checkTraitTree.html:54:1 (checkTraitTree.Rd:14): Warning: missing </ul> before </div> do_optim.html:78:1 (do_optim.Rd:30): Warning: missing </ul> before </div> getBounds.html:66:1 (getBounds.Rd:20): Warning: missing </ul> before </div> getBoundsCauchy.html:62:1 (getBoundsCauchy.Rd:18): Warning: missing </ul> before </div> getBoundsLambda.html:62:1 (getBoundsLambda.Rd:18): Warning: missing </ul> before </div> getParamNames.html:50:1 (getParamNames.Rd:12): Warning: missing </ul> before </div> getStartingValues.html:62:1 (getStartingValues.Rd:18): Warning: missing </ul> before </div> getStartingValuesCauchy.html:58:1 (getStartingValuesCauchy.Rd:16): Warning: missing </ul> before </div> getStartingValuesLambda.html:58:1 (getStartingValuesLambda.Rd:16): Warning: missing </ul> before </div> maxLambda.html:47:1 (maxLambda.Rd:10): Warning: missing </ul> before </div> safe_get.html:50:1 (safe_get.Rd:12): Warning: missing </ul> before </div> transformBranchLengths.html:54:1 (transformBranchLengths.Rd:14): Warning: missing </ul> before </div> Flavors: r-devel-linux-x86_64-debian-clang, r-devel-linux-x86_64-debian-gcc