Last updated on 2025-10-24 09:49:57 CEST.
| Flavor | Version | Tinstall | Tcheck | Ttotal | Status | Flags |
|---|---|---|---|---|---|---|
| r-devel-linux-x86_64-debian-clang | 1.0.0 | 2.02 | 20.63 | 22.65 | NOTE | |
| r-devel-linux-x86_64-debian-gcc | 1.0.0 | 1.46 | 16.39 | 17.85 | NOTE | |
| r-devel-linux-x86_64-fedora-clang | 1.0.0 | 34.34 | OK | |||
| r-devel-linux-x86_64-fedora-gcc | 1.0.0 | 31.77 | OK | |||
| r-devel-windows-x86_64 | 1.0.0 | 3.00 | 37.00 | 40.00 | OK | |
| r-patched-linux-x86_64 | 1.0.0 | 2.13 | 19.55 | 21.68 | OK | |
| r-release-linux-x86_64 | 1.0.0 | 2.01 | 19.83 | 21.84 | OK | |
| r-release-macos-arm64 | 1.0.0 | 1.00 | 14.00 | 15.00 | OK | |
| r-release-macos-x86_64 | 1.0.0 | 2.00 | 21.00 | 23.00 | OK | |
| r-release-windows-x86_64 | 1.0.0 | 3.00 | 43.00 | 46.00 | OK | |
| r-oldrel-macos-arm64 | 1.0.0 | 1.00 | 19.00 | 20.00 | OK | |
| r-oldrel-macos-x86_64 | 1.0.0 | 2.00 | 17.00 | 19.00 | OK | |
| r-oldrel-windows-x86_64 | 1.0.0 | 4.00 | 38.00 | 42.00 | OK |
Version: 1.0.0
Check: CRAN incoming feasibility
Result: NOTE
Maintainer: ‘Gleidson Mendes Rebouças <gleidsonreboucas@uern.br>’
No Authors@R field in DESCRIPTION.
Please add one, modifying
Authors@R: c(person(given = c("Gleidson", "Mendes"),
family = "Rebouças",
role = c("aut", "cre"),
email = "gleidsonreboucas@uern.br"),
person(given = c("Thiago", "Renee"),
family = "Felipe",
role = "aut"))
as necessary.
Flavors: r-devel-linux-x86_64-debian-clang, r-devel-linux-x86_64-debian-gcc