CRAN Package Check Results for Package bmabasket

Last updated on 2025-10-22 09:50:28 CEST.

Flavor Version Tinstall Tcheck Ttotal Status Flags
r-devel-linux-x86_64-debian-clang 0.1.2 36.62 28.12 64.74 WARN
r-devel-linux-x86_64-debian-gcc 0.1.2 20.91 22.56 43.47 WARN
r-devel-linux-x86_64-fedora-clang 0.1.2 93.00 18.31 111.31 NOTE
r-devel-linux-x86_64-fedora-gcc 0.1.2 63.00 34.60 97.60 NOTE
r-devel-windows-x86_64 0.1.2 37.00 67.00 104.00 NOTE
r-patched-linux-x86_64 0.1.2 33.60 25.93 59.53 NOTE
r-release-linux-x86_64 0.1.2 32.64 25.94 58.58 NOTE
r-release-macos-arm64 0.1.2 14.00 20.00 34.00 NOTE
r-release-macos-x86_64 0.1.2 17.00 35.00 52.00 NOTE
r-release-windows-x86_64 0.1.2 39.00 63.00 102.00 NOTE
r-oldrel-macos-arm64 0.1.2 12.00 18.00 30.00 NOTE
r-oldrel-macos-x86_64 0.1.2 14.00 22.00 36.00 NOTE
r-oldrel-windows-x86_64 0.1.2 44.00 76.00 120.00 NOTE

Check Details

Version: 0.1.2
Check: whether package can be installed
Result: WARN Found the following significant warnings: /home/hornik/tmp/R.check/r-devel-clang/Work/build/Packages/RcppArmadillo/include/RcppArmadillo/version/arma.h:66:17: warning: Using fallback compilation with Armadillo 14.6.3. Please consider defining -DARMA_USE_CURRENT and also removing C++11 compilation directive. See GitHub issue #475 for more. [-W#pragma-messages] See ‘/home/hornik/tmp/R.check/r-devel-clang/Work/PKGS/bmabasket.Rcheck/00install.out’ for details. * used C++ compiler: ‘Debian clang version 19.1.7 (7)’ Flavor: r-devel-linux-x86_64-debian-clang

Version: 0.1.2
Check: C++ specification
Result: NOTE Specified C++11: please drop specification unless essential Flavors: r-devel-linux-x86_64-debian-clang, r-devel-linux-x86_64-debian-gcc, r-devel-linux-x86_64-fedora-clang, r-devel-linux-x86_64-fedora-gcc, r-devel-windows-x86_64, r-patched-linux-x86_64, r-release-linux-x86_64, r-release-macos-arm64, r-release-macos-x86_64, r-release-windows-x86_64, r-oldrel-macos-arm64, r-oldrel-macos-x86_64, r-oldrel-windows-x86_64

Version: 0.1.2
Check: whether package can be installed
Result: WARN Found the following significant warnings: /home/hornik/tmp/R.check/r-devel-gcc/Work/build/Packages/RcppArmadillo/include/RcppArmadillo/version/arma.h:66:199: note: ‘#pragma message: Using fallback compilation with Armadillo 14.6.3. Please consider defining -DARMA_USE_CURRENT and also removing C++11 compilation directive. See GitHub issue #475 for more.’ See ‘/home/hornik/tmp/R.check/r-devel-gcc/Work/PKGS/bmabasket.Rcheck/00install.out’ for details. * used C++ compiler: ‘g++-15 (Debian 15.2.0-4) 15.2.0’ Flavor: r-devel-linux-x86_64-debian-gcc