Last updated on 2025-10-22 09:50:28 CEST.
Flavor | Version | Tinstall | Tcheck | Ttotal | Status | Flags |
---|---|---|---|---|---|---|
r-devel-linux-x86_64-debian-clang | 1.0.1 | 18.23 | 361.00 | 379.23 | NOTE | |
r-devel-linux-x86_64-debian-gcc | 1.0.1 | 12.53 | 304.19 | 316.72 | NOTE | |
r-devel-linux-x86_64-fedora-clang | 1.0.1 | 82.00 | 504.12 | 586.12 | OK | |
r-devel-linux-x86_64-fedora-gcc | 1.0.1 | 43.00 | 525.22 | 568.22 | OK | |
r-devel-windows-x86_64 | 1.0.1 | 18.00 | 345.00 | 363.00 | OK | |
r-patched-linux-x86_64 | 1.0.1 | 18.96 | 344.99 | 363.95 | OK | |
r-release-linux-x86_64 | 1.0.1 | 17.52 | 340.72 | 358.24 | OK | |
r-release-macos-arm64 | 1.0.1 | 9.00 | 259.00 | 268.00 | OK | |
r-release-macos-x86_64 | 1.0.1 | 16.00 | 413.00 | 429.00 | OK | |
r-release-windows-x86_64 | 1.0.1 | 20.00 | 344.00 | 364.00 | OK | |
r-oldrel-macos-arm64 | 1.0.1 | 9.00 | 260.00 | 269.00 | OK | |
r-oldrel-macos-x86_64 | 1.0.1 | 18.00 | 448.00 | 466.00 | OK | |
r-oldrel-windows-x86_64 | 1.0.1 | 26.00 | 441.00 | 467.00 | OK |
Version: 1.0.1
Check: HTML version of manual
Result: NOTE
Found the following HTML validation problems:
sentence_to_vector.html:50:1 (sentence_to_vector.Rd:12): Warning: missing </ul> before </div>
Flavors: r-devel-linux-x86_64-debian-clang, r-devel-linux-x86_64-debian-gcc