CRAN Package Check Results for Package blockcluster

Last updated on 2025-10-22 09:50:28 CEST.

Flavor Version Tinstall Tcheck Ttotal Status Flags
r-devel-linux-x86_64-debian-clang 4.5.5 307.20 56.09 363.29 NOTE
r-devel-linux-x86_64-debian-gcc 4.5.5 244.02 42.76 286.78 NOTE
r-devel-linux-x86_64-fedora-clang 4.5.5 1500.00 -776.81 723.19 OK
r-devel-linux-x86_64-fedora-gcc 4.5.5 900.00 -119.46 780.54 OK
r-devel-windows-x86_64 4.5.5 338.00 117.00 455.00 OK
r-patched-linux-x86_64 4.5.5 348.45 53.28 401.73 OK
r-release-linux-x86_64 4.5.5 354.38 53.77 408.15 OK
r-release-macos-arm64 4.5.5 130.00 51.00 181.00 OK
r-release-macos-x86_64 4.5.5 84.00 75.00 159.00 OK
r-release-windows-x86_64 4.5.5 343.00 126.00 469.00 OK
r-oldrel-macos-arm64 4.5.5 124.00 37.00 161.00 NOTE
r-oldrel-macos-x86_64 4.5.5 79.00 60.00 139.00 NOTE
r-oldrel-windows-x86_64 4.5.5 422.00 141.00 563.00 NOTE

Check Details

Version: 4.5.5
Check: HTML version of manual
Result: NOTE Found the following HTML validation problems: getter-methods.html:74:1 (getter-methods.Rd:29): Warning: missing </ul> before </div> plot-methods.html:71:1 (plot-methods.Rd:31): Warning: missing </ul> before </div> summary-methods.html:67:1 (summary-methods.Rd:28): Warning: missing </ul> before </div> Flavors: r-devel-linux-x86_64-debian-clang, r-devel-linux-x86_64-debian-gcc

Version: 4.5.5
Check: installed package size
Result: NOTE installed size is 33.9Mb sub-directories of 1Mb or more: libs 32.6Mb Flavors: r-oldrel-macos-arm64, r-oldrel-macos-x86_64

Version: 4.5.5
Check: for GNU extensions in Makefiles
Result: NOTE GNU make is a SystemRequirements. Flavors: r-oldrel-macos-arm64, r-oldrel-macos-x86_64, r-oldrel-windows-x86_64