Last updated on 2025-10-21 09:48:26 CEST.
Flavor | Version | Tinstall | Tcheck | Ttotal | Status | Flags |
---|---|---|---|---|---|---|
r-devel-linux-x86_64-debian-clang | 0.3.6 | 4.50 | 45.01 | 49.51 | OK | |
r-devel-linux-x86_64-debian-gcc | 0.3.6 | 2.84 | 34.00 | 36.84 | NOTE | |
r-devel-linux-x86_64-fedora-clang | 0.3.6 | 77.77 | OK | |||
r-devel-linux-x86_64-fedora-gcc | 0.3.6 | 68.89 | OK | |||
r-devel-windows-x86_64 | 0.3.6 | 9.00 | 65.00 | 74.00 | OK | |
r-patched-linux-x86_64 | 0.3.6 | 4.91 | 42.51 | 47.42 | OK | |
r-release-linux-x86_64 | 0.3.6 | 3.12 | 42.11 | 45.23 | OK | |
r-release-macos-arm64 | 0.3.6 | 23.00 | OK | |||
r-release-macos-x86_64 | 0.3.6 | 42.00 | OK | |||
r-release-windows-x86_64 | 0.3.6 | 9.00 | 67.00 | 76.00 | OK | |
r-oldrel-macos-arm64 | 0.3.6 | 29.00 | OK | |||
r-oldrel-macos-x86_64 | 0.3.6 | 44.00 | OK | |||
r-oldrel-windows-x86_64 | 0.3.6 | 10.00 | 79.00 | 89.00 | OK |
Version: 0.3.6
Check: HTML version of manual
Result: NOTE
Found the following HTML validation problems:
blastula_email.html:160:1 (blastula_email.Rd:90): Warning: missing </ul> before </div>
print.blastula_message.html:47:1 (print.blastula_message.Rd:10): Warning: missing </ul> before </div>
render_email.html:92:1 (render_email.Rd:43): Warning: missing </ul> before </div>
Flavor: r-devel-linux-x86_64-debian-gcc