CRAN Package Check Results for Package bit

Last updated on 2025-10-22 09:50:28 CEST.

Flavor Version Tinstall Tcheck Ttotal Status Flags
r-devel-linux-x86_64-debian-clang 4.6.0 12.49 238.35 250.84 NOTE
r-devel-linux-x86_64-debian-gcc 4.6.0 8.98 173.78 182.76 NOTE
r-devel-linux-x86_64-fedora-clang 4.6.0 58.00 328.47 386.47 OK
r-devel-linux-x86_64-fedora-gcc 4.6.0 30.00 363.68 393.68 OK
r-devel-windows-x86_64 4.6.0 18.00 275.00 293.00 OK
r-patched-linux-x86_64 4.6.0 12.32 232.84 245.16 OK
r-release-linux-x86_64 4.6.0 10.31 228.84 239.15 OK
r-release-macos-arm64 4.6.0 7.00 121.00 128.00 OK
r-release-macos-x86_64 4.6.0 15.00 278.00 293.00 OK
r-release-windows-x86_64 4.6.0 21.00 278.00 299.00 OK
r-oldrel-macos-arm64 4.6.0 7.00 137.00 144.00 OK
r-oldrel-macos-x86_64 4.6.0 14.00 282.00 296.00 OK
r-oldrel-windows-x86_64 4.6.0 18.00 343.00 361.00 OK

Check Details

Version: 4.6.0
Check: HTML version of manual
Result: NOTE Found the following HTML validation problems: print.bitwhich.html:51:1 (print.bitwhich.Rd:12): Warning: missing </ul> before </div> Flavors: r-devel-linux-x86_64-debian-clang, r-devel-linux-x86_64-debian-gcc