CRAN Package Check Results for Package benford.analysis

Last updated on 2025-11-20 11:51:04 CET.

Flavor Version Tinstall Tcheck Ttotal Status Flags
r-devel-linux-x86_64-debian-clang 0.1.5 2.86 51.49 54.35 NOTE
r-devel-linux-x86_64-debian-gcc 0.1.5 2.19 42.20 44.39 NOTE
r-devel-linux-x86_64-fedora-clang 0.1.5 70.50 OK
r-devel-linux-x86_64-fedora-gcc 0.1.5 65.04 OK
r-devel-windows-x86_64 0.1.5 5.00 62.00 67.00 OK
r-patched-linux-x86_64 0.1.5 2.79 43.93 46.72 OK
r-release-linux-x86_64 0.1.5 2.40 42.81 45.21 OK
r-release-macos-arm64 0.1.5 OK
r-release-macos-x86_64 0.1.5 4.00 61.00 65.00 OK
r-release-windows-x86_64 0.1.5 5.00 62.00 67.00 OK
r-oldrel-macos-arm64 0.1.5 OK
r-oldrel-macos-x86_64 0.1.5 3.00 53.00 56.00 OK
r-oldrel-windows-x86_64 0.1.5 5.00 70.00 75.00 OK

Check Details

Version: 0.1.5
Check: CRAN incoming feasibility
Result: NOTE Maintainer: ‘Carlos Cinelli <carloscinelli@hotmail.com>’ No Authors@R field in DESCRIPTION. Please add one, modifying Authors@R: person(given = "Carlos", family = "Cinelli", role = c("aut", "cre"), email = "carloscinelli@hotmail.com") as necessary. Flavors: r-devel-linux-x86_64-debian-clang, r-devel-linux-x86_64-debian-gcc