Last updated on 2025-10-30 09:49:44 CET.
| Flavor | Version | Tinstall | Tcheck | Ttotal | Status | Flags | 
|---|---|---|---|---|---|---|
| r-devel-linux-x86_64-debian-clang | 0.2.5 | 13.53 | 38.16 | 51.69 | ERROR | |
| r-devel-linux-x86_64-debian-gcc | 0.2.5 | 8.45 | 30.01 | 38.46 | ERROR | |
| r-devel-linux-x86_64-fedora-clang | 0.2.5 | 73.00 | 20.17 | 93.17 | ERROR | |
| r-devel-linux-x86_64-fedora-gcc | 0.2.5 | 32.00 | 45.49 | 77.49 | ERROR | |
| r-devel-windows-x86_64 | 0.2.5 | 16.00 | 71.00 | 87.00 | ERROR | |
| r-patched-linux-x86_64 | 0.2.5 | 13.57 | 35.44 | 49.01 | ERROR | |
| r-release-linux-x86_64 | 0.2.5 | 13.02 | 34.78 | 47.80 | ERROR | |
| r-release-macos-arm64 | 0.2.5 | 6.00 | 21.00 | 27.00 | NOTE | |
| r-release-macos-x86_64 | 0.2.5 | 14.00 | 53.00 | 67.00 | NOTE | |
| r-release-windows-x86_64 | 0.2.5 | 17.00 | 73.00 | 90.00 | ERROR | |
| r-oldrel-macos-arm64 | 0.2.5 | 6.00 | 24.00 | 30.00 | NOTE | |
| r-oldrel-macos-x86_64 | 0.2.5 | 13.00 | 44.00 | 57.00 | NOTE | |
| r-oldrel-windows-x86_64 | 0.2.5 | 21.00 | 89.00 | 110.00 | ERROR | 
Version: 0.2.5
Check: C++ specification
Result: NOTE
    Specified C++11: please drop specification unless essential
Flavors: r-devel-linux-x86_64-debian-clang, r-devel-linux-x86_64-debian-gcc, r-devel-linux-x86_64-fedora-clang, r-devel-linux-x86_64-fedora-gcc, r-devel-windows-x86_64, r-patched-linux-x86_64, r-release-linux-x86_64, r-release-macos-arm64, r-release-macos-x86_64, r-release-windows-x86_64, r-oldrel-macos-arm64, r-oldrel-macos-x86_64, r-oldrel-windows-x86_64
Version: 0.2.5
Check: tests
Result: ERROR
    Running ‘tinytest.R’ [4s/7s]
  Running the tests in ‘tests/tinytest.R’ failed.
  Complete output:
    > if (requireNamespace("tinytest", quietly = TRUE)) {
    +   tinytest::test_package("benchr")
    + }
    
    test-benchmark.R..............    0 tests    0%   10   20   30   40   50   60   70   80   90   100%
    [----|----|----|----|----|----|----|----|----|----|
    **************************************************|
    
    test-benchmark.R..............    0 tests    
    test-benchmark.R..............    1 tests <1b>[0;32mOK<1b>[0m 
    test-benchmark.R..............    2 tests <1b>[0;32mOK<1b>[0m 
    test-benchmark.R..............    3 tests <1b>[0;32mOK<1b>[0m 
    test-benchmark.R..............    4 tests <1b>[0;32mOK<1b>[0m 
    test-benchmark.R..............    5 tests <1b>[0;32mOK<1b>[0m 
    test-benchmark.R..............    6 tests <1b>[0;32mOK<1b>[0m 
    test-benchmark.R..............    7 tests <1b>[0;32mOK<1b>[0m 
    test-benchmark.R..............    8 tests <1b>[0;32mOK<1b>[0m 
    test-benchmark.R..............    9 tests <1b>[0;32mOK<1b>[0m 
    test-benchmark.R..............   10 tests <1b>[0;32mOK<1b>[0m 
    test-benchmark.R..............   11 tests <1b>[0;32mOK<1b>[0m 
    test-benchmark.R..............   12 tests <1b>[0;32mOK<1b>[0m 
    test-benchmark.R..............   13 tests <1b>[0;32mOK<1b>[0m 
    test-benchmark.R..............   14 tests <1b>[0;32mOK<1b>[0m 
    test-benchmark.R..............   15 tests <1b>[0;32mOK<1b>[0m 
    test-benchmark.R..............   16 tests <1b>[0;32mOK<1b>[0m 
    test-benchmark.R..............   17 tests <1b>[0;32mOK<1b>[0m 
    test-benchmark.R..............   18 tests <1b>[0;32mOK<1b>[0m 
    test-benchmark.R..............   19 tests <1b>[0;32mOK<1b>[0m 
    test-benchmark.R..............   20 tests <1b>[0;32mOK<1b>[0m 
    test-benchmark.R..............   21 tests <1b>[0;32mOK<1b>[0m 0%   10   20   30   40   50   60   70   80   90   100%
    [----|----|----|----|----|----|----|----|----|----|
    **************************************************|
    
    test-benchmark.R..............   21 tests <1b>[0;32mOK<1b>[0m 
    test-benchmark.R..............   22 tests <1b>[0;32mOK<1b>[0m 
    test-benchmark.R..............   23 tests <1b>[0;32mOK<1b>[0m 0%   10   20   30   40   50   60   70   80   90   100%
    [----|----|----|----|----|----|----|----|----|----|
    **************************************************|
    
    test-benchmark.R..............   23 tests <1b>[0;32mOK<1b>[0m 
    test-benchmark.R..............   24 tests <1b>[0;32mOK<1b>[0m 
    test-benchmark.R..............   25 tests <1b>[0;32mOK<1b>[0m 0%   10   20   30   40   50   60   70   80   90   100%
    [----|----|----|----|----|----|----|----|----|----|
    **************************************************|
    
    test-benchmark.R..............   25 tests <1b>[0;32mOK<1b>[0m 
    test-benchmark.R..............   26 tests <1b>[0;32mOK<1b>[0m 
    test-benchmark.R..............   27 tests <1b>[0;32mOK<1b>[0m 0%   10   20   30   40   50   60   70   80   90   100%
    [----|----|----|----|----|----|----|----|----|----|
    **************************************************|
    
    test-benchmark.R..............   27 tests <1b>[0;32mOK<1b>[0m 
    test-benchmark.R..............   28 tests <1b>[0;32mOK<1b>[0m 
    test-benchmark.R..............   29 tests <1b>[0;32mOK<1b>[0m 
    test-benchmark.R..............   30 tests <1b>[0;32mOK<1b>[0m <1b>[0;34m0.7s<1b>[0m
    
    test-dots.R...................    0 tests    
    test-dots.R...................    1 tests <1b>[0;32mOK<1b>[0m 
    test-dots.R...................    2 tests <1b>[0;32mOK<1b>[0m 
    test-dots.R...................    3 tests <1b>[0;32mOK<1b>[0m 
    test-dots.R...................    4 tests <1b>[0;32mOK<1b>[0m 
    test-dots.R...................    5 tests <1b>[0;32mOK<1b>[0m 
    test-dots.R...................    6 tests <1b>[0;32mOK<1b>[0m 
    test-dots.R...................    7 tests <1b>[0;32mOK<1b>[0m 
    test-dots.R...................    8 tests <1b>[0;32mOK<1b>[0m 
    test-dots.R...................    9 tests <1b>[0;32mOK<1b>[0m 
    test-dots.R...................   10 tests <1b>[0;32mOK<1b>[0m 
    test-dots.R...................   11 tests <1b>[0;32mOK<1b>[0m 
    test-dots.R...................   12 tests <1b>[0;32mOK<1b>[0m <1b>[0;36m13ms<1b>[0m
    
    test-format.R.................    0 tests    0%   10   20   30   40   50   60   70   80   90   100%
    [----|----|----|----|----|----|----|----|----|----|
    **************************************************|
    
    test-format.R.................    0 tests    
    test-format.R.................    0 tests    
    test-format.R.................    0 tests    
    test-format.R.................    1 tests <1b>[0;32mOK<1b>[0m 
    test-format.R.................    2 tests <1b>[0;32mOK<1b>[0m 
    test-format.R.................    3 tests <1b>[0;32mOK<1b>[0m <1b>[0;36m83ms<1b>[0m
    
    test-mean.R...................    0 tests    0%   10   20   30   40   50   60   70   80   90   100%
    [----|----|----|----|----|----|----|----|----|----|
    **************************************************|
    
    test-mean.R...................    0 tests    
    test-mean.R...................    0 tests    
    test-mean.R...................    1 tests <1b>[0;32mOK<1b>[0m 
    test-mean.R...................    2 tests <1b>[0;32mOK<1b>[0m 
    test-mean.R...................    3 tests <1b>[0;32mOK<1b>[0m 
    test-mean.R...................    4 tests <1b>[0;32mOK<1b>[0m 
    test-mean.R...................    5 tests <1b>[0;32mOK<1b>[0m 
    test-mean.R...................    6 tests <1b>[0;32mOK<1b>[0m 
    test-mean.R...................    7 tests <1b>[0;32mOK<1b>[0m 
    test-mean.R...................    8 tests <1b>[0;32mOK<1b>[0m 
    test-mean.R...................    9 tests <1b>[0;32mOK<1b>[0m 
    test-mean.R...................   10 tests <1b>[0;32mOK<1b>[0m 0%   10   20   30   40   50   60   70   80   90   100%
    [----|----|----|----|----|----|----|----|----|----|
    **************************************************|
    
    test-mean.R...................   11 tests <1b>[0;32mOK<1b>[0m 
    test-mean.R...................   12 tests <1b>[0;32mOK<1b>[0m 
    test-mean.R...................   12 tests <1b>[0;32mOK<1b>[0m 
    test-mean.R...................   13 tests <1b>[0;32mOK<1b>[0m 
    test-mean.R...................   13 tests <1b>[0;32mOK<1b>[0m 
    test-mean.R...................   14 tests <1b>[0;32mOK<1b>[0m 
    test-mean.R...................   14 tests <1b>[0;32mOK<1b>[0m 
    test-mean.R...................   15 tests <1b>[0;32mOK<1b>[0m 
    test-mean.R...................   16 tests <1b>[0;32mOK<1b>[0m 
    test-mean.R...................   16 tests <1b>[0;32mOK<1b>[0m 
    test-mean.R...................   17 tests <1b>[0;32mOK<1b>[0m 
    test-mean.R...................   18 tests <1b>[0;32mOK<1b>[0m 0%   10   20   30   40   50   60   70   80   90   100%
    [----|----|----|----|----|----|----|----|----|----|
    **************************************************|
    
    test-mean.R...................   18 tests <1b>[0;32mOK<1b>[0m 
    test-mean.R...................   19 tests <1b>[0;32mOK<1b>[0m 
    test-mean.R...................   20 tests <1b>[0;32mOK<1b>[0m 
    test-mean.R...................   21 tests <1b>[0;32mOK<1b>[0m 
    test-mean.R...................   22 tests <1b>[0;32mOK<1b>[0m 0%   10   20   30   40   50   60   70   80   90   100%
    [----|----|----|----|----|----|----|----|----|----|
    **************************************************|
    
    test-mean.R...................   22 tests <1b>[0;32mOK<1b>[0m 
    test-mean.R...................   23 tests <1b>[0;32mOK<1b>[0m 
    test-mean.R...................   24 tests <1b>[0;32mOK<1b>[0m <1b>[0;34m0.5s<1b>[0m
    
    test-order.R..................    0 tests    
    test-order.R..................    0 tests    
    test-order.R..................    0 tests    
    test-order.R..................    0 tests    
    test-order.R..................    0 tests    
    test-order.R..................    0 tests    
    test-order.R..................    0 tests    
    test-order.R..................    0 tests    
    test-order.R..................    0 tests    
    test-order.R..................    1 tests <1b>[0;32mOK<1b>[0m 
    test-order.R..................    2 tests <1b>[0;32mOK<1b>[0m 
    test-order.R..................    3 tests <1b>[0;32mOK<1b>[0m 
    test-order.R..................    4 tests <1b>[0;32mOK<1b>[0m 
    test-order.R..................    5 tests <1b>[0;32mOK<1b>[0m 
    test-order.R..................    6 tests <1b>[0;32mOK<1b>[0m 
    test-order.R..................    7 tests <1b>[0;32mOK<1b>[0m 
    test-order.R..................    8 tests <1b>[0;32mOK<1b>[0m 
    test-order.R..................    9 tests <1b>[0;32mOK<1b>[0m 
    test-order.R..................   10 tests <1b>[0;32mOK<1b>[0m 
    test-order.R..................   11 tests <1b>[0;32mOK<1b>[0m <1b>[0;36m12ms<1b>[0m
    
    test-plot.R...................    0 tests    
    test-plot.R...................    0 tests    
    test-plot.R...................    0 tests    0%   10   20   30   40   50   60   70   80   90   100%
    [----|----|----|----|----|----|----|----|----|----|
    **************************************************|
    
    test-plot.R...................    0 tests    
    test-plot.R...................    0 tests    
    test-plot.R...................    1 tests <1b>[0;31m1 fails<1b>[0m 
    test-plot.R...................    2 tests <1b>[0;31m1 fails<1b>[0m 
    test-plot.R...................    3 tests <1b>[0;31m2 fails<1b>[0m 
    test-plot.R...................    4 tests <1b>[0;31m2 fails<1b>[0m 
    test-plot.R...................    5 tests <1b>[0;31m2 fails<1b>[0m 
    test-plot.R...................    5 tests <1b>[0;31m2 fails<1b>[0m 
    test-plot.R...................    6 tests <1b>[0;31m2 fails<1b>[0m 
    test-plot.R...................    7 tests <1b>[0;31m2 fails<1b>[0m 
    test-plot.R...................    7 tests <1b>[0;31m2 fails<1b>[0m 
    test-plot.R...................    8 tests <1b>[0;31m3 fails<1b>[0m 
    test-plot.R...................    9 tests <1b>[0;31m3 fails<1b>[0m 
    test-plot.R...................   10 tests <1b>[0;31m4 fails<1b>[0m 
    test-plot.R...................   11 tests <1b>[0;31m4 fails<1b>[0m 
    test-plot.R...................   12 tests <1b>[0;31m4 fails<1b>[0m 
    test-plot.R...................   12 tests <1b>[0;31m4 fails<1b>[0m 
    test-plot.R...................   13 tests <1b>[0;31m4 fails<1b>[0m 
    test-plot.R...................   14 tests <1b>[0;31m4 fails<1b>[0m 
    test-plot.R...................   14 tests <1b>[0;31m4 fails<1b>[0m 
    test-plot.R...................   15 tests <1b>[0;31m5 fails<1b>[0m 
    test-plot.R...................   16 tests <1b>[0;31m5 fails<1b>[0m 
    test-plot.R...................   17 tests <1b>[0;31m6 fails<1b>[0m 
    test-plot.R...................   18 tests <1b>[0;31m6 fails<1b>[0m 
    test-plot.R...................   19 tests <1b>[0;31m6 fails<1b>[0m 
    test-plot.R...................   19 tests <1b>[0;31m6 fails<1b>[0m 
    test-plot.R...................   20 tests <1b>[0;31m6 fails<1b>[0m 
    test-plot.R...................   21 tests <1b>[0;31m6 fails<1b>[0m 
    test-plot.R...................   21 tests <1b>[0;31m6 fails<1b>[0m 
    test-plot.R...................   22 tests <1b>[0;31m7 fails<1b>[0m 
    test-plot.R...................   23 tests <1b>[0;31m7 fails<1b>[0m 
    test-plot.R...................   24 tests <1b>[0;31m7 fails<1b>[0m 
    test-plot.R...................   25 tests <1b>[0;31m8 fails<1b>[0m 
    test-plot.R...................   26 tests <1b>[0;31m8 fails<1b>[0m 
    test-plot.R...................   27 tests <1b>[0;31m8 fails<1b>[0m 
    test-plot.R...................   28 tests <1b>[0;31m8 fails<1b>[0m 
    test-plot.R...................   28 tests <1b>[0;31m8 fails<1b>[0m 
    test-plot.R...................   29 tests <1b>[0;31m8 fails<1b>[0m 
    test-plot.R...................   30 tests <1b>[0;31m8 fails<1b>[0m 
    test-plot.R...................   30 tests <1b>[0;31m8 fails<1b>[0m 
    test-plot.R...................   31 tests <1b>[0;31m9 fails<1b>[0m 
    test-plot.R...................   32 tests <1b>[0;31m9 fails<1b>[0m 
    test-plot.R...................   33 tests <1b>[0;31m9 fails<1b>[0m 
    test-plot.R...................   34 tests <1b>[0;31m10 fails<1b>[0m 
    test-plot.R...................   35 tests <1b>[0;31m10 fails<1b>[0m 
    test-plot.R...................   36 tests <1b>[0;31m10 fails<1b>[0m 
    test-plot.R...................   37 tests <1b>[0;31m10 fails<1b>[0m 
    test-plot.R...................   37 tests <1b>[0;31m10 fails<1b>[0m 
    test-plot.R...................   38 tests <1b>[0;31m10 fails<1b>[0m 
    test-plot.R...................   39 tests <1b>[0;31m10 fails<1b>[0m <1b>[0;34m2.6s<1b>[0m
    
    test-print.R..................    0 tests    0%   10   20   30   40   50   60   70   80   90   100%
    [----|----|----|----|----|----|----|----|----|----|
    **************************************************|
    
    test-print.R..................    0 tests    
    test-print.R..................    0 tests    
    test-print.R..................    0 tests    
    test-print.R..................    0 tests    Benchmark summary:
    Time units : nanoseconds 
      expr n.eval min lw.qu median mean up.qu  max total relative
     1 + 1    100 151   307    412  423   476 2250 42300     1.07
       One    100 153   269    384  384   508  916 38400     1.00
    
    test-print.R..................    1 tests <1b>[0;32mOK<1b>[0m Time units : nanoseconds 
      expr n.eval min lw.qu median mean up.qu  max total relative
     1 + 1    100 151   307    412  423   476 2250 42300     1.07
       One    100 153   269    384  384   508  916 38400     1.00
    
    test-print.R..................    2 tests <1b>[0;32mOK<1b>[0m Time units : nanoseconds 
      expr n.eval mean trimmed lw.ci up.ci relative
     1 + 1    100  423     399   151  2250      1.1
       One    100  384     378   153   916      1.0
    
    test-print.R..................    3 tests <1b>[0;32mOK<1b>[0m 
    test-print.R..................    4 tests <1b>[0;32mOK<1b>[0m 
    test-print.R..................    5 tests <1b>[0;32mOK<1b>[0m 
    test-print.R..................    6 tests <1b>[0;32mOK<1b>[0m 
    test-print.R..................    7 tests <1b>[0;32mOK<1b>[0m 
    test-print.R..................    8 tests <1b>[0;32mOK<1b>[0m 
    test-print.R..................    9 tests <1b>[0;32mOK<1b>[0m 
    test-print.R..................   10 tests <1b>[0;32mOK<1b>[0m 
    test-print.R..................   11 tests <1b>[0;32mOK<1b>[0m 
    test-print.R..................   12 tests <1b>[0;32mOK<1b>[0m 
    test-print.R..................   13 tests <1b>[0;32mOK<1b>[0m 
    test-print.R..................   14 tests <1b>[0;32mOK<1b>[0m 
    test-print.R..................   15 tests <1b>[0;32mOK<1b>[0m 
    test-print.R..................   16 tests <1b>[0;32mOK<1b>[0m 
    test-print.R..................   17 tests <1b>[0;32mOK<1b>[0m 
    test-print.R..................   18 tests <1b>[0;32mOK<1b>[0m 
    test-print.R..................   19 tests <1b>[0;32mOK<1b>[0m 
    test-print.R..................   20 tests <1b>[0;32mOK<1b>[0m 
    test-print.R..................   21 tests <1b>[0;32mOK<1b>[0m 
    test-print.R..................   22 tests <1b>[0;32mOK<1b>[0m 
    test-print.R..................   23 tests <1b>[0;32mOK<1b>[0m 
    test-print.R..................   24 tests <1b>[0;32mOK<1b>[0m 
    test-print.R..................   25 tests <1b>[0;32mOK<1b>[0m <1b>[0;34m0.5s<1b>[0m
    
    test-summary.R................    0 tests    0%   10   20   30   40   50   60   70   80   90   100%
    [----|----|----|----|----|----|----|----|----|----|
    **************************************************|
    
    test-summary.R................    0 tests    
    test-summary.R................    0 tests    
    test-summary.R................    1 tests <1b>[0;32mOK<1b>[0m 
    test-summary.R................    2 tests <1b>[0;32mOK<1b>[0m 
    test-summary.R................    3 tests <1b>[0;32mOK<1b>[0m 
    test-summary.R................    4 tests <1b>[0;32mOK<1b>[0m 
    test-summary.R................    5 tests <1b>[0;32mOK<1b>[0m 
    test-summary.R................    6 tests <1b>[0;32mOK<1b>[0m 
    test-summary.R................    6 tests <1b>[0;32mOK<1b>[0m 
    test-summary.R................    7 tests <1b>[0;32mOK<1b>[0m 
    test-summary.R................    8 tests <1b>[0;32mOK<1b>[0m 
    test-summary.R................    9 tests <1b>[0;32mOK<1b>[0m 
    test-summary.R................   10 tests <1b>[0;32mOK<1b>[0m 
    test-summary.R................   11 tests <1b>[0;32mOK<1b>[0m 
    test-summary.R................   12 tests <1b>[0;32mOK<1b>[0m 
    test-summary.R................   13 tests <1b>[0;32mOK<1b>[0m 
    test-summary.R................   14 tests <1b>[0;32mOK<1b>[0m 
    test-summary.R................   15 tests <1b>[0;32mOK<1b>[0m 
    test-summary.R................   16 tests <1b>[0;32mOK<1b>[0m 
    test-summary.R................   17 tests <1b>[0;32mOK<1b>[0m 0%   10   20   30   40   50   60   70   80   90   100%
    [----|----|----|----|----|----|----|----|----|----|
    **************************************************|
    
    test-summary.R................   18 tests <1b>[0;32mOK<1b>[0m 
    test-summary.R................   19 tests <1b>[0;32mOK<1b>[0m 
    test-summary.R................   19 tests <1b>[0;32mOK<1b>[0m 
    test-summary.R................   20 tests <1b>[0;32mOK<1b>[0m 
    test-summary.R................   20 tests <1b>[0;32mOK<1b>[0m 
    test-summary.R................   21 tests <1b>[0;32mOK<1b>[0m 
    test-summary.R................   22 tests <1b>[0;32mOK<1b>[0m <1b>[0;34m0.5s<1b>[0m
    
    test-timer.R..................    0 tests    
    test-timer.R..................    0 tests    
    test-timer.R..................    0 tests    
    test-timer.R..................    1 tests <1b>[0;32mOK<1b>[0m 
    test-timer.R..................    2 tests <1b>[0;32mOK<1b>[0m 
    test-timer.R..................    3 tests <1b>[0;32mOK<1b>[0m 
    test-timer.R..................    4 tests <1b>[0;32mOK<1b>[0m 
    test-timer.R..................    5 tests <1b>[0;32mOK<1b>[0m 
    test-timer.R..................    6 tests <1b>[0;32mOK<1b>[0m 
    test-timer.R..................   10 tests <1b>[0;32mOK<1b>[0m <1b>[0;34m0.7s<1b>[0m
    ----- FAILED[data]: test-plot.R<9--9>
     call| expect_equal(class(bp), c("gg", "ggplot"))
     diff| Lengths (2, 5) differ (string compare on first 2)
     diff| 1 string mismatch
    ----- FAILED[attr]: test-plot.R<11--11>
     call| expect_equal(bp$labels, list(x = "expr", y = "time"))
     diff| Attributes: < names for current but not for target >
     diff| Attributes: < Length mismatch: comparison on first 0 components >
    ----- FAILED[data]: test-plot.R<21--21>
     call| expect_equal(class(bph), c("gg", "ggplot"))
     diff| Lengths (2, 5) differ (string compare on first 2)
     diff| 1 string mismatch
    ----- FAILED[attr]: test-plot.R<23--23>
     call| expect_equal(bph$labels, list(x = "expr", y = "time"))
     diff| Attributes: < names for current but not for target >
     diff| Attributes: < Length mismatch: comparison on first 0 components >
    ----- FAILED[data]: test-plot.R<33--33>
     call| expect_equal(class(bpv), c("gg", "ggplot"))
     diff| Lengths (2, 5) differ (string compare on first 2)
     diff| 1 string mismatch
    ----- FAILED[attr]: test-plot.R<35--35>
     call| expect_equal(bpv$labels, list(x = "expr", y = "time"))
     diff| Attributes: < names for current but not for target >
     diff| Attributes: < Length mismatch: comparison on first 0 components >
    ----- FAILED[data]: test-plot.R<45--45>
     call| expect_equal(class(pp), c("gg", "ggplot"))
     diff| Lengths (2, 5) differ (string compare on first 2)
     diff| 1 string mismatch
    ----- FAILED[attr]: test-plot.R<48--48>
     call| expect_equal(pp$labels, list(x = "replications", y = "time", 
     call| -->    colour = NULL))
     diff| Attributes: < names for current but not for target >
     diff| Attributes: < Length mismatch: comparison on first 0 components >
    ----- FAILED[data]: test-plot.R<59--59>
     call| expect_equal(class(pp2), c("gg", "ggplot"))
     diff| Lengths (2, 5) differ (string compare on first 2)
     diff| 1 string mismatch
    ----- FAILED[attr]: test-plot.R<62--62>
     call| expect_equal(pp2$labels, list(x = "replications", y = "time", 
     call| -->    colour = NULL))
     diff| Attributes: < names for current but not for target >
     diff| Attributes: < Length mismatch: comparison on first 0 components >
    Error: 10 out of 176 tests failed
    Execution halted
Flavor: r-devel-linux-x86_64-debian-clang
Version: 0.2.5
Check: tests
Result: ERROR
    Running ‘tinytest.R’ [3s/5s]
  Running the tests in ‘tests/tinytest.R’ failed.
  Complete output:
    > if (requireNamespace("tinytest", quietly = TRUE)) {
    +   tinytest::test_package("benchr")
    + }
    
    test-benchmark.R..............    0 tests    0%   10   20   30   40   50   60   70   80   90   100%
    [----|----|----|----|----|----|----|----|----|----|
    **************************************************|
    
    test-benchmark.R..............    0 tests    
    test-benchmark.R..............    1 tests <1b>[0;32mOK<1b>[0m 
    test-benchmark.R..............    2 tests <1b>[0;32mOK<1b>[0m 
    test-benchmark.R..............    3 tests <1b>[0;32mOK<1b>[0m 
    test-benchmark.R..............    4 tests <1b>[0;32mOK<1b>[0m 
    test-benchmark.R..............    5 tests <1b>[0;32mOK<1b>[0m 
    test-benchmark.R..............    6 tests <1b>[0;32mOK<1b>[0m 
    test-benchmark.R..............    7 tests <1b>[0;32mOK<1b>[0m 
    test-benchmark.R..............    8 tests <1b>[0;32mOK<1b>[0m 
    test-benchmark.R..............    9 tests <1b>[0;32mOK<1b>[0m 
    test-benchmark.R..............   10 tests <1b>[0;32mOK<1b>[0m 
    test-benchmark.R..............   11 tests <1b>[0;32mOK<1b>[0m 
    test-benchmark.R..............   12 tests <1b>[0;32mOK<1b>[0m 
    test-benchmark.R..............   13 tests <1b>[0;32mOK<1b>[0m 
    test-benchmark.R..............   14 tests <1b>[0;32mOK<1b>[0m 
    test-benchmark.R..............   15 tests <1b>[0;32mOK<1b>[0m 
    test-benchmark.R..............   16 tests <1b>[0;32mOK<1b>[0m 
    test-benchmark.R..............   17 tests <1b>[0;32mOK<1b>[0m 
    test-benchmark.R..............   18 tests <1b>[0;32mOK<1b>[0m 
    test-benchmark.R..............   19 tests <1b>[0;32mOK<1b>[0m 
    test-benchmark.R..............   20 tests <1b>[0;32mOK<1b>[0m 
    test-benchmark.R..............   21 tests <1b>[0;32mOK<1b>[0m 0%   10   20   30   40   50   60   70   80   90   100%
    [----|----|----|----|----|----|----|----|----|----|
    **************************************************|
    
    test-benchmark.R..............   21 tests <1b>[0;32mOK<1b>[0m 
    test-benchmark.R..............   22 tests <1b>[0;32mOK<1b>[0m 
    test-benchmark.R..............   23 tests <1b>[0;32mOK<1b>[0m 0%   10   20   30   40   50   60   70   80   90   100%
    [----|----|----|----|----|----|----|----|----|----|
    **************************************************|
    
    test-benchmark.R..............   23 tests <1b>[0;32mOK<1b>[0m 
    test-benchmark.R..............   24 tests <1b>[0;32mOK<1b>[0m 
    test-benchmark.R..............   25 tests <1b>[0;32mOK<1b>[0m 0%   10   20   30   40   50   60   70   80   90   100%
    [----|----|----|----|----|----|----|----|----|----|
    **************************************************|
    
    test-benchmark.R..............   25 tests <1b>[0;32mOK<1b>[0m 
    test-benchmark.R..............   26 tests <1b>[0;32mOK<1b>[0m 
    test-benchmark.R..............   27 tests <1b>[0;32mOK<1b>[0m 0%   10   20   30   40   50   60   70   80   90   100%
    [----|----|----|----|----|----|----|----|----|----|
    **************************************************|
    
    test-benchmark.R..............   27 tests <1b>[0;32mOK<1b>[0m 
    test-benchmark.R..............   28 tests <1b>[0;32mOK<1b>[0m 
    test-benchmark.R..............   29 tests <1b>[0;32mOK<1b>[0m 
    test-benchmark.R..............   30 tests <1b>[0;32mOK<1b>[0m <1b>[0;34m0.5s<1b>[0m
    
    test-dots.R...................    0 tests    
    test-dots.R...................    1 tests <1b>[0;32mOK<1b>[0m 
    test-dots.R...................    2 tests <1b>[0;32mOK<1b>[0m 
    test-dots.R...................    3 tests <1b>[0;32mOK<1b>[0m 
    test-dots.R...................    4 tests <1b>[0;32mOK<1b>[0m 
    test-dots.R...................    5 tests <1b>[0;32mOK<1b>[0m 
    test-dots.R...................    6 tests <1b>[0;32mOK<1b>[0m 
    test-dots.R...................    7 tests <1b>[0;32mOK<1b>[0m 
    test-dots.R...................    8 tests <1b>[0;32mOK<1b>[0m 
    test-dots.R...................    9 tests <1b>[0;32mOK<1b>[0m 
    test-dots.R...................   10 tests <1b>[0;32mOK<1b>[0m 
    test-dots.R...................   11 tests <1b>[0;32mOK<1b>[0m 
    test-dots.R...................   12 tests <1b>[0;32mOK<1b>[0m <1b>[0;36m5ms<1b>[0m
    
    test-format.R.................    0 tests    0%   10   20   30   40   50   60   70   80   90   100%
    [----|----|----|----|----|----|----|----|----|----|
    **************************************************|
    
    test-format.R.................    0 tests    
    test-format.R.................    0 tests    
    test-format.R.................    0 tests    
    test-format.R.................    1 tests <1b>[0;32mOK<1b>[0m 
    test-format.R.................    2 tests <1b>[0;32mOK<1b>[0m 
    test-format.R.................    3 tests <1b>[0;32mOK<1b>[0m <1b>[0;36m72ms<1b>[0m
    
    test-mean.R...................    0 tests    0%   10   20   30   40   50   60   70   80   90   100%
    [----|----|----|----|----|----|----|----|----|----|
    **************************************************|
    
    test-mean.R...................    0 tests    
    test-mean.R...................    0 tests    
    test-mean.R...................    1 tests <1b>[0;32mOK<1b>[0m 
    test-mean.R...................    2 tests <1b>[0;32mOK<1b>[0m 
    test-mean.R...................    3 tests <1b>[0;32mOK<1b>[0m 
    test-mean.R...................    4 tests <1b>[0;32mOK<1b>[0m 
    test-mean.R...................    5 tests <1b>[0;32mOK<1b>[0m 
    test-mean.R...................    6 tests <1b>[0;32mOK<1b>[0m 
    test-mean.R...................    7 tests <1b>[0;32mOK<1b>[0m 
    test-mean.R...................    8 tests <1b>[0;32mOK<1b>[0m 
    test-mean.R...................    9 tests <1b>[0;32mOK<1b>[0m 
    test-mean.R...................   10 tests <1b>[0;32mOK<1b>[0m 0%   10   20   30   40   50   60   70   80   90   100%
    [----|----|----|----|----|----|----|----|----|----|
    **************************************************|
    
    test-mean.R...................   11 tests <1b>[0;32mOK<1b>[0m 
    test-mean.R...................   12 tests <1b>[0;32mOK<1b>[0m 
    test-mean.R...................   12 tests <1b>[0;32mOK<1b>[0m 
    test-mean.R...................   13 tests <1b>[0;32mOK<1b>[0m 
    test-mean.R...................   13 tests <1b>[0;32mOK<1b>[0m 
    test-mean.R...................   14 tests <1b>[0;32mOK<1b>[0m 
    test-mean.R...................   14 tests <1b>[0;32mOK<1b>[0m 
    test-mean.R...................   15 tests <1b>[0;32mOK<1b>[0m 
    test-mean.R...................   16 tests <1b>[0;32mOK<1b>[0m 
    test-mean.R...................   16 tests <1b>[0;32mOK<1b>[0m 
    test-mean.R...................   17 tests <1b>[0;32mOK<1b>[0m 
    test-mean.R...................   18 tests <1b>[0;32mOK<1b>[0m 0%   10   20   30   40   50   60   70   80   90   100%
    [----|----|----|----|----|----|----|----|----|----|
    **************************************************|
    
    test-mean.R...................   18 tests <1b>[0;32mOK<1b>[0m 
    test-mean.R...................   19 tests <1b>[0;32mOK<1b>[0m 
    test-mean.R...................   20 tests <1b>[0;32mOK<1b>[0m 
    test-mean.R...................   21 tests <1b>[0;32mOK<1b>[0m 
    test-mean.R...................   22 tests <1b>[0;32mOK<1b>[0m 0%   10   20   30   40   50   60   70   80   90   100%
    [----|----|----|----|----|----|----|----|----|----|
    **************************************************|
    
    test-mean.R...................   22 tests <1b>[0;32mOK<1b>[0m 
    test-mean.R...................   23 tests <1b>[0;32mOK<1b>[0m 
    test-mean.R...................   24 tests <1b>[0;32mOK<1b>[0m <1b>[0;34m0.4s<1b>[0m
    
    test-order.R..................    0 tests    
    test-order.R..................    0 tests    
    test-order.R..................    0 tests    
    test-order.R..................    0 tests    
    test-order.R..................    0 tests    
    test-order.R..................    0 tests    
    test-order.R..................    0 tests    
    test-order.R..................    0 tests    
    test-order.R..................    0 tests    
    test-order.R..................    1 tests <1b>[0;32mOK<1b>[0m 
    test-order.R..................    2 tests <1b>[0;32mOK<1b>[0m 
    test-order.R..................    3 tests <1b>[0;32mOK<1b>[0m 
    test-order.R..................    4 tests <1b>[0;32mOK<1b>[0m 
    test-order.R..................    5 tests <1b>[0;32mOK<1b>[0m 
    test-order.R..................    6 tests <1b>[0;32mOK<1b>[0m 
    test-order.R..................    7 tests <1b>[0;32mOK<1b>[0m 
    test-order.R..................    8 tests <1b>[0;32mOK<1b>[0m 
    test-order.R..................    9 tests <1b>[0;32mOK<1b>[0m 
    test-order.R..................   10 tests <1b>[0;32mOK<1b>[0m 
    test-order.R..................   11 tests <1b>[0;32mOK<1b>[0m <1b>[0;36m7ms<1b>[0m
    
    test-plot.R...................    0 tests    
    test-plot.R...................    0 tests    
    test-plot.R...................    0 tests    0%   10   20   30   40   50   60   70   80   90   100%
    [----|----|----|----|----|----|----|----|----|----|
    **************************************************|
    
    test-plot.R...................    0 tests    
    test-plot.R...................    0 tests    
    test-plot.R...................    1 tests <1b>[0;31m1 fails<1b>[0m 
    test-plot.R...................    2 tests <1b>[0;31m1 fails<1b>[0m 
    test-plot.R...................    3 tests <1b>[0;31m2 fails<1b>[0m 
    test-plot.R...................    4 tests <1b>[0;31m2 fails<1b>[0m 
    test-plot.R...................    5 tests <1b>[0;31m2 fails<1b>[0m 
    test-plot.R...................    5 tests <1b>[0;31m2 fails<1b>[0m 
    test-plot.R...................    6 tests <1b>[0;31m2 fails<1b>[0m 
    test-plot.R...................    7 tests <1b>[0;31m2 fails<1b>[0m 
    test-plot.R...................    7 tests <1b>[0;31m2 fails<1b>[0m 
    test-plot.R...................    8 tests <1b>[0;31m3 fails<1b>[0m 
    test-plot.R...................    9 tests <1b>[0;31m3 fails<1b>[0m 
    test-plot.R...................   10 tests <1b>[0;31m4 fails<1b>[0m 
    test-plot.R...................   11 tests <1b>[0;31m4 fails<1b>[0m 
    test-plot.R...................   12 tests <1b>[0;31m4 fails<1b>[0m 
    test-plot.R...................   12 tests <1b>[0;31m4 fails<1b>[0m 
    test-plot.R...................   13 tests <1b>[0;31m4 fails<1b>[0m 
    test-plot.R...................   14 tests <1b>[0;31m4 fails<1b>[0m 
    test-plot.R...................   14 tests <1b>[0;31m4 fails<1b>[0m 
    test-plot.R...................   15 tests <1b>[0;31m5 fails<1b>[0m 
    test-plot.R...................   16 tests <1b>[0;31m5 fails<1b>[0m 
    test-plot.R...................   17 tests <1b>[0;31m6 fails<1b>[0m 
    test-plot.R...................   18 tests <1b>[0;31m6 fails<1b>[0m 
    test-plot.R...................   19 tests <1b>[0;31m6 fails<1b>[0m 
    test-plot.R...................   19 tests <1b>[0;31m6 fails<1b>[0m 
    test-plot.R...................   20 tests <1b>[0;31m6 fails<1b>[0m 
    test-plot.R...................   21 tests <1b>[0;31m6 fails<1b>[0m 
    test-plot.R...................   21 tests <1b>[0;31m6 fails<1b>[0m 
    test-plot.R...................   22 tests <1b>[0;31m7 fails<1b>[0m 
    test-plot.R...................   23 tests <1b>[0;31m7 fails<1b>[0m 
    test-plot.R...................   24 tests <1b>[0;31m7 fails<1b>[0m 
    test-plot.R...................   25 tests <1b>[0;31m8 fails<1b>[0m 
    test-plot.R...................   26 tests <1b>[0;31m8 fails<1b>[0m 
    test-plot.R...................   27 tests <1b>[0;31m8 fails<1b>[0m 
    test-plot.R...................   28 tests <1b>[0;31m8 fails<1b>[0m 
    test-plot.R...................   28 tests <1b>[0;31m8 fails<1b>[0m 
    test-plot.R...................   29 tests <1b>[0;31m8 fails<1b>[0m 
    test-plot.R...................   30 tests <1b>[0;31m8 fails<1b>[0m 
    test-plot.R...................   30 tests <1b>[0;31m8 fails<1b>[0m 
    test-plot.R...................   31 tests <1b>[0;31m9 fails<1b>[0m 
    test-plot.R...................   32 tests <1b>[0;31m9 fails<1b>[0m 
    test-plot.R...................   33 tests <1b>[0;31m9 fails<1b>[0m 
    test-plot.R...................   34 tests <1b>[0;31m10 fails<1b>[0m 
    test-plot.R...................   35 tests <1b>[0;31m10 fails<1b>[0m 
    test-plot.R...................   36 tests <1b>[0;31m10 fails<1b>[0m 
    test-plot.R...................   37 tests <1b>[0;31m10 fails<1b>[0m 
    test-plot.R...................   37 tests <1b>[0;31m10 fails<1b>[0m 
    test-plot.R...................   38 tests <1b>[0;31m10 fails<1b>[0m 
    test-plot.R...................   39 tests <1b>[0;31m10 fails<1b>[0m <1b>[0;34m1.5s<1b>[0m
    
    test-print.R..................    0 tests    0%   10   20   30   40   50   60   70   80   90   100%
    [----|----|----|----|----|----|----|----|----|----|
    **************************************************|
    
    test-print.R..................    0 tests    
    test-print.R..................    0 tests    
    test-print.R..................    0 tests    
    test-print.R..................    0 tests    Benchmark summary:
    Time units : nanoseconds 
      expr n.eval min lw.qu median mean up.qu  max total relative
     1 + 1    100  70    91    110  137   132 1260 13700        1
       One    100  70   100    110  130   140  661 13000        1
    
    test-print.R..................    1 tests <1b>[0;32mOK<1b>[0m Time units : nanoseconds 
      expr n.eval min lw.qu median mean up.qu  max total relative
     1 + 1    100  70    91    110  137   132 1260 13700        1
       One    100  70   100    110  130   140  661 13000        1
    
    test-print.R..................    2 tests <1b>[0;32mOK<1b>[0m Time units : nanoseconds 
      expr n.eval mean trimmed lw.ci up.ci relative
     1 + 1    100  137     119    70  1260     1.05
       One    100  130     118    70   661     1.00
    
    test-print.R..................    3 tests <1b>[0;32mOK<1b>[0m 
    test-print.R..................    4 tests <1b>[0;32mOK<1b>[0m 
    test-print.R..................    5 tests <1b>[0;32mOK<1b>[0m 
    test-print.R..................    6 tests <1b>[0;32mOK<1b>[0m 
    test-print.R..................    7 tests <1b>[0;32mOK<1b>[0m 
    test-print.R..................    8 tests <1b>[0;32mOK<1b>[0m 
    test-print.R..................    9 tests <1b>[0;32mOK<1b>[0m 
    test-print.R..................   10 tests <1b>[0;32mOK<1b>[0m 
    test-print.R..................   11 tests <1b>[0;32mOK<1b>[0m 
    test-print.R..................   12 tests <1b>[0;32mOK<1b>[0m 
    test-print.R..................   13 tests <1b>[0;32mOK<1b>[0m 
    test-print.R..................   14 tests <1b>[0;32mOK<1b>[0m 
    test-print.R..................   15 tests <1b>[0;32mOK<1b>[0m 
    test-print.R..................   16 tests <1b>[0;32mOK<1b>[0m 
    test-print.R..................   17 tests <1b>[0;32mOK<1b>[0m 
    test-print.R..................   18 tests <1b>[0;32mOK<1b>[0m 
    test-print.R..................   19 tests <1b>[0;32mOK<1b>[0m 
    test-print.R..................   20 tests <1b>[0;32mOK<1b>[0m 
    test-print.R..................   21 tests <1b>[0;32mOK<1b>[0m 
    test-print.R..................   22 tests <1b>[0;32mOK<1b>[0m 
    test-print.R..................   23 tests <1b>[0;32mOK<1b>[0m 
    test-print.R..................   24 tests <1b>[0;32mOK<1b>[0m 
    test-print.R..................   25 tests <1b>[0;32mOK<1b>[0m <1b>[0;34m0.4s<1b>[0m
    
    test-summary.R................    0 tests    0%   10   20   30   40   50   60   70   80   90   100%
    [----|----|----|----|----|----|----|----|----|----|
    **************************************************|
    
    test-summary.R................    0 tests    
    test-summary.R................    0 tests    
    test-summary.R................    1 tests <1b>[0;32mOK<1b>[0m 
    test-summary.R................    2 tests <1b>[0;32mOK<1b>[0m 
    test-summary.R................    3 tests <1b>[0;32mOK<1b>[0m 
    test-summary.R................    4 tests <1b>[0;32mOK<1b>[0m 
    test-summary.R................    5 tests <1b>[0;32mOK<1b>[0m 
    test-summary.R................    6 tests <1b>[0;32mOK<1b>[0m 
    test-summary.R................    6 tests <1b>[0;32mOK<1b>[0m 
    test-summary.R................    7 tests <1b>[0;32mOK<1b>[0m 
    test-summary.R................    8 tests <1b>[0;32mOK<1b>[0m 
    test-summary.R................    9 tests <1b>[0;32mOK<1b>[0m 
    test-summary.R................   10 tests <1b>[0;32mOK<1b>[0m 
    test-summary.R................   11 tests <1b>[0;32mOK<1b>[0m 
    test-summary.R................   12 tests <1b>[0;32mOK<1b>[0m 
    test-summary.R................   13 tests <1b>[0;32mOK<1b>[0m 
    test-summary.R................   14 tests <1b>[0;32mOK<1b>[0m 
    test-summary.R................   15 tests <1b>[0;32mOK<1b>[0m 
    test-summary.R................   16 tests <1b>[0;32mOK<1b>[0m 
    test-summary.R................   17 tests <1b>[0;32mOK<1b>[0m 0%   10   20   30   40   50   60   70   80   90   100%
    [----|----|----|----|----|----|----|----|----|----|
    **************************************************|
    
    test-summary.R................   18 tests <1b>[0;32mOK<1b>[0m 
    test-summary.R................   19 tests <1b>[0;32mOK<1b>[0m 
    test-summary.R................   19 tests <1b>[0;32mOK<1b>[0m 
    test-summary.R................   20 tests <1b>[0;32mOK<1b>[0m 
    test-summary.R................   20 tests <1b>[0;32mOK<1b>[0m 
    test-summary.R................   21 tests <1b>[0;32mOK<1b>[0m 
    test-summary.R................   22 tests <1b>[0;32mOK<1b>[0m <1b>[0;34m0.4s<1b>[0m
    
    test-timer.R..................    0 tests    
    test-timer.R..................    0 tests    
    test-timer.R..................    0 tests    
    test-timer.R..................    1 tests <1b>[0;32mOK<1b>[0m 
    test-timer.R..................    2 tests <1b>[0;32mOK<1b>[0m 
    test-timer.R..................    3 tests <1b>[0;32mOK<1b>[0m 
    test-timer.R..................    4 tests <1b>[0;32mOK<1b>[0m 
    test-timer.R..................    5 tests <1b>[0;32mOK<1b>[0m 
    test-timer.R..................    6 tests <1b>[0;32mOK<1b>[0m 
    test-timer.R..................   10 tests <1b>[0;32mOK<1b>[0m <1b>[0;34m0.7s<1b>[0m
    ----- FAILED[data]: test-plot.R<9--9>
     call| expect_equal(class(bp), c("gg", "ggplot"))
     diff| Lengths (2, 5) differ (string compare on first 2)
     diff| 1 string mismatch
    ----- FAILED[attr]: test-plot.R<11--11>
     call| expect_equal(bp$labels, list(x = "expr", y = "time"))
     diff| Attributes: < names for current but not for target >
     diff| Attributes: < Length mismatch: comparison on first 0 components >
    ----- FAILED[data]: test-plot.R<21--21>
     call| expect_equal(class(bph), c("gg", "ggplot"))
     diff| Lengths (2, 5) differ (string compare on first 2)
     diff| 1 string mismatch
    ----- FAILED[attr]: test-plot.R<23--23>
     call| expect_equal(bph$labels, list(x = "expr", y = "time"))
     diff| Attributes: < names for current but not for target >
     diff| Attributes: < Length mismatch: comparison on first 0 components >
    ----- FAILED[data]: test-plot.R<33--33>
     call| expect_equal(class(bpv), c("gg", "ggplot"))
     diff| Lengths (2, 5) differ (string compare on first 2)
     diff| 1 string mismatch
    ----- FAILED[attr]: test-plot.R<35--35>
     call| expect_equal(bpv$labels, list(x = "expr", y = "time"))
     diff| Attributes: < names for current but not for target >
     diff| Attributes: < Length mismatch: comparison on first 0 components >
    ----- FAILED[data]: test-plot.R<45--45>
     call| expect_equal(class(pp), c("gg", "ggplot"))
     diff| Lengths (2, 5) differ (string compare on first 2)
     diff| 1 string mismatch
    ----- FAILED[attr]: test-plot.R<48--48>
     call| expect_equal(pp$labels, list(x = "replications", y = "time", 
     call| -->    colour = NULL))
     diff| Attributes: < names for current but not for target >
     diff| Attributes: < Length mismatch: comparison on first 0 components >
    ----- FAILED[data]: test-plot.R<59--59>
     call| expect_equal(class(pp2), c("gg", "ggplot"))
     diff| Lengths (2, 5) differ (string compare on first 2)
     diff| 1 string mismatch
    ----- FAILED[attr]: test-plot.R<62--62>
     call| expect_equal(pp2$labels, list(x = "replications", y = "time", 
     call| -->    colour = NULL))
     diff| Attributes: < names for current but not for target >
     diff| Attributes: < Length mismatch: comparison on first 0 components >
    Error: 10 out of 176 tests failed
    Execution halted
Flavor: r-devel-linux-x86_64-debian-gcc
Version: 0.2.5
Check: tests
Result: ERROR
    Running ‘tinytest.R’ [6s/17s]
  Running the tests in ‘tests/tinytest.R’ failed.
  Complete output:
    > if (requireNamespace("tinytest", quietly = TRUE)) {
    +   tinytest::test_package("benchr")
    + }
    
    test-benchmark.R..............    0 tests    0%   10   20   30   40   50   60   70   80   90   100%
    [----|----|----|----|----|----|----|----|----|----|
    **************************************************|
    
    test-benchmark.R..............    0 tests    
    test-benchmark.R..............    1 tests <1b>[0;32mOK<1b>[0m 
    test-benchmark.R..............    2 tests <1b>[0;32mOK<1b>[0m 
    test-benchmark.R..............    3 tests <1b>[0;32mOK<1b>[0m 
    test-benchmark.R..............    4 tests <1b>[0;32mOK<1b>[0m 
    test-benchmark.R..............    5 tests <1b>[0;32mOK<1b>[0m 
    test-benchmark.R..............    6 tests <1b>[0;32mOK<1b>[0m 
    test-benchmark.R..............    7 tests <1b>[0;32mOK<1b>[0m 
    test-benchmark.R..............    8 tests <1b>[0;32mOK<1b>[0m 
    test-benchmark.R..............    9 tests <1b>[0;32mOK<1b>[0m 
    test-benchmark.R..............   10 tests <1b>[0;32mOK<1b>[0m 
    test-benchmark.R..............   11 tests <1b>[0;32mOK<1b>[0m 
    test-benchmark.R..............   12 tests <1b>[0;32mOK<1b>[0m 
    test-benchmark.R..............   13 tests <1b>[0;32mOK<1b>[0m 
    test-benchmark.R..............   14 tests <1b>[0;32mOK<1b>[0m 
    test-benchmark.R..............   15 tests <1b>[0;32mOK<1b>[0m 
    test-benchmark.R..............   16 tests <1b>[0;32mOK<1b>[0m 
    test-benchmark.R..............   17 tests <1b>[0;32mOK<1b>[0m 
    test-benchmark.R..............   18 tests <1b>[0;32mOK<1b>[0m 
    test-benchmark.R..............   19 tests <1b>[0;32mOK<1b>[0m 
    test-benchmark.R..............   20 tests <1b>[0;32mOK<1b>[0m 
    test-benchmark.R..............   21 tests <1b>[0;32mOK<1b>[0m 0%   10   20   30   40   50   60   70   80   90   100%
    [----|----|----|----|----|----|----|----|----|----|
    **************************************************|
    
    test-benchmark.R..............   21 tests <1b>[0;32mOK<1b>[0m 
    test-benchmark.R..............   22 tests <1b>[0;32mOK<1b>[0m 
    test-benchmark.R..............   23 tests <1b>[0;32mOK<1b>[0m 0%   10   20   30   40   50   60   70   80   90   100%
    [----|----|----|----|----|----|----|----|----|----|
    **************************************************|
    
    test-benchmark.R..............   23 tests <1b>[0;32mOK<1b>[0m 
    test-benchmark.R..............   24 tests <1b>[0;32mOK<1b>[0m 
    test-benchmark.R..............   25 tests <1b>[0;32mOK<1b>[0m 0%   10   20   30   40   50   60   70   80   90   100%
    [----|----|----|----|----|----|----|----|----|----|
    **************************************************|
    
    test-benchmark.R..............   25 tests <1b>[0;32mOK<1b>[0m 
    test-benchmark.R..............   26 tests <1b>[0;32mOK<1b>[0m 
    test-benchmark.R..............   27 tests <1b>[0;32mOK<1b>[0m 0%   10   20   30   40   50   60   70   80   90   100%
    [----|----|----|----|----|----|----|----|----|----|
    **************************************************|
    
    test-benchmark.R..............   27 tests <1b>[0;32mOK<1b>[0m 
    test-benchmark.R..............   28 tests <1b>[0;32mOK<1b>[0m 
    test-benchmark.R..............   29 tests <1b>[0;32mOK<1b>[0m 
    test-benchmark.R..............   30 tests <1b>[0;32mOK<1b>[0m <1b>[0;34m1.2s<1b>[0m
    
    test-dots.R...................    0 tests    
    test-dots.R...................    1 tests <1b>[0;32mOK<1b>[0m 
    test-dots.R...................    2 tests <1b>[0;32mOK<1b>[0m 
    test-dots.R...................    3 tests <1b>[0;32mOK<1b>[0m 
    test-dots.R...................    4 tests <1b>[0;32mOK<1b>[0m 
    test-dots.R...................    5 tests <1b>[0;32mOK<1b>[0m 
    test-dots.R...................    6 tests <1b>[0;32mOK<1b>[0m 
    test-dots.R...................    7 tests <1b>[0;32mOK<1b>[0m 
    test-dots.R...................    8 tests <1b>[0;32mOK<1b>[0m 
    test-dots.R...................    9 tests <1b>[0;32mOK<1b>[0m 
    test-dots.R...................   10 tests <1b>[0;32mOK<1b>[0m 
    test-dots.R...................   11 tests <1b>[0;32mOK<1b>[0m 
    test-dots.R...................   12 tests <1b>[0;32mOK<1b>[0m <1b>[0;36m36ms<1b>[0m
    
    test-format.R.................    0 tests    0%   10   20   30   40   50   60   70   80   90   100%
    [----|----|----|----|----|----|----|----|----|----|
    **************************************************|
    
    test-format.R.................    0 tests    
    test-format.R.................    0 tests    
    test-format.R.................    0 tests    
    test-format.R.................    1 tests <1b>[0;32mOK<1b>[0m 
    test-format.R.................    2 tests <1b>[0;32mOK<1b>[0m 
    test-format.R.................    3 tests <1b>[0;32mOK<1b>[0m <1b>[0;34m0.3s<1b>[0m
    
    test-mean.R...................    0 tests    0%   10   20   30   40   50   60   70   80   90   100%
    [----|----|----|----|----|----|----|----|----|----|
    **************************************************|
    
    test-mean.R...................    0 tests    
    test-mean.R...................    0 tests    
    test-mean.R...................    1 tests <1b>[0;32mOK<1b>[0m 
    test-mean.R...................    2 tests <1b>[0;32mOK<1b>[0m 
    test-mean.R...................    3 tests <1b>[0;32mOK<1b>[0m 
    test-mean.R...................    4 tests <1b>[0;32mOK<1b>[0m 
    test-mean.R...................    5 tests <1b>[0;32mOK<1b>[0m 
    test-mean.R...................    6 tests <1b>[0;32mOK<1b>[0m 
    test-mean.R...................    7 tests <1b>[0;32mOK<1b>[0m 
    test-mean.R...................    8 tests <1b>[0;32mOK<1b>[0m 
    test-mean.R...................    9 tests <1b>[0;32mOK<1b>[0m 
    test-mean.R...................   10 tests <1b>[0;32mOK<1b>[0m 0%   10   20   30   40   50   60   70   80   90   100%
    [----|----|----|----|----|----|----|----|----|----|
    **************************************************|
    
    test-mean.R...................   11 tests <1b>[0;32mOK<1b>[0m 
    test-mean.R...................   12 tests <1b>[0;32mOK<1b>[0m 
    test-mean.R...................   12 tests <1b>[0;32mOK<1b>[0m 
    test-mean.R...................   13 tests <1b>[0;32mOK<1b>[0m 
    test-mean.R...................   13 tests <1b>[0;32mOK<1b>[0m 
    test-mean.R...................   14 tests <1b>[0;32mOK<1b>[0m 
    test-mean.R...................   14 tests <1b>[0;32mOK<1b>[0m 
    test-mean.R...................   15 tests <1b>[0;32mOK<1b>[0m 
    test-mean.R...................   16 tests <1b>[0;32mOK<1b>[0m 
    test-mean.R...................   16 tests <1b>[0;32mOK<1b>[0m 
    test-mean.R...................   17 tests <1b>[0;32mOK<1b>[0m 
    test-mean.R...................   18 tests <1b>[0;32mOK<1b>[0m 0%   10   20   30   40   50   60   70   80   90   100%
    [----|----|----|----|----|----|----|----|----|----|
    **************************************************|
    
    test-mean.R...................   18 tests <1b>[0;32mOK<1b>[0m 
    test-mean.R...................   19 tests <1b>[0;32mOK<1b>[0m 
    test-mean.R...................   20 tests <1b>[0;32mOK<1b>[0m 
    test-mean.R...................   21 tests <1b>[0;32mOK<1b>[0m 
    test-mean.R...................   22 tests <1b>[0;32mOK<1b>[0m 0%   10   20   30   40   50   60   70   80   90   100%
    [----|----|----|----|----|----|----|----|----|----|
    **************************************************|
    
    test-mean.R...................   22 tests <1b>[0;32mOK<1b>[0m 
    test-mean.R...................   23 tests <1b>[0;32mOK<1b>[0m 
    test-mean.R...................   24 tests <1b>[0;32mOK<1b>[0m <1b>[0;34m2.2s<1b>[0m
    
    test-order.R..................    0 tests    
    test-order.R..................    0 tests    
    test-order.R..................    0 tests    
    test-order.R..................    0 tests    
    test-order.R..................    0 tests    
    test-order.R..................    0 tests    
    test-order.R..................    0 tests    
    test-order.R..................    0 tests    
    test-order.R..................    0 tests    
    test-order.R..................    1 tests <1b>[0;32mOK<1b>[0m 
    test-order.R..................    2 tests <1b>[0;32mOK<1b>[0m 
    test-order.R..................    3 tests <1b>[0;32mOK<1b>[0m 
    test-order.R..................    4 tests <1b>[0;32mOK<1b>[0m 
    test-order.R..................    5 tests <1b>[0;32mOK<1b>[0m 
    test-order.R..................    6 tests <1b>[0;32mOK<1b>[0m 
    test-order.R..................    7 tests <1b>[0;32mOK<1b>[0m 
    test-order.R..................    8 tests <1b>[0;32mOK<1b>[0m 
    test-order.R..................    9 tests <1b>[0;32mOK<1b>[0m 
    test-order.R..................   10 tests <1b>[0;32mOK<1b>[0m 
    test-order.R..................   11 tests <1b>[0;32mOK<1b>[0m <1b>[0;36m23ms<1b>[0m
    
    test-plot.R...................    0 tests    
    test-plot.R...................    0 tests    
    test-plot.R...................    0 tests    0%   10   20   30   40   50   60   70   80   90   100%
    [----|----|----|----|----|----|----|----|----|----|
    **************************************************|
    
    test-plot.R...................    0 tests    
    test-plot.R...................    0 tests    
    test-plot.R...................    1 tests <1b>[0;31m1 fails<1b>[0m 
    test-plot.R...................    2 tests <1b>[0;31m1 fails<1b>[0m 
    test-plot.R...................    3 tests <1b>[0;31m2 fails<1b>[0m 
    test-plot.R...................    4 tests <1b>[0;31m2 fails<1b>[0m 
    test-plot.R...................    5 tests <1b>[0;31m2 fails<1b>[0m 
    test-plot.R...................    5 tests <1b>[0;31m2 fails<1b>[0m 
    test-plot.R...................    6 tests <1b>[0;31m2 fails<1b>[0m 
    test-plot.R...................    7 tests <1b>[0;31m2 fails<1b>[0m 
    test-plot.R...................    7 tests <1b>[0;31m2 fails<1b>[0m 
    test-plot.R...................    8 tests <1b>[0;31m3 fails<1b>[0m 
    test-plot.R...................    9 tests <1b>[0;31m3 fails<1b>[0m 
    test-plot.R...................   10 tests <1b>[0;31m4 fails<1b>[0m 
    test-plot.R...................   11 tests <1b>[0;31m4 fails<1b>[0m 
    test-plot.R...................   12 tests <1b>[0;31m4 fails<1b>[0m 
    test-plot.R...................   12 tests <1b>[0;31m4 fails<1b>[0m 
    test-plot.R...................   13 tests <1b>[0;31m4 fails<1b>[0m 
    test-plot.R...................   14 tests <1b>[0;31m4 fails<1b>[0m 
    test-plot.R...................   14 tests <1b>[0;31m4 fails<1b>[0m 
    test-plot.R...................   15 tests <1b>[0;31m5 fails<1b>[0m 
    test-plot.R...................   16 tests <1b>[0;31m5 fails<1b>[0m 
    test-plot.R...................   17 tests <1b>[0;31m6 fails<1b>[0m 
    test-plot.R...................   18 tests <1b>[0;31m6 fails<1b>[0m 
    test-plot.R...................   19 tests <1b>[0;31m6 fails<1b>[0m 
    test-plot.R...................   19 tests <1b>[0;31m6 fails<1b>[0m 
    test-plot.R...................   20 tests <1b>[0;31m6 fails<1b>[0m 
    test-plot.R...................   21 tests <1b>[0;31m6 fails<1b>[0m 
    test-plot.R...................   21 tests <1b>[0;31m6 fails<1b>[0m 
    test-plot.R...................   22 tests <1b>[0;31m7 fails<1b>[0m 
    test-plot.R...................   23 tests <1b>[0;31m7 fails<1b>[0m 
    test-plot.R...................   24 tests <1b>[0;31m7 fails<1b>[0m 
    test-plot.R...................   25 tests <1b>[0;31m8 fails<1b>[0m 
    test-plot.R...................   26 tests <1b>[0;31m8 fails<1b>[0m 
    test-plot.R...................   27 tests <1b>[0;31m8 fails<1b>[0m 
    test-plot.R...................   28 tests <1b>[0;31m8 fails<1b>[0m 
    test-plot.R...................   28 tests <1b>[0;31m8 fails<1b>[0m 
    test-plot.R...................   29 tests <1b>[0;31m8 fails<1b>[0m 
    test-plot.R...................   30 tests <1b>[0;31m8 fails<1b>[0m 
    test-plot.R...................   30 tests <1b>[0;31m8 fails<1b>[0m 
    test-plot.R...................   31 tests <1b>[0;31m9 fails<1b>[0m 
    test-plot.R...................   32 tests <1b>[0;31m9 fails<1b>[0m 
    test-plot.R...................   33 tests <1b>[0;31m9 fails<1b>[0m 
    test-plot.R...................   34 tests <1b>[0;31m10 fails<1b>[0m 
    test-plot.R...................   35 tests <1b>[0;31m10 fails<1b>[0m 
    test-plot.R...................   36 tests <1b>[0;31m10 fails<1b>[0m 
    test-plot.R...................   37 tests <1b>[0;31m10 fails<1b>[0m 
    test-plot.R...................   37 tests <1b>[0;31m10 fails<1b>[0m 
    test-plot.R...................   38 tests <1b>[0;31m10 fails<1b>[0m 
    test-plot.R...................   39 tests <1b>[0;31m10 fails<1b>[0m <1b>[0;34m7.9s<1b>[0m
    
    test-print.R..................    0 tests    0%   10   20   30   40   50   60   70   80   90   100%
    [----|----|----|----|----|----|----|----|----|----|
    **************************************************|
    
    test-print.R..................    0 tests    
    test-print.R..................    0 tests    
    test-print.R..................    0 tests    
    test-print.R..................    0 tests    Benchmark summary:
    Time units : nanoseconds 
      expr n.eval min lw.qu median mean up.qu  max total relative
     1 + 1    100 206   404    478  526   568 2860 52600     1.03
       One    100 284   389    464  498   587  865 49800     1.00
    
    test-print.R..................    1 tests <1b>[0;32mOK<1b>[0m Time units : nanoseconds 
      expr n.eval min lw.qu median mean up.qu  max total relative
     1 + 1    100 206   404    478  526   568 2860 52600     1.03
       One    100 284   389    464  498   587  865 49800     1.00
    
    test-print.R..................    2 tests <1b>[0;32mOK<1b>[0m Time units : nanoseconds 
      expr n.eval mean trimmed lw.ci up.ci relative
     1 + 1    100  526     497   206  2860     1.06
       One    100  498     492   284   865     1.00
    
    test-print.R..................    3 tests <1b>[0;32mOK<1b>[0m 
    test-print.R..................    4 tests <1b>[0;32mOK<1b>[0m 
    test-print.R..................    5 tests <1b>[0;32mOK<1b>[0m 
    test-print.R..................    6 tests <1b>[0;32mOK<1b>[0m 
    test-print.R..................    7 tests <1b>[0;32mOK<1b>[0m 
    test-print.R..................    8 tests <1b>[0;32mOK<1b>[0m 
    test-print.R..................    9 tests <1b>[0;32mOK<1b>[0m 
    test-print.R..................   10 tests <1b>[0;32mOK<1b>[0m 
    test-print.R..................   11 tests <1b>[0;32mOK<1b>[0m 
    test-print.R..................   12 tests <1b>[0;32mOK<1b>[0m 
    test-print.R..................   13 tests <1b>[0;32mOK<1b>[0m 
    test-print.R..................   14 tests <1b>[0;32mOK<1b>[0m 
    test-print.R..................   15 tests <1b>[0;32mOK<1b>[0m 
    test-print.R..................   16 tests <1b>[0;32mOK<1b>[0m 
    test-print.R..................   17 tests <1b>[0;32mOK<1b>[0m 
    test-print.R..................   18 tests <1b>[0;32mOK<1b>[0m 
    test-print.R..................   19 tests <1b>[0;32mOK<1b>[0m 
    test-print.R..................   20 tests <1b>[0;32mOK<1b>[0m 
    test-print.R..................   21 tests <1b>[0;32mOK<1b>[0m 
    test-print.R..................   22 tests <1b>[0;32mOK<1b>[0m 
    test-print.R..................   23 tests <1b>[0;32mOK<1b>[0m 
    test-print.R..................   24 tests <1b>[0;32mOK<1b>[0m 
    test-print.R..................   25 tests <1b>[0;32mOK<1b>[0m <1b>[0;34m0.6s<1b>[0m
    
    test-summary.R................    0 tests    0%   10   20   30   40   50   60   70   80   90   100%
    [----|----|----|----|----|----|----|----|----|----|
    **************************************************|
    
    test-summary.R................    0 tests    
    test-summary.R................    0 tests    
    test-summary.R................    1 tests <1b>[0;32mOK<1b>[0m 
    test-summary.R................    2 tests <1b>[0;32mOK<1b>[0m 
    test-summary.R................    3 tests <1b>[0;32mOK<1b>[0m 
    test-summary.R................    4 tests <1b>[0;32mOK<1b>[0m 
    test-summary.R................    5 tests <1b>[0;32mOK<1b>[0m 
    test-summary.R................    6 tests <1b>[0;32mOK<1b>[0m 
    test-summary.R................    6 tests <1b>[0;32mOK<1b>[0m 
    test-summary.R................    7 tests <1b>[0;32mOK<1b>[0m 
    test-summary.R................    8 tests <1b>[0;32mOK<1b>[0m 
    test-summary.R................    9 tests <1b>[0;32mOK<1b>[0m 
    test-summary.R................   10 tests <1b>[0;32mOK<1b>[0m 
    test-summary.R................   11 tests <1b>[0;32mOK<1b>[0m 
    test-summary.R................   12 tests <1b>[0;32mOK<1b>[0m 
    test-summary.R................   13 tests <1b>[0;32mOK<1b>[0m 
    test-summary.R................   14 tests <1b>[0;32mOK<1b>[0m 
    test-summary.R................   15 tests <1b>[0;32mOK<1b>[0m 
    test-summary.R................   16 tests <1b>[0;32mOK<1b>[0m 
    test-summary.R................   17 tests <1b>[0;32mOK<1b>[0m 0%   10   20   30   40   50   60   70   80   90   100%
    [----|----|----|----|----|----|----|----|----|----|
    **************************************************|
    
    test-summary.R................   18 tests <1b>[0;32mOK<1b>[0m 
    test-summary.R................   19 tests <1b>[0;32mOK<1b>[0m 
    test-summary.R................   19 tests <1b>[0;32mOK<1b>[0m 
    test-summary.R................   20 tests <1b>[0;32mOK<1b>[0m 
    test-summary.R................   20 tests <1b>[0;32mOK<1b>[0m 
    test-summary.R................   21 tests <1b>[0;32mOK<1b>[0m 
    test-summary.R................   22 tests <1b>[0;32mOK<1b>[0m <1b>[0;34m1.1s<1b>[0m
    
    test-timer.R..................    0 tests    
    test-timer.R..................    0 tests    
    test-timer.R..................    0 tests    
    test-timer.R..................    1 tests <1b>[0;32mOK<1b>[0m 
    test-timer.R..................    2 tests <1b>[0;32mOK<1b>[0m 
    test-timer.R..................    3 tests <1b>[0;32mOK<1b>[0m 
    test-timer.R..................    4 tests <1b>[0;32mOK<1b>[0m 
    test-timer.R..................    5 tests <1b>[0;32mOK<1b>[0m 
    test-timer.R..................    6 tests <1b>[0;32mOK<1b>[0m 
    test-timer.R..................   10 tests <1b>[0;32mOK<1b>[0m <1b>[0;34m0.9s<1b>[0m
    ----- FAILED[data]: test-plot.R<9--9>
     call| expect_equal(class(bp), c("gg", "ggplot"))
     diff| Lengths (2, 5) differ (string compare on first 2)
     diff| 1 string mismatch
    ----- FAILED[attr]: test-plot.R<11--11>
     call| expect_equal(bp$labels, list(x = "expr", y = "time"))
     diff| Attributes: < names for current but not for target >
     diff| Attributes: < Length mismatch: comparison on first 0 components >
    ----- FAILED[data]: test-plot.R<21--21>
     call| expect_equal(class(bph), c("gg", "ggplot"))
     diff| Lengths (2, 5) differ (string compare on first 2)
     diff| 1 string mismatch
    ----- FAILED[attr]: test-plot.R<23--23>
     call| expect_equal(bph$labels, list(x = "expr", y = "time"))
     diff| Attributes: < names for current but not for target >
     diff| Attributes: < Length mismatch: comparison on first 0 components >
    ----- FAILED[data]: test-plot.R<33--33>
     call| expect_equal(class(bpv), c("gg", "ggplot"))
     diff| Lengths (2, 5) differ (string compare on first 2)
     diff| 1 string mismatch
    ----- FAILED[attr]: test-plot.R<35--35>
     call| expect_equal(bpv$labels, list(x = "expr", y = "time"))
     diff| Attributes: < names for current but not for target >
     diff| Attributes: < Length mismatch: comparison on first 0 components >
    ----- FAILED[data]: test-plot.R<45--45>
     call| expect_equal(class(pp), c("gg", "ggplot"))
     diff| Lengths (2, 5) differ (string compare on first 2)
     diff| 1 string mismatch
    ----- FAILED[attr]: test-plot.R<48--48>
     call| expect_equal(pp$labels, list(x = "replications", y = "time", 
     call| -->    colour = NULL))
     diff| Attributes: < names for current but not for target >
     diff| Attributes: < Length mismatch: comparison on first 0 components >
    ----- FAILED[data]: test-plot.R<59--59>
     call| expect_equal(class(pp2), c("gg", "ggplot"))
     diff| Lengths (2, 5) differ (string compare on first 2)
     diff| 1 string mismatch
    ----- FAILED[attr]: test-plot.R<62--62>
     call| expect_equal(pp2$labels, list(x = "replications", y = "time", 
     call| -->    colour = NULL))
     diff| Attributes: < names for current but not for target >
     diff| Attributes: < Length mismatch: comparison on first 0 components >
    Error: 10 out of 176 tests failed
    Execution halted
Flavor: r-devel-linux-x86_64-fedora-clang
Version: 0.2.5
Check: tests
Result: ERROR
    Running ‘tinytest.R’
  Running the tests in ‘tests/tinytest.R’ failed.
  Complete output:
    > if (requireNamespace("tinytest", quietly = TRUE)) {
    +   tinytest::test_package("benchr")
    + }
    
    test-benchmark.R..............    0 tests    0%   10   20   30   40   50   60   70   80   90   100%
    [----|----|----|----|----|----|----|----|----|----|
    **************************************************|
    
    test-benchmark.R..............    0 tests    
    test-benchmark.R..............    1 tests <1b>[0;32mOK<1b>[0m 
    test-benchmark.R..............    2 tests <1b>[0;32mOK<1b>[0m 
    test-benchmark.R..............    3 tests <1b>[0;32mOK<1b>[0m 
    test-benchmark.R..............    4 tests <1b>[0;32mOK<1b>[0m 
    test-benchmark.R..............    5 tests <1b>[0;32mOK<1b>[0m 
    test-benchmark.R..............    6 tests <1b>[0;32mOK<1b>[0m 
    test-benchmark.R..............    7 tests <1b>[0;32mOK<1b>[0m 
    test-benchmark.R..............    8 tests <1b>[0;32mOK<1b>[0m 
    test-benchmark.R..............    9 tests <1b>[0;32mOK<1b>[0m 
    test-benchmark.R..............   10 tests <1b>[0;32mOK<1b>[0m 
    test-benchmark.R..............   11 tests <1b>[0;32mOK<1b>[0m 
    test-benchmark.R..............   12 tests <1b>[0;32mOK<1b>[0m 
    test-benchmark.R..............   13 tests <1b>[0;32mOK<1b>[0m 
    test-benchmark.R..............   14 tests <1b>[0;32mOK<1b>[0m 
    test-benchmark.R..............   15 tests <1b>[0;32mOK<1b>[0m 
    test-benchmark.R..............   16 tests <1b>[0;32mOK<1b>[0m 
    test-benchmark.R..............   17 tests <1b>[0;32mOK<1b>[0m 
    test-benchmark.R..............   18 tests <1b>[0;32mOK<1b>[0m 
    test-benchmark.R..............   19 tests <1b>[0;32mOK<1b>[0m 
    test-benchmark.R..............   20 tests <1b>[0;32mOK<1b>[0m 
    test-benchmark.R..............   21 tests <1b>[0;32mOK<1b>[0m 0%   10   20   30   40   50   60   70   80   90   100%
    [----|----|----|----|----|----|----|----|----|----|
    **************************************************|
    
    test-benchmark.R..............   21 tests <1b>[0;32mOK<1b>[0m 
    test-benchmark.R..............   22 tests <1b>[0;32mOK<1b>[0m 
    test-benchmark.R..............   23 tests <1b>[0;32mOK<1b>[0m 0%   10   20   30   40   50   60   70   80   90   100%
    [----|----|----|----|----|----|----|----|----|----|
    **************************************************|
    
    test-benchmark.R..............   23 tests <1b>[0;32mOK<1b>[0m 
    test-benchmark.R..............   24 tests <1b>[0;32mOK<1b>[0m 
    test-benchmark.R..............   25 tests <1b>[0;32mOK<1b>[0m 0%   10   20   30   40   50   60   70   80   90   100%
    [----|----|----|----|----|----|----|----|----|----|
    **************************************************|
    
    test-benchmark.R..............   25 tests <1b>[0;32mOK<1b>[0m 
    test-benchmark.R..............   26 tests <1b>[0;32mOK<1b>[0m 
    test-benchmark.R..............   27 tests <1b>[0;32mOK<1b>[0m 0%   10   20   30   40   50   60   70   80   90   100%
    [----|----|----|----|----|----|----|----|----|----|
    **************************************************|
    
    test-benchmark.R..............   27 tests <1b>[0;32mOK<1b>[0m 
    test-benchmark.R..............   28 tests <1b>[0;32mOK<1b>[0m 
    test-benchmark.R..............   29 tests <1b>[0;32mOK<1b>[0m 
    test-benchmark.R..............   30 tests <1b>[0;32mOK<1b>[0m <1b>[0;34m0.7s<1b>[0m
    
    test-dots.R...................    0 tests    
    test-dots.R...................    1 tests <1b>[0;32mOK<1b>[0m 
    test-dots.R...................    2 tests <1b>[0;32mOK<1b>[0m 
    test-dots.R...................    3 tests <1b>[0;32mOK<1b>[0m 
    test-dots.R...................    4 tests <1b>[0;32mOK<1b>[0m 
    test-dots.R...................    5 tests <1b>[0;32mOK<1b>[0m 
    test-dots.R...................    6 tests <1b>[0;32mOK<1b>[0m 
    test-dots.R...................    7 tests <1b>[0;32mOK<1b>[0m 
    test-dots.R...................    8 tests <1b>[0;32mOK<1b>[0m 
    test-dots.R...................    9 tests <1b>[0;32mOK<1b>[0m 
    test-dots.R...................   10 tests <1b>[0;32mOK<1b>[0m 
    test-dots.R...................   11 tests <1b>[0;32mOK<1b>[0m 
    test-dots.R...................   12 tests <1b>[0;32mOK<1b>[0m <1b>[0;36m13ms<1b>[0m
    
    test-format.R.................    0 tests    0%   10   20   30   40   50   60   70   80   90   100%
    [----|----|----|----|----|----|----|----|----|----|
    **************************************************|
    
    test-format.R.................    0 tests    
    test-format.R.................    0 tests    
    test-format.R.................    0 tests    
    test-format.R.................    1 tests <1b>[0;32mOK<1b>[0m 
    test-format.R.................    2 tests <1b>[0;32mOK<1b>[0m 
    test-format.R.................    3 tests <1b>[0;32mOK<1b>[0m <1b>[0;34m0.1s<1b>[0m
    
    test-mean.R...................    0 tests    0%   10   20   30   40   50   60   70   80   90   100%
    [----|----|----|----|----|----|----|----|----|----|
    **************************************************|
    
    test-mean.R...................    0 tests    
    test-mean.R...................    0 tests    
    test-mean.R...................    1 tests <1b>[0;32mOK<1b>[0m 
    test-mean.R...................    2 tests <1b>[0;32mOK<1b>[0m 
    test-mean.R...................    3 tests <1b>[0;32mOK<1b>[0m 
    test-mean.R...................    4 tests <1b>[0;32mOK<1b>[0m 
    test-mean.R...................    5 tests <1b>[0;32mOK<1b>[0m 
    test-mean.R...................    6 tests <1b>[0;32mOK<1b>[0m 
    test-mean.R...................    7 tests <1b>[0;32mOK<1b>[0m 
    test-mean.R...................    8 tests <1b>[0;32mOK<1b>[0m 
    test-mean.R...................    9 tests <1b>[0;32mOK<1b>[0m 
    test-mean.R...................   10 tests <1b>[0;32mOK<1b>[0m 0%   10   20   30   40   50   60   70   80   90   100%
    [----|----|----|----|----|----|----|----|----|----|
    **************************************************|
    
    test-mean.R...................   11 tests <1b>[0;32mOK<1b>[0m 
    test-mean.R...................   12 tests <1b>[0;32mOK<1b>[0m 
    test-mean.R...................   12 tests <1b>[0;32mOK<1b>[0m 
    test-mean.R...................   13 tests <1b>[0;32mOK<1b>[0m 
    test-mean.R...................   13 tests <1b>[0;32mOK<1b>[0m 
    test-mean.R...................   14 tests <1b>[0;32mOK<1b>[0m 
    test-mean.R...................   14 tests <1b>[0;32mOK<1b>[0m 
    test-mean.R...................   15 tests <1b>[0;32mOK<1b>[0m 
    test-mean.R...................   16 tests <1b>[0;32mOK<1b>[0m 
    test-mean.R...................   16 tests <1b>[0;32mOK<1b>[0m 
    test-mean.R...................   17 tests <1b>[0;32mOK<1b>[0m 
    test-mean.R...................   18 tests <1b>[0;32mOK<1b>[0m 0%   10   20   30   40   50   60   70   80   90   100%
    [----|----|----|----|----|----|----|----|----|----|
    **************************************************|
    
    test-mean.R...................   18 tests <1b>[0;32mOK<1b>[0m 
    test-mean.R...................   19 tests <1b>[0;32mOK<1b>[0m 
    test-mean.R...................   20 tests <1b>[0;32mOK<1b>[0m 
    test-mean.R...................   21 tests <1b>[0;32mOK<1b>[0m 
    test-mean.R...................   22 tests <1b>[0;32mOK<1b>[0m 0%   10   20   30   40   50   60   70   80   90   100%
    [----|----|----|----|----|----|----|----|----|----|
    **************************************************|
    
    test-mean.R...................   22 tests <1b>[0;32mOK<1b>[0m 
    test-mean.R...................   23 tests <1b>[0;32mOK<1b>[0m 
    test-mean.R...................   24 tests <1b>[0;32mOK<1b>[0m <1b>[0;34m0.9s<1b>[0m
    
    test-order.R..................    0 tests    
    test-order.R..................    0 tests    
    test-order.R..................    0 tests    
    test-order.R..................    0 tests    
    test-order.R..................    0 tests    
    test-order.R..................    0 tests    
    test-order.R..................    0 tests    
    test-order.R..................    0 tests    
    test-order.R..................    0 tests    
    test-order.R..................    1 tests <1b>[0;32mOK<1b>[0m 
    test-order.R..................    2 tests <1b>[0;32mOK<1b>[0m 
    test-order.R..................    3 tests <1b>[0;32mOK<1b>[0m 
    test-order.R..................    4 tests <1b>[0;32mOK<1b>[0m 
    test-order.R..................    5 tests <1b>[0;32mOK<1b>[0m 
    test-order.R..................    6 tests <1b>[0;32mOK<1b>[0m 
    test-order.R..................    7 tests <1b>[0;32mOK<1b>[0m 
    test-order.R..................    8 tests <1b>[0;32mOK<1b>[0m 
    test-order.R..................    9 tests <1b>[0;32mOK<1b>[0m 
    test-order.R..................   10 tests <1b>[0;32mOK<1b>[0m 
    test-order.R..................   11 tests <1b>[0;32mOK<1b>[0m <1b>[0;36m21ms<1b>[0m
    
    test-plot.R...................    0 tests    
    test-plot.R...................    0 tests    
    test-plot.R...................    0 tests    0%   10   20   30   40   50   60   70   80   90   100%
    [----|----|----|----|----|----|----|----|----|----|
    **************************************************|
    
    test-plot.R...................    0 tests    
    test-plot.R...................    0 tests    
    test-plot.R...................    1 tests <1b>[0;31m1 fails<1b>[0m 
    test-plot.R...................    2 tests <1b>[0;31m1 fails<1b>[0m 
    test-plot.R...................    3 tests <1b>[0;31m2 fails<1b>[0m 
    test-plot.R...................    4 tests <1b>[0;31m2 fails<1b>[0m 
    test-plot.R...................    5 tests <1b>[0;31m2 fails<1b>[0m 
    test-plot.R...................    5 tests <1b>[0;31m2 fails<1b>[0m 
    test-plot.R...................    6 tests <1b>[0;31m2 fails<1b>[0m 
    test-plot.R...................    7 tests <1b>[0;31m2 fails<1b>[0m 
    test-plot.R...................    7 tests <1b>[0;31m2 fails<1b>[0m 
    test-plot.R...................    8 tests <1b>[0;31m3 fails<1b>[0m 
    test-plot.R...................    9 tests <1b>[0;31m3 fails<1b>[0m 
    test-plot.R...................   10 tests <1b>[0;31m4 fails<1b>[0m 
    test-plot.R...................   11 tests <1b>[0;31m4 fails<1b>[0m 
    test-plot.R...................   12 tests <1b>[0;31m4 fails<1b>[0m 
    test-plot.R...................   12 tests <1b>[0;31m4 fails<1b>[0m 
    test-plot.R...................   13 tests <1b>[0;31m4 fails<1b>[0m 
    test-plot.R...................   14 tests <1b>[0;31m4 fails<1b>[0m 
    test-plot.R...................   14 tests <1b>[0;31m4 fails<1b>[0m 
    test-plot.R...................   15 tests <1b>[0;31m5 fails<1b>[0m 
    test-plot.R...................   16 tests <1b>[0;31m5 fails<1b>[0m 
    test-plot.R...................   17 tests <1b>[0;31m6 fails<1b>[0m 
    test-plot.R...................   18 tests <1b>[0;31m6 fails<1b>[0m 
    test-plot.R...................   19 tests <1b>[0;31m6 fails<1b>[0m 
    test-plot.R...................   19 tests <1b>[0;31m6 fails<1b>[0m 
    test-plot.R...................   20 tests <1b>[0;31m6 fails<1b>[0m 
    test-plot.R...................   21 tests <1b>[0;31m6 fails<1b>[0m 
    test-plot.R...................   21 tests <1b>[0;31m6 fails<1b>[0m 
    test-plot.R...................   22 tests <1b>[0;31m7 fails<1b>[0m 
    test-plot.R...................   23 tests <1b>[0;31m7 fails<1b>[0m 
    test-plot.R...................   24 tests <1b>[0;31m7 fails<1b>[0m 
    test-plot.R...................   25 tests <1b>[0;31m8 fails<1b>[0m 
    test-plot.R...................   26 tests <1b>[0;31m8 fails<1b>[0m 
    test-plot.R...................   27 tests <1b>[0;31m8 fails<1b>[0m 
    test-plot.R...................   28 tests <1b>[0;31m8 fails<1b>[0m 
    test-plot.R...................   28 tests <1b>[0;31m8 fails<1b>[0m 
    test-plot.R...................   29 tests <1b>[0;31m8 fails<1b>[0m 
    test-plot.R...................   30 tests <1b>[0;31m8 fails<1b>[0m 
    test-plot.R...................   30 tests <1b>[0;31m8 fails<1b>[0m 
    test-plot.R...................   31 tests <1b>[0;31m9 fails<1b>[0m 
    test-plot.R...................   32 tests <1b>[0;31m9 fails<1b>[0m 
    test-plot.R...................   33 tests <1b>[0;31m9 fails<1b>[0m 
    test-plot.R...................   34 tests <1b>[0;31m10 fails<1b>[0m 
    test-plot.R...................   35 tests <1b>[0;31m10 fails<1b>[0m 
    test-plot.R...................   36 tests <1b>[0;31m10 fails<1b>[0m 
    test-plot.R...................   37 tests <1b>[0;31m10 fails<1b>[0m 
    test-plot.R...................   37 tests <1b>[0;31m10 fails<1b>[0m 
    test-plot.R...................   38 tests <1b>[0;31m10 fails<1b>[0m 
    test-plot.R...................   39 tests <1b>[0;31m10 fails<1b>[0m <1b>[0;34m4.3s<1b>[0m
    
    test-print.R..................    0 tests    0%   10   20   30   40   50   60   70   80   90   100%
    [----|----|----|----|----|----|----|----|----|----|
    **************************************************|
    
    test-print.R..................    0 tests    
    test-print.R..................    0 tests    
    test-print.R..................    0 tests    
    test-print.R..................    0 tests    Benchmark summary:
    Time units : nanoseconds 
      expr n.eval min lw.qu median mean up.qu  max total relative
     1 + 1    100 173   312    412  440   483 3020 44000     1.00
       One    100 182   336    418  425   490  945 42500     1.02
    
    test-print.R..................    1 tests <1b>[0;32mOK<1b>[0m Time units : nanoseconds 
      expr n.eval min lw.qu median mean up.qu  max total relative
     1 + 1    100 173   312    412  440   483 3020 44000     1.00
       One    100 182   336    418  425   490  945 42500     1.02
    
    test-print.R..................    2 tests <1b>[0;32mOK<1b>[0m Time units : nanoseconds 
      expr n.eval mean trimmed lw.ci up.ci relative
     1 + 1    100  440     405   173  3020     1.03
       One    100  425     414   182   945     1.00
    
    test-print.R..................    3 tests <1b>[0;32mOK<1b>[0m 
    test-print.R..................    4 tests <1b>[0;32mOK<1b>[0m 
    test-print.R..................    5 tests <1b>[0;32mOK<1b>[0m 
    test-print.R..................    6 tests <1b>[0;32mOK<1b>[0m 
    test-print.R..................    7 tests <1b>[0;32mOK<1b>[0m 
    test-print.R..................    8 tests <1b>[0;32mOK<1b>[0m 
    test-print.R..................    9 tests <1b>[0;32mOK<1b>[0m 
    test-print.R..................   10 tests <1b>[0;32mOK<1b>[0m 
    test-print.R..................   11 tests <1b>[0;32mOK<1b>[0m 
    test-print.R..................   12 tests <1b>[0;32mOK<1b>[0m 
    test-print.R..................   13 tests <1b>[0;32mOK<1b>[0m 
    test-print.R..................   14 tests <1b>[0;32mOK<1b>[0m 
    test-print.R..................   15 tests <1b>[0;32mOK<1b>[0m 
    test-print.R..................   16 tests <1b>[0;32mOK<1b>[0m 
    test-print.R..................   17 tests <1b>[0;32mOK<1b>[0m 
    test-print.R..................   18 tests <1b>[0;32mOK<1b>[0m 
    test-print.R..................   19 tests <1b>[0;32mOK<1b>[0m 
    test-print.R..................   20 tests <1b>[0;32mOK<1b>[0m 
    test-print.R..................   21 tests <1b>[0;32mOK<1b>[0m 
    test-print.R..................   22 tests <1b>[0;32mOK<1b>[0m 
    test-print.R..................   23 tests <1b>[0;32mOK<1b>[0m 
    test-print.R..................   24 tests <1b>[0;32mOK<1b>[0m 
    test-print.R..................   25 tests <1b>[0;32mOK<1b>[0m <1b>[0;34m0.4s<1b>[0m
    
    test-summary.R................    0 tests    0%   10   20   30   40   50   60   70   80   90   100%
    [----|----|----|----|----|----|----|----|----|----|
    **************************************************|
    
    test-summary.R................    0 tests    
    test-summary.R................    0 tests    
    test-summary.R................    1 tests <1b>[0;32mOK<1b>[0m 
    test-summary.R................    2 tests <1b>[0;32mOK<1b>[0m 
    test-summary.R................    3 tests <1b>[0;32mOK<1b>[0m 
    test-summary.R................    4 tests <1b>[0;32mOK<1b>[0m 
    test-summary.R................    5 tests <1b>[0;32mOK<1b>[0m 
    test-summary.R................    6 tests <1b>[0;32mOK<1b>[0m 
    test-summary.R................    6 tests <1b>[0;32mOK<1b>[0m 
    test-summary.R................    7 tests <1b>[0;32mOK<1b>[0m 
    test-summary.R................    8 tests <1b>[0;32mOK<1b>[0m 
    test-summary.R................    9 tests <1b>[0;32mOK<1b>[0m 
    test-summary.R................   10 tests <1b>[0;32mOK<1b>[0m 
    test-summary.R................   11 tests <1b>[0;32mOK<1b>[0m 
    test-summary.R................   12 tests <1b>[0;32mOK<1b>[0m 
    test-summary.R................   13 tests <1b>[0;32mOK<1b>[0m 
    test-summary.R................   14 tests <1b>[0;32mOK<1b>[0m 
    test-summary.R................   15 tests <1b>[0;32mOK<1b>[0m 
    test-summary.R................   16 tests <1b>[0;32mOK<1b>[0m 
    test-summary.R................   17 tests <1b>[0;32mOK<1b>[0m 0%   10   20   30   40   50   60   70   80   90   100%
    [----|----|----|----|----|----|----|----|----|----|
    **************************************************|
    
    test-summary.R................   18 tests <1b>[0;32mOK<1b>[0m 
    test-summary.R................   19 tests <1b>[0;32mOK<1b>[0m 
    test-summary.R................   19 tests <1b>[0;32mOK<1b>[0m 
    test-summary.R................   20 tests <1b>[0;32mOK<1b>[0m 
    test-summary.R................   20 tests <1b>[0;32mOK<1b>[0m 
    test-summary.R................   21 tests <1b>[0;32mOK<1b>[0m 
    test-summary.R................   22 tests <1b>[0;32mOK<1b>[0m <1b>[0;34m0.8s<1b>[0m
    
    test-timer.R..................    0 tests    
    test-timer.R..................    0 tests    
    test-timer.R..................    0 tests    
    test-timer.R..................    1 tests <1b>[0;32mOK<1b>[0m 
    test-timer.R..................    2 tests <1b>[0;32mOK<1b>[0m 
    test-timer.R..................    3 tests <1b>[0;32mOK<1b>[0m 
    test-timer.R..................    4 tests <1b>[0;32mOK<1b>[0m 
    test-timer.R..................    5 tests <1b>[0;32mOK<1b>[0m 
    test-timer.R..................    6 tests <1b>[0;32mOK<1b>[0m 
    test-timer.R..................   10 tests <1b>[0;32mOK<1b>[0m <1b>[0;34m0.7s<1b>[0m
    ----- FAILED[data]: test-plot.R<9--9>
     call| expect_equal(class(bp), c("gg", "ggplot"))
     diff| Lengths (2, 5) differ (string compare on first 2)
     diff| 1 string mismatch
    ----- FAILED[attr]: test-plot.R<11--11>
     call| expect_equal(bp$labels, list(x = "expr", y = "time"))
     diff| Attributes: < names for current but not for target >
     diff| Attributes: < Length mismatch: comparison on first 0 components >
    ----- FAILED[data]: test-plot.R<21--21>
     call| expect_equal(class(bph), c("gg", "ggplot"))
     diff| Lengths (2, 5) differ (string compare on first 2)
     diff| 1 string mismatch
    ----- FAILED[attr]: test-plot.R<23--23>
     call| expect_equal(bph$labels, list(x = "expr", y = "time"))
     diff| Attributes: < names for current but not for target >
     diff| Attributes: < Length mismatch: comparison on first 0 components >
    ----- FAILED[data]: test-plot.R<33--33>
     call| expect_equal(class(bpv), c("gg", "ggplot"))
     diff| Lengths (2, 5) differ (string compare on first 2)
     diff| 1 string mismatch
    ----- FAILED[attr]: test-plot.R<35--35>
     call| expect_equal(bpv$labels, list(x = "expr", y = "time"))
     diff| Attributes: < names for current but not for target >
     diff| Attributes: < Length mismatch: comparison on first 0 components >
    ----- FAILED[data]: test-plot.R<45--45>
     call| expect_equal(class(pp), c("gg", "ggplot"))
     diff| Lengths (2, 5) differ (string compare on first 2)
     diff| 1 string mismatch
    ----- FAILED[attr]: test-plot.R<48--48>
     call| expect_equal(pp$labels, list(x = "replications", y = "time", 
     call| -->    colour = NULL))
     diff| Attributes: < names for current but not for target >
     diff| Attributes: < Length mismatch: comparison on first 0 components >
    ----- FAILED[data]: test-plot.R<59--59>
     call| expect_equal(class(pp2), c("gg", "ggplot"))
     diff| Lengths (2, 5) differ (string compare on first 2)
     diff| 1 string mismatch
    ----- FAILED[attr]: test-plot.R<62--62>
     call| expect_equal(pp2$labels, list(x = "replications", y = "time", 
     call| -->    colour = NULL))
     diff| Attributes: < names for current but not for target >
     diff| Attributes: < Length mismatch: comparison on first 0 components >
    Error: 10 out of 176 tests failed
    Execution halted
Flavor: r-devel-linux-x86_64-fedora-gcc
Version: 0.2.5
Check: tests
Result: ERROR
    Running 'tinytest.R' [4s]
  Running the tests in 'tests/tinytest.R' failed.
  Complete output:
    > if (requireNamespace("tinytest", quietly = TRUE)) {
    +   tinytest::test_package("benchr")
    + }
    
    test-benchmark.R..............    0 tests    0%   10   20   30   40   50   60   70   80   90   100%
    [----|----|----|----|----|----|----|----|----|----|
    **************************************************|
    
    test-benchmark.R..............    0 tests    
    test-benchmark.R..............    1 tests <1b>[0;32mOK<1b>[0m 
    test-benchmark.R..............    2 tests <1b>[0;32mOK<1b>[0m 
    test-benchmark.R..............    3 tests <1b>[0;32mOK<1b>[0m 
    test-benchmark.R..............    4 tests <1b>[0;32mOK<1b>[0m 
    test-benchmark.R..............    5 tests <1b>[0;32mOK<1b>[0m 
    test-benchmark.R..............    6 tests <1b>[0;32mOK<1b>[0m 
    test-benchmark.R..............    7 tests <1b>[0;32mOK<1b>[0m 
    test-benchmark.R..............    8 tests <1b>[0;32mOK<1b>[0m 
    test-benchmark.R..............    9 tests <1b>[0;32mOK<1b>[0m 
    test-benchmark.R..............   10 tests <1b>[0;32mOK<1b>[0m 
    test-benchmark.R..............   11 tests <1b>[0;32mOK<1b>[0m 
    test-benchmark.R..............   12 tests <1b>[0;32mOK<1b>[0m 
    test-benchmark.R..............   13 tests <1b>[0;32mOK<1b>[0m 
    test-benchmark.R..............   14 tests <1b>[0;32mOK<1b>[0m 
    test-benchmark.R..............   15 tests <1b>[0;32mOK<1b>[0m 
    test-benchmark.R..............   16 tests <1b>[0;32mOK<1b>[0m 
    test-benchmark.R..............   17 tests <1b>[0;32mOK<1b>[0m 
    test-benchmark.R..............   18 tests <1b>[0;32mOK<1b>[0m 
    test-benchmark.R..............   19 tests <1b>[0;32mOK<1b>[0m 
    test-benchmark.R..............   20 tests <1b>[0;32mOK<1b>[0m 
    test-benchmark.R..............   21 tests <1b>[0;32mOK<1b>[0m 0%   10   20   30   40   50   60   70   80   90   100%
    [----|----|----|----|----|----|----|----|----|----|
    **************************************************|
    
    test-benchmark.R..............   21 tests <1b>[0;32mOK<1b>[0m 
    test-benchmark.R..............   22 tests <1b>[0;32mOK<1b>[0m 
    test-benchmark.R..............   23 tests <1b>[0;32mOK<1b>[0m 0%   10   20   30   40   50   60   70   80   90   100%
    [----|----|----|----|----|----|----|----|----|----|
    **************************************************|
    
    test-benchmark.R..............   23 tests <1b>[0;32mOK<1b>[0m 
    test-benchmark.R..............   24 tests <1b>[0;32mOK<1b>[0m 
    test-benchmark.R..............   25 tests <1b>[0;32mOK<1b>[0m 0%   10   20   30   40   50   60   70   80   90   100%
    [----|----|----|----|----|----|----|----|----|----|
    **************************************************|
    
    test-benchmark.R..............   25 tests <1b>[0;32mOK<1b>[0m 
    test-benchmark.R..............   26 tests <1b>[0;32mOK<1b>[0m 
    test-benchmark.R..............   27 tests <1b>[0;32mOK<1b>[0m 0%   10   20   30   40   50   60   70   80   90   100%
    [----|----|----|----|----|----|----|----|----|----|
    **************************************************|
    
    test-benchmark.R..............   27 tests <1b>[0;32mOK<1b>[0m 
    test-benchmark.R..............   28 tests <1b>[0;32mOK<1b>[0m 
    test-benchmark.R..............   29 tests <1b>[0;32mOK<1b>[0m 
    test-benchmark.R..............   30 tests <1b>[0;32mOK<1b>[0m <1b>[0;34m0.4s<1b>[0m
    
    test-dots.R...................    0 tests    
    test-dots.R...................    1 tests <1b>[0;32mOK<1b>[0m 
    test-dots.R...................    2 tests <1b>[0;32mOK<1b>[0m 
    test-dots.R...................    3 tests <1b>[0;32mOK<1b>[0m 
    test-dots.R...................    4 tests <1b>[0;32mOK<1b>[0m 
    test-dots.R...................    5 tests <1b>[0;32mOK<1b>[0m 
    test-dots.R...................    6 tests <1b>[0;32mOK<1b>[0m 
    test-dots.R...................    7 tests <1b>[0;32mOK<1b>[0m 
    test-dots.R...................    8 tests <1b>[0;32mOK<1b>[0m 
    test-dots.R...................    9 tests <1b>[0;32mOK<1b>[0m 
    test-dots.R...................   10 tests <1b>[0;32mOK<1b>[0m 
    test-dots.R...................   11 tests <1b>[0;32mOK<1b>[0m 
    test-dots.R...................   12 tests <1b>[0;32mOK<1b>[0m <1b>[0;36m6ms<1b>[0m
    
    test-format.R.................    0 tests    0%   10   20   30   40   50   60   70   80   90   100%
    [----|----|----|----|----|----|----|----|----|----|
    **************************************************|
    
    test-format.R.................    0 tests    
    test-format.R.................    0 tests    
    test-format.R.................    0 tests    
    test-format.R.................    1 tests <1b>[0;32mOK<1b>[0m 
    test-format.R.................    2 tests <1b>[0;32mOK<1b>[0m 
    test-format.R.................    3 tests <1b>[0;32mOK<1b>[0m <1b>[0;36m68ms<1b>[0m
    
    test-mean.R...................    0 tests    0%   10   20   30   40   50   60   70   80   90   100%
    [----|----|----|----|----|----|----|----|----|----|
    **************************************************|
    
    test-mean.R...................    0 tests    
    test-mean.R...................    0 tests    
    test-mean.R...................    1 tests <1b>[0;32mOK<1b>[0m 
    test-mean.R...................    2 tests <1b>[0;32mOK<1b>[0m 
    test-mean.R...................    3 tests <1b>[0;32mOK<1b>[0m 
    test-mean.R...................    4 tests <1b>[0;32mOK<1b>[0m 
    test-mean.R...................    5 tests <1b>[0;32mOK<1b>[0m 
    test-mean.R...................    6 tests <1b>[0;32mOK<1b>[0m 
    test-mean.R...................    7 tests <1b>[0;32mOK<1b>[0m 
    test-mean.R...................    8 tests <1b>[0;32mOK<1b>[0m 
    test-mean.R...................    9 tests <1b>[0;32mOK<1b>[0m 
    test-mean.R...................   10 tests <1b>[0;32mOK<1b>[0m 0%   10   20   30   40   50   60   70   80   90   100%
    [----|----|----|----|----|----|----|----|----|----|
    **************************************************|
    
    test-mean.R...................   11 tests <1b>[0;32mOK<1b>[0m 
    test-mean.R...................   12 tests <1b>[0;32mOK<1b>[0m 
    test-mean.R...................   12 tests <1b>[0;32mOK<1b>[0m 
    test-mean.R...................   13 tests <1b>[0;32mOK<1b>[0m 
    test-mean.R...................   13 tests <1b>[0;32mOK<1b>[0m 
    test-mean.R...................   14 tests <1b>[0;32mOK<1b>[0m 
    test-mean.R...................   14 tests <1b>[0;32mOK<1b>[0m 
    test-mean.R...................   15 tests <1b>[0;32mOK<1b>[0m 
    test-mean.R...................   16 tests <1b>[0;32mOK<1b>[0m 
    test-mean.R...................   16 tests <1b>[0;32mOK<1b>[0m 
    test-mean.R...................   17 tests <1b>[0;32mOK<1b>[0m 
    test-mean.R...................   18 tests <1b>[0;32mOK<1b>[0m 0%   10   20   30   40   50   60   70   80   90   100%
    [----|----|----|----|----|----|----|----|----|----|
    **************************************************|
    
    test-mean.R...................   18 tests <1b>[0;32mOK<1b>[0m 
    test-mean.R...................   19 tests <1b>[0;32mOK<1b>[0m 
    test-mean.R...................   20 tests <1b>[0;32mOK<1b>[0m 
    test-mean.R...................   21 tests <1b>[0;32mOK<1b>[0m 
    test-mean.R...................   22 tests <1b>[0;32mOK<1b>[0m 0%   10   20   30   40   50   60   70   80   90   100%
    [----|----|----|----|----|----|----|----|----|----|
    **************************************************|
    
    test-mean.R...................   22 tests <1b>[0;32mOK<1b>[0m 
    test-mean.R...................   23 tests <1b>[0;32mOK<1b>[0m 
    test-mean.R...................   24 tests <1b>[0;32mOK<1b>[0m <1b>[0;34m0.4s<1b>[0m
    
    test-order.R..................    0 tests    
    test-order.R..................    0 tests    
    test-order.R..................    0 tests    
    test-order.R..................    0 tests    
    test-order.R..................    0 tests    
    test-order.R..................    0 tests    
    test-order.R..................    0 tests    
    test-order.R..................    0 tests    
    test-order.R..................    0 tests    
    test-order.R..................    1 tests <1b>[0;32mOK<1b>[0m 
    test-order.R..................    2 tests <1b>[0;32mOK<1b>[0m 
    test-order.R..................    3 tests <1b>[0;32mOK<1b>[0m 
    test-order.R..................    4 tests <1b>[0;32mOK<1b>[0m 
    test-order.R..................    5 tests <1b>[0;32mOK<1b>[0m 
    test-order.R..................    6 tests <1b>[0;32mOK<1b>[0m 
    test-order.R..................    7 tests <1b>[0;32mOK<1b>[0m 
    test-order.R..................    8 tests <1b>[0;32mOK<1b>[0m 
    test-order.R..................    9 tests <1b>[0;32mOK<1b>[0m 
    test-order.R..................   10 tests <1b>[0;32mOK<1b>[0m 
    test-order.R..................   11 tests <1b>[0;32mOK<1b>[0m <1b>[0;36m4ms<1b>[0m
    
    test-plot.R...................    0 tests    
    test-plot.R...................    0 tests    
    test-plot.R...................    0 tests    0%   10   20   30   40   50   60   70   80   90   100%
    [----|----|----|----|----|----|----|----|----|----|
    **************************************************|
    
    test-plot.R...................    0 tests    
    test-plot.R...................    0 tests    
    test-plot.R...................    1 tests <1b>[0;31m1 fails<1b>[0m 
    test-plot.R...................    2 tests <1b>[0;31m1 fails<1b>[0m 
    test-plot.R...................    3 tests <1b>[0;31m2 fails<1b>[0m 
    test-plot.R...................    4 tests <1b>[0;31m2 fails<1b>[0m 
    test-plot.R...................    5 tests <1b>[0;31m2 fails<1b>[0m 
    test-plot.R...................    5 tests <1b>[0;31m2 fails<1b>[0m 
    test-plot.R...................    6 tests <1b>[0;31m2 fails<1b>[0m 
    test-plot.R...................    7 tests <1b>[0;31m2 fails<1b>[0m 
    test-plot.R...................    7 tests <1b>[0;31m2 fails<1b>[0m 
    test-plot.R...................    8 tests <1b>[0;31m3 fails<1b>[0m 
    test-plot.R...................    9 tests <1b>[0;31m3 fails<1b>[0m 
    test-plot.R...................   10 tests <1b>[0;31m4 fails<1b>[0m 
    test-plot.R...................   11 tests <1b>[0;31m4 fails<1b>[0m 
    test-plot.R...................   12 tests <1b>[0;31m4 fails<1b>[0m 
    test-plot.R...................   12 tests <1b>[0;31m4 fails<1b>[0m 
    test-plot.R...................   13 tests <1b>[0;31m4 fails<1b>[0m 
    test-plot.R...................   14 tests <1b>[0;31m4 fails<1b>[0m 
    test-plot.R...................   14 tests <1b>[0;31m4 fails<1b>[0m 
    test-plot.R...................   15 tests <1b>[0;31m5 fails<1b>[0m 
    test-plot.R...................   16 tests <1b>[0;31m5 fails<1b>[0m 
    test-plot.R...................   17 tests <1b>[0;31m6 fails<1b>[0m 
    test-plot.R...................   18 tests <1b>[0;31m6 fails<1b>[0m 
    test-plot.R...................   19 tests <1b>[0;31m6 fails<1b>[0m 
    test-plot.R...................   19 tests <1b>[0;31m6 fails<1b>[0m 
    test-plot.R...................   20 tests <1b>[0;31m6 fails<1b>[0m 
    test-plot.R...................   21 tests <1b>[0;31m6 fails<1b>[0m 
    test-plot.R...................   21 tests <1b>[0;31m6 fails<1b>[0m 
    test-plot.R...................   22 tests <1b>[0;31m7 fails<1b>[0m 
    test-plot.R...................   23 tests <1b>[0;31m7 fails<1b>[0m 
    test-plot.R...................   24 tests <1b>[0;31m7 fails<1b>[0m 
    test-plot.R...................   25 tests <1b>[0;31m8 fails<1b>[0m 
    test-plot.R...................   26 tests <1b>[0;31m8 fails<1b>[0m 
    test-plot.R...................   27 tests <1b>[0;31m8 fails<1b>[0m 
    test-plot.R...................   28 tests <1b>[0;31m8 fails<1b>[0m 
    test-plot.R...................   28 tests <1b>[0;31m8 fails<1b>[0m 
    test-plot.R...................   29 tests <1b>[0;31m8 fails<1b>[0m 
    test-plot.R...................   30 tests <1b>[0;31m8 fails<1b>[0m 
    test-plot.R...................   30 tests <1b>[0;31m8 fails<1b>[0m 
    test-plot.R...................   31 tests <1b>[0;31m9 fails<1b>[0m 
    test-plot.R...................   32 tests <1b>[0;31m9 fails<1b>[0m 
    test-plot.R...................   33 tests <1b>[0;31m9 fails<1b>[0m 
    test-plot.R...................   34 tests <1b>[0;31m10 fails<1b>[0m 
    test-plot.R...................   35 tests <1b>[0;31m10 fails<1b>[0m 
    test-plot.R...................   36 tests <1b>[0;31m10 fails<1b>[0m 
    test-plot.R...................   37 tests <1b>[0;31m10 fails<1b>[0m 
    test-plot.R...................   37 tests <1b>[0;31m10 fails<1b>[0m 
    test-plot.R...................   38 tests <1b>[0;31m10 fails<1b>[0m 
    test-plot.R...................   39 tests <1b>[0;31m10 fails<1b>[0m <1b>[0;34m1.8s<1b>[0m
    
    test-print.R..................    0 tests    0%   10   20   30   40   50   60   70   80   90   100%
    [----|----|----|----|----|----|----|----|----|----|
    **************************************************|
    
    test-print.R..................    0 tests    
    test-print.R..................    0 tests    
    test-print.R..................    0 tests    
    test-print.R..................    0 tests    Benchmark summary:
    Time units : nanoseconds 
      expr n.eval min lw.qu median mean up.qu  max total relative
     1 + 1    100   0   100    100  164   200 1700 16400        1
       One    100   0   100    100  146   200  500 14600        1
    
    test-print.R..................    1 tests <1b>[0;32mOK<1b>[0m Time units : nanoseconds 
      expr n.eval min lw.qu median mean up.qu  max total relative
     1 + 1    100   0   100    100  164   200 1700 16400        1
       One    100   0   100    100  146   200  500 14600        1
    
    test-print.R..................    2 tests <1b>[0;32mOK<1b>[0m Time units : nanoseconds 
      expr n.eval mean trimmed lw.ci up.ci relative
     1 + 1    100  164     148     0  1700     1.12
       One    100  146     141     0   500     1.00
    
    test-print.R..................    3 tests <1b>[0;32mOK<1b>[0m 
    test-print.R..................    4 tests <1b>[0;32mOK<1b>[0m 
    test-print.R..................    5 tests <1b>[0;32mOK<1b>[0m 
    test-print.R..................    6 tests <1b>[0;32mOK<1b>[0m 
    test-print.R..................    7 tests <1b>[0;32mOK<1b>[0m 
    test-print.R..................    8 tests <1b>[0;32mOK<1b>[0m 
    test-print.R..................    9 tests <1b>[0;32mOK<1b>[0m 
    test-print.R..................   10 tests <1b>[0;32mOK<1b>[0m 
    test-print.R..................   11 tests <1b>[0;32mOK<1b>[0m 
    test-print.R..................   12 tests <1b>[0;32mOK<1b>[0m 
    test-print.R..................   13 tests <1b>[0;32mOK<1b>[0m 
    test-print.R..................   14 tests <1b>[0;32mOK<1b>[0m 
    test-print.R..................   15 tests <1b>[0;32mOK<1b>[0m 
    test-print.R..................   16 tests <1b>[0;32mOK<1b>[0m 
    test-print.R..................   17 tests <1b>[0;32mOK<1b>[0m 
    test-print.R..................   18 tests <1b>[0;32mOK<1b>[0m 
    test-print.R..................   19 tests <1b>[0;32mOK<1b>[0m 
    test-print.R..................   20 tests <1b>[0;32mOK<1b>[0m 
    test-print.R..................   21 tests <1b>[0;32mOK<1b>[0m 
    test-print.R..................   22 tests <1b>[0;32mOK<1b>[0m 
    test-print.R..................   23 tests <1b>[0;32mOK<1b>[0m 
    test-print.R..................   24 tests <1b>[0;32mOK<1b>[0m 
    test-print.R..................   25 tests <1b>[0;32mOK<1b>[0m <1b>[0;34m0.2s<1b>[0m
    
    test-summary.R................    0 tests    0%   10   20   30   40   50   60   70   80   90   100%
    [----|----|----|----|----|----|----|----|----|----|
    **************************************************|
    
    test-summary.R................    0 tests    
    test-summary.R................    0 tests    
    test-summary.R................    1 tests <1b>[0;32mOK<1b>[0m 
    test-summary.R................    2 tests <1b>[0;32mOK<1b>[0m 
    test-summary.R................    3 tests <1b>[0;32mOK<1b>[0m 
    test-summary.R................    4 tests <1b>[0;32mOK<1b>[0m 
    test-summary.R................    5 tests <1b>[0;32mOK<1b>[0m 
    test-summary.R................    6 tests <1b>[0;32mOK<1b>[0m 
    test-summary.R................    6 tests <1b>[0;32mOK<1b>[0m 
    test-summary.R................    7 tests <1b>[0;32mOK<1b>[0m 
    test-summary.R................    8 tests <1b>[0;32mOK<1b>[0m 
    test-summary.R................    9 tests <1b>[0;32mOK<1b>[0m 
    test-summary.R................   10 tests <1b>[0;32mOK<1b>[0m 
    test-summary.R................   11 tests <1b>[0;32mOK<1b>[0m 
    test-summary.R................   12 tests <1b>[0;32mOK<1b>[0m 
    test-summary.R................   13 tests <1b>[0;32mOK<1b>[0m 
    test-summary.R................   14 tests <1b>[0;32mOK<1b>[0m 
    test-summary.R................   15 tests <1b>[0;32mOK<1b>[0m 
    test-summary.R................   16 tests <1b>[0;32mOK<1b>[0m 
    test-summary.R................   17 tests <1b>[0;32mOK<1b>[0m 0%   10   20   30   40   50   60   70   80   90   100%
    [----|----|----|----|----|----|----|----|----|----|
    **************************************************|
    
    test-summary.R................   18 tests <1b>[0;32mOK<1b>[0m 
    test-summary.R................   19 tests <1b>[0;32mOK<1b>[0m 
    test-summary.R................   19 tests <1b>[0;32mOK<1b>[0m 
    test-summary.R................   20 tests <1b>[0;32mOK<1b>[0m 
    test-summary.R................   20 tests <1b>[0;32mOK<1b>[0m 
    test-summary.R................   21 tests <1b>[0;32mOK<1b>[0m 
    test-summary.R................   22 tests <1b>[0;32mOK<1b>[0m <1b>[0;34m0.3s<1b>[0m
    
    test-timer.R..................    0 tests    
    test-timer.R..................    0 tests    
    test-timer.R..................    0 tests    
    test-timer.R..................    1 tests <1b>[0;32mOK<1b>[0m 
    test-timer.R..................    2 tests <1b>[0;32mOK<1b>[0m 
    test-timer.R..................    3 tests <1b>[0;32mOK<1b>[0m 
    test-timer.R..................    4 tests <1b>[0;32mOK<1b>[0m 
    test-timer.R..................    5 tests <1b>[0;32mOK<1b>[0m 
    test-timer.R..................    6 tests <1b>[0;32mOK<1b>[0m 
    test-timer.R..................    6 tests <1b>[0;32mOK<1b>[0m <1b>[0;36m29ms<1b>[0m
    ----- FAILED[data]: test-plot.R<9--9>
     call| expect_equal(class(bp), c("gg", "ggplot"))
     diff| Lengths (2, 5) differ (string compare on first 2)
     diff| 1 string mismatch
    ----- FAILED[attr]: test-plot.R<11--11>
     call| expect_equal(bp$labels, list(x = "expr", y = "time"))
     diff| Attributes: < names for current but not for target >
     diff| Attributes: < Length mismatch: comparison on first 0 components >
    ----- FAILED[data]: test-plot.R<21--21>
     call| expect_equal(class(bph), c("gg", "ggplot"))
     diff| Lengths (2, 5) differ (string compare on first 2)
     diff| 1 string mismatch
    ----- FAILED[attr]: test-plot.R<23--23>
     call| expect_equal(bph$labels, list(x = "expr", y = "time"))
     diff| Attributes: < names for current but not for target >
     diff| Attributes: < Length mismatch: comparison on first 0 components >
    ----- FAILED[data]: test-plot.R<33--33>
     call| expect_equal(class(bpv), c("gg", "ggplot"))
     diff| Lengths (2, 5) differ (string compare on first 2)
     diff| 1 string mismatch
    ----- FAILED[attr]: test-plot.R<35--35>
     call| expect_equal(bpv$labels, list(x = "expr", y = "time"))
     diff| Attributes: < names for current but not for target >
     diff| Attributes: < Length mismatch: comparison on first 0 components >
    ----- FAILED[data]: test-plot.R<45--45>
     call| expect_equal(class(pp), c("gg", "ggplot"))
     diff| Lengths (2, 5) differ (string compare on first 2)
     diff| 1 string mismatch
    ----- FAILED[attr]: test-plot.R<48--48>
     call| expect_equal(pp$labels, list(x = "replications", y = "time", 
     call| -->    colour = NULL))
     diff| Attributes: < names for current but not for target >
     diff| Attributes: < Length mismatch: comparison on first 0 components >
    ----- FAILED[data]: test-plot.R<59--59>
     call| expect_equal(class(pp2), c("gg", "ggplot"))
     diff| Lengths (2, 5) differ (string compare on first 2)
     diff| 1 string mismatch
    ----- FAILED[attr]: test-plot.R<62--62>
     call| expect_equal(pp2$labels, list(x = "replications", y = "time", 
     call| -->    colour = NULL))
     diff| Attributes: < names for current but not for target >
     diff| Attributes: < Length mismatch: comparison on first 0 components >
    Error: 10 out of 172 tests failed
    In addition: Warning messages:
    1: In ggplot2::scale_y_log10() :
      log-10 transformation introduced infinite values.
    2: Removed 81 rows containing non-finite outside the scale range
    (`stat_boxplot()`). 
    3: In ggplot2::scale_y_log10() :
      log-10 transformation introduced infinite values.
    4: Removed 81 rows containing non-finite outside the scale range
    (`stat_ydensity()`). 
    5: In ggplot2::scale_y_log10() :
      log-10 transformation introduced infinite values.
    Execution halted
Flavor: r-devel-windows-x86_64
Version: 0.2.5
Check: tests
Result: ERROR
    Running ‘tinytest.R’ [4s/7s]
  Running the tests in ‘tests/tinytest.R’ failed.
  Complete output:
    > if (requireNamespace("tinytest", quietly = TRUE)) {
    +   tinytest::test_package("benchr")
    + }
    
    test-benchmark.R..............    0 tests    0%   10   20   30   40   50   60   70   80   90   100%
    [----|----|----|----|----|----|----|----|----|----|
    **************************************************|
    
    test-benchmark.R..............    0 tests    
    test-benchmark.R..............    1 tests <1b>[0;32mOK<1b>[0m 
    test-benchmark.R..............    2 tests <1b>[0;32mOK<1b>[0m 
    test-benchmark.R..............    3 tests <1b>[0;32mOK<1b>[0m 
    test-benchmark.R..............    4 tests <1b>[0;32mOK<1b>[0m 
    test-benchmark.R..............    5 tests <1b>[0;32mOK<1b>[0m 
    test-benchmark.R..............    6 tests <1b>[0;32mOK<1b>[0m 
    test-benchmark.R..............    7 tests <1b>[0;32mOK<1b>[0m 
    test-benchmark.R..............    8 tests <1b>[0;32mOK<1b>[0m 
    test-benchmark.R..............    9 tests <1b>[0;32mOK<1b>[0m 
    test-benchmark.R..............   10 tests <1b>[0;32mOK<1b>[0m 
    test-benchmark.R..............   11 tests <1b>[0;32mOK<1b>[0m 
    test-benchmark.R..............   12 tests <1b>[0;32mOK<1b>[0m 
    test-benchmark.R..............   13 tests <1b>[0;32mOK<1b>[0m 
    test-benchmark.R..............   14 tests <1b>[0;32mOK<1b>[0m 
    test-benchmark.R..............   15 tests <1b>[0;32mOK<1b>[0m 
    test-benchmark.R..............   16 tests <1b>[0;32mOK<1b>[0m 
    test-benchmark.R..............   17 tests <1b>[0;32mOK<1b>[0m 
    test-benchmark.R..............   18 tests <1b>[0;32mOK<1b>[0m 
    test-benchmark.R..............   19 tests <1b>[0;32mOK<1b>[0m 
    test-benchmark.R..............   20 tests <1b>[0;32mOK<1b>[0m 
    test-benchmark.R..............   21 tests <1b>[0;32mOK<1b>[0m 0%   10   20   30   40   50   60   70   80   90   100%
    [----|----|----|----|----|----|----|----|----|----|
    **************************************************|
    
    test-benchmark.R..............   21 tests <1b>[0;32mOK<1b>[0m 
    test-benchmark.R..............   22 tests <1b>[0;32mOK<1b>[0m 
    test-benchmark.R..............   23 tests <1b>[0;32mOK<1b>[0m 0%   10   20   30   40   50   60   70   80   90   100%
    [----|----|----|----|----|----|----|----|----|----|
    **************************************************|
    
    test-benchmark.R..............   23 tests <1b>[0;32mOK<1b>[0m 
    test-benchmark.R..............   24 tests <1b>[0;32mOK<1b>[0m 
    test-benchmark.R..............   25 tests <1b>[0;32mOK<1b>[0m 0%   10   20   30   40   50   60   70   80   90   100%
    [----|----|----|----|----|----|----|----|----|----|
    **************************************************|
    
    test-benchmark.R..............   25 tests <1b>[0;32mOK<1b>[0m 
    test-benchmark.R..............   26 tests <1b>[0;32mOK<1b>[0m 
    test-benchmark.R..............   27 tests <1b>[0;32mOK<1b>[0m 0%   10   20   30   40   50   60   70   80   90   100%
    [----|----|----|----|----|----|----|----|----|----|
    **************************************************|
    
    test-benchmark.R..............   27 tests <1b>[0;32mOK<1b>[0m 
    test-benchmark.R..............   28 tests <1b>[0;32mOK<1b>[0m 
    test-benchmark.R..............   29 tests <1b>[0;32mOK<1b>[0m 
    test-benchmark.R..............   30 tests <1b>[0;32mOK<1b>[0m <1b>[0;34m0.7s<1b>[0m
    
    test-dots.R...................    0 tests    
    test-dots.R...................    1 tests <1b>[0;32mOK<1b>[0m 
    test-dots.R...................    2 tests <1b>[0;32mOK<1b>[0m 
    test-dots.R...................    3 tests <1b>[0;32mOK<1b>[0m 
    test-dots.R...................    4 tests <1b>[0;32mOK<1b>[0m 
    test-dots.R...................    5 tests <1b>[0;32mOK<1b>[0m 
    test-dots.R...................    6 tests <1b>[0;32mOK<1b>[0m 
    test-dots.R...................    7 tests <1b>[0;32mOK<1b>[0m 
    test-dots.R...................    8 tests <1b>[0;32mOK<1b>[0m 
    test-dots.R...................    9 tests <1b>[0;32mOK<1b>[0m 
    test-dots.R...................   10 tests <1b>[0;32mOK<1b>[0m 
    test-dots.R...................   11 tests <1b>[0;32mOK<1b>[0m 
    test-dots.R...................   12 tests <1b>[0;32mOK<1b>[0m <1b>[0;36m15ms<1b>[0m
    
    test-format.R.................    0 tests    0%   10   20   30   40   50   60   70   80   90   100%
    [----|----|----|----|----|----|----|----|----|----|
    **************************************************|
    
    test-format.R.................    0 tests    
    test-format.R.................    0 tests    
    test-format.R.................    0 tests    
    test-format.R.................    1 tests <1b>[0;32mOK<1b>[0m 
    test-format.R.................    2 tests <1b>[0;32mOK<1b>[0m 
    test-format.R.................    3 tests <1b>[0;32mOK<1b>[0m <1b>[0;34m0.1s<1b>[0m
    
    test-mean.R...................    0 tests    0%   10   20   30   40   50   60   70   80   90   100%
    [----|----|----|----|----|----|----|----|----|----|
    **************************************************|
    
    test-mean.R...................    0 tests    
    test-mean.R...................    0 tests    
    test-mean.R...................    1 tests <1b>[0;32mOK<1b>[0m 
    test-mean.R...................    2 tests <1b>[0;32mOK<1b>[0m 
    test-mean.R...................    3 tests <1b>[0;32mOK<1b>[0m 
    test-mean.R...................    4 tests <1b>[0;32mOK<1b>[0m 
    test-mean.R...................    5 tests <1b>[0;32mOK<1b>[0m 
    test-mean.R...................    6 tests <1b>[0;32mOK<1b>[0m 
    test-mean.R...................    7 tests <1b>[0;32mOK<1b>[0m 
    test-mean.R...................    8 tests <1b>[0;32mOK<1b>[0m 
    test-mean.R...................    9 tests <1b>[0;32mOK<1b>[0m 
    test-mean.R...................   10 tests <1b>[0;32mOK<1b>[0m 0%   10   20   30   40   50   60   70   80   90   100%
    [----|----|----|----|----|----|----|----|----|----|
    **************************************************|
    
    test-mean.R...................   11 tests <1b>[0;32mOK<1b>[0m 
    test-mean.R...................   12 tests <1b>[0;32mOK<1b>[0m 
    test-mean.R...................   12 tests <1b>[0;32mOK<1b>[0m 
    test-mean.R...................   13 tests <1b>[0;32mOK<1b>[0m 
    test-mean.R...................   13 tests <1b>[0;32mOK<1b>[0m 
    test-mean.R...................   14 tests <1b>[0;32mOK<1b>[0m 
    test-mean.R...................   14 tests <1b>[0;32mOK<1b>[0m 
    test-mean.R...................   15 tests <1b>[0;32mOK<1b>[0m 
    test-mean.R...................   16 tests <1b>[0;32mOK<1b>[0m 
    test-mean.R...................   16 tests <1b>[0;32mOK<1b>[0m 
    test-mean.R...................   17 tests <1b>[0;32mOK<1b>[0m 
    test-mean.R...................   18 tests <1b>[0;32mOK<1b>[0m 0%   10   20   30   40   50   60   70   80   90   100%
    [----|----|----|----|----|----|----|----|----|----|
    **************************************************|
    
    test-mean.R...................   18 tests <1b>[0;32mOK<1b>[0m 
    test-mean.R...................   19 tests <1b>[0;32mOK<1b>[0m 
    test-mean.R...................   20 tests <1b>[0;32mOK<1b>[0m 
    test-mean.R...................   21 tests <1b>[0;32mOK<1b>[0m 
    test-mean.R...................   22 tests <1b>[0;32mOK<1b>[0m 0%   10   20   30   40   50   60   70   80   90   100%
    [----|----|----|----|----|----|----|----|----|----|
    **************************************************|
    
    test-mean.R...................   22 tests <1b>[0;32mOK<1b>[0m 
    test-mean.R...................   23 tests <1b>[0;32mOK<1b>[0m 
    test-mean.R...................   24 tests <1b>[0;32mOK<1b>[0m <1b>[0;34m0.5s<1b>[0m
    
    test-order.R..................    0 tests    
    test-order.R..................    0 tests    
    test-order.R..................    0 tests    
    test-order.R..................    0 tests    
    test-order.R..................    0 tests    
    test-order.R..................    0 tests    
    test-order.R..................    0 tests    
    test-order.R..................    0 tests    
    test-order.R..................    0 tests    
    test-order.R..................    1 tests <1b>[0;32mOK<1b>[0m 
    test-order.R..................    2 tests <1b>[0;32mOK<1b>[0m 
    test-order.R..................    3 tests <1b>[0;32mOK<1b>[0m 
    test-order.R..................    4 tests <1b>[0;32mOK<1b>[0m 
    test-order.R..................    5 tests <1b>[0;32mOK<1b>[0m 
    test-order.R..................    6 tests <1b>[0;32mOK<1b>[0m 
    test-order.R..................    7 tests <1b>[0;32mOK<1b>[0m 
    test-order.R..................    8 tests <1b>[0;32mOK<1b>[0m 
    test-order.R..................    9 tests <1b>[0;32mOK<1b>[0m 
    test-order.R..................   10 tests <1b>[0;32mOK<1b>[0m 
    test-order.R..................   11 tests <1b>[0;32mOK<1b>[0m <1b>[0;36m12ms<1b>[0m
    
    test-plot.R...................    0 tests    
    test-plot.R...................    0 tests    
    test-plot.R...................    0 tests    0%   10   20   30   40   50   60   70   80   90   100%
    [----|----|----|----|----|----|----|----|----|----|
    **************************************************|
    
    test-plot.R...................    0 tests    
    test-plot.R...................    0 tests    
    test-plot.R...................    1 tests <1b>[0;31m1 fails<1b>[0m 
    test-plot.R...................    2 tests <1b>[0;31m1 fails<1b>[0m 
    test-plot.R...................    3 tests <1b>[0;31m2 fails<1b>[0m 
    test-plot.R...................    4 tests <1b>[0;31m2 fails<1b>[0m 
    test-plot.R...................    5 tests <1b>[0;31m2 fails<1b>[0m 
    test-plot.R...................    5 tests <1b>[0;31m2 fails<1b>[0m 
    test-plot.R...................    6 tests <1b>[0;31m2 fails<1b>[0m 
    test-plot.R...................    7 tests <1b>[0;31m2 fails<1b>[0m 
    test-plot.R...................    7 tests <1b>[0;31m2 fails<1b>[0m 
    test-plot.R...................    8 tests <1b>[0;31m3 fails<1b>[0m 
    test-plot.R...................    9 tests <1b>[0;31m3 fails<1b>[0m 
    test-plot.R...................   10 tests <1b>[0;31m4 fails<1b>[0m 
    test-plot.R...................   11 tests <1b>[0;31m4 fails<1b>[0m 
    test-plot.R...................   12 tests <1b>[0;31m4 fails<1b>[0m 
    test-plot.R...................   12 tests <1b>[0;31m4 fails<1b>[0m 
    test-plot.R...................   13 tests <1b>[0;31m4 fails<1b>[0m 
    test-plot.R...................   14 tests <1b>[0;31m4 fails<1b>[0m 
    test-plot.R...................   14 tests <1b>[0;31m4 fails<1b>[0m 
    test-plot.R...................   15 tests <1b>[0;31m5 fails<1b>[0m 
    test-plot.R...................   16 tests <1b>[0;31m5 fails<1b>[0m 
    test-plot.R...................   17 tests <1b>[0;31m6 fails<1b>[0m 
    test-plot.R...................   18 tests <1b>[0;31m6 fails<1b>[0m 
    test-plot.R...................   19 tests <1b>[0;31m6 fails<1b>[0m 
    test-plot.R...................   19 tests <1b>[0;31m6 fails<1b>[0m 
    test-plot.R...................   20 tests <1b>[0;31m6 fails<1b>[0m 
    test-plot.R...................   21 tests <1b>[0;31m6 fails<1b>[0m 
    test-plot.R...................   21 tests <1b>[0;31m6 fails<1b>[0m 
    test-plot.R...................   22 tests <1b>[0;31m7 fails<1b>[0m 
    test-plot.R...................   23 tests <1b>[0;31m7 fails<1b>[0m 
    test-plot.R...................   24 tests <1b>[0;31m7 fails<1b>[0m 
    test-plot.R...................   25 tests <1b>[0;31m8 fails<1b>[0m 
    test-plot.R...................   26 tests <1b>[0;31m8 fails<1b>[0m 
    test-plot.R...................   27 tests <1b>[0;31m8 fails<1b>[0m 
    test-plot.R...................   28 tests <1b>[0;31m8 fails<1b>[0m 
    test-plot.R...................   28 tests <1b>[0;31m8 fails<1b>[0m 
    test-plot.R...................   29 tests <1b>[0;31m8 fails<1b>[0m 
    test-plot.R...................   30 tests <1b>[0;31m8 fails<1b>[0m 
    test-plot.R...................   30 tests <1b>[0;31m8 fails<1b>[0m 
    test-plot.R...................   31 tests <1b>[0;31m9 fails<1b>[0m 
    test-plot.R...................   32 tests <1b>[0;31m9 fails<1b>[0m 
    test-plot.R...................   33 tests <1b>[0;31m9 fails<1b>[0m 
    test-plot.R...................   34 tests <1b>[0;31m10 fails<1b>[0m 
    test-plot.R...................   35 tests <1b>[0;31m10 fails<1b>[0m 
    test-plot.R...................   36 tests <1b>[0;31m10 fails<1b>[0m 
    test-plot.R...................   37 tests <1b>[0;31m10 fails<1b>[0m 
    test-plot.R...................   37 tests <1b>[0;31m10 fails<1b>[0m 
    test-plot.R...................   38 tests <1b>[0;31m10 fails<1b>[0m 
    test-plot.R...................   39 tests <1b>[0;31m10 fails<1b>[0m <1b>[0;34m2.7s<1b>[0m
    
    test-print.R..................    0 tests    0%   10   20   30   40   50   60   70   80   90   100%
    [----|----|----|----|----|----|----|----|----|----|
    **************************************************|
    
    test-print.R..................    0 tests    
    test-print.R..................    0 tests    
    test-print.R..................    0 tests    
    test-print.R..................    0 tests    Benchmark summary:
    Time units : nanoseconds 
      expr n.eval min lw.qu median mean up.qu  max total relative
     1 + 1    100 141   284    353  397   480 2330 39700     1.00
       One    100 127   305    417  407   510  801 40700     1.18
    
    test-print.R..................    1 tests <1b>[0;32mOK<1b>[0m Time units : nanoseconds 
      expr n.eval min lw.qu median mean up.qu  max total relative
     1 + 1    100 141   284    353  397   480 2330 39700     1.00
       One    100 127   305    417  407   510  801 40700     1.18
    
    test-print.R..................    2 tests <1b>[0;32mOK<1b>[0m Time units : nanoseconds 
      expr n.eval mean trimmed lw.ci up.ci relative
     1 + 1    100  397     372   141  2330     1.00
       One    100  407     406   127   801     1.02
    
    test-print.R..................    3 tests <1b>[0;32mOK<1b>[0m 
    test-print.R..................    4 tests <1b>[0;32mOK<1b>[0m 
    test-print.R..................    5 tests <1b>[0;32mOK<1b>[0m 
    test-print.R..................    6 tests <1b>[0;32mOK<1b>[0m 
    test-print.R..................    7 tests <1b>[0;32mOK<1b>[0m 
    test-print.R..................    8 tests <1b>[0;32mOK<1b>[0m 
    test-print.R..................    9 tests <1b>[0;32mOK<1b>[0m 
    test-print.R..................   10 tests <1b>[0;32mOK<1b>[0m 
    test-print.R..................   11 tests <1b>[0;32mOK<1b>[0m 
    test-print.R..................   12 tests <1b>[0;32mOK<1b>[0m 
    test-print.R..................   13 tests <1b>[0;32mOK<1b>[0m 
    test-print.R..................   14 tests <1b>[0;32mOK<1b>[0m 
    test-print.R..................   15 tests <1b>[0;32mOK<1b>[0m 
    test-print.R..................   16 tests <1b>[0;32mOK<1b>[0m 
    test-print.R..................   17 tests <1b>[0;32mOK<1b>[0m 
    test-print.R..................   18 tests <1b>[0;32mOK<1b>[0m 
    test-print.R..................   19 tests <1b>[0;32mOK<1b>[0m 
    test-print.R..................   20 tests <1b>[0;32mOK<1b>[0m 
    test-print.R..................   21 tests <1b>[0;32mOK<1b>[0m 
    test-print.R..................   22 tests <1b>[0;32mOK<1b>[0m 
    test-print.R..................   23 tests <1b>[0;32mOK<1b>[0m 
    test-print.R..................   24 tests <1b>[0;32mOK<1b>[0m 
    test-print.R..................   25 tests <1b>[0;32mOK<1b>[0m <1b>[0;34m0.5s<1b>[0m
    
    test-summary.R................    0 tests    0%   10   20   30   40   50   60   70   80   90   100%
    [----|----|----|----|----|----|----|----|----|----|
    **************************************************|
    
    test-summary.R................    0 tests    
    test-summary.R................    0 tests    
    test-summary.R................    1 tests <1b>[0;32mOK<1b>[0m 
    test-summary.R................    2 tests <1b>[0;32mOK<1b>[0m 
    test-summary.R................    3 tests <1b>[0;32mOK<1b>[0m 
    test-summary.R................    4 tests <1b>[0;32mOK<1b>[0m 
    test-summary.R................    5 tests <1b>[0;32mOK<1b>[0m 
    test-summary.R................    6 tests <1b>[0;32mOK<1b>[0m 
    test-summary.R................    6 tests <1b>[0;32mOK<1b>[0m 
    test-summary.R................    7 tests <1b>[0;32mOK<1b>[0m 
    test-summary.R................    8 tests <1b>[0;32mOK<1b>[0m 
    test-summary.R................    9 tests <1b>[0;32mOK<1b>[0m 
    test-summary.R................   10 tests <1b>[0;32mOK<1b>[0m 
    test-summary.R................   11 tests <1b>[0;32mOK<1b>[0m 
    test-summary.R................   12 tests <1b>[0;32mOK<1b>[0m 
    test-summary.R................   13 tests <1b>[0;32mOK<1b>[0m 
    test-summary.R................   14 tests <1b>[0;32mOK<1b>[0m 
    test-summary.R................   15 tests <1b>[0;32mOK<1b>[0m 
    test-summary.R................   16 tests <1b>[0;32mOK<1b>[0m 
    test-summary.R................   17 tests <1b>[0;32mOK<1b>[0m 0%   10   20   30   40   50   60   70   80   90   100%
    [----|----|----|----|----|----|----|----|----|----|
    **************************************************|
    
    test-summary.R................   18 tests <1b>[0;32mOK<1b>[0m 
    test-summary.R................   19 tests <1b>[0;32mOK<1b>[0m 
    test-summary.R................   19 tests <1b>[0;32mOK<1b>[0m 
    test-summary.R................   20 tests <1b>[0;32mOK<1b>[0m 
    test-summary.R................   20 tests <1b>[0;32mOK<1b>[0m 
    test-summary.R................   21 tests <1b>[0;32mOK<1b>[0m 
    test-summary.R................   22 tests <1b>[0;32mOK<1b>[0m <1b>[0;34m0.8s<1b>[0m
    
    test-timer.R..................    0 tests    
    test-timer.R..................    0 tests    
    test-timer.R..................    0 tests    
    test-timer.R..................    1 tests <1b>[0;32mOK<1b>[0m 
    test-timer.R..................    2 tests <1b>[0;32mOK<1b>[0m 
    test-timer.R..................    3 tests <1b>[0;32mOK<1b>[0m 
    test-timer.R..................    4 tests <1b>[0;32mOK<1b>[0m 
    test-timer.R..................    5 tests <1b>[0;32mOK<1b>[0m 
    test-timer.R..................    6 tests <1b>[0;32mOK<1b>[0m 
    test-timer.R..................   10 tests <1b>[0;32mOK<1b>[0m <1b>[0;34m0.8s<1b>[0m
    ----- FAILED[data]: test-plot.R<9--9>
     call| expect_equal(class(bp), c("gg", "ggplot"))
     diff| Lengths (2, 5) differ (string compare on first 2)
     diff| 1 string mismatch
    ----- FAILED[attr]: test-plot.R<11--11>
     call| expect_equal(bp$labels, list(x = "expr", y = "time"))
     diff| Attributes: < names for current but not for target >
     diff| Attributes: < Length mismatch: comparison on first 0 components >
    ----- FAILED[data]: test-plot.R<21--21>
     call| expect_equal(class(bph), c("gg", "ggplot"))
     diff| Lengths (2, 5) differ (string compare on first 2)
     diff| 1 string mismatch
    ----- FAILED[attr]: test-plot.R<23--23>
     call| expect_equal(bph$labels, list(x = "expr", y = "time"))
     diff| Attributes: < names for current but not for target >
     diff| Attributes: < Length mismatch: comparison on first 0 components >
    ----- FAILED[data]: test-plot.R<33--33>
     call| expect_equal(class(bpv), c("gg", "ggplot"))
     diff| Lengths (2, 5) differ (string compare on first 2)
     diff| 1 string mismatch
    ----- FAILED[attr]: test-plot.R<35--35>
     call| expect_equal(bpv$labels, list(x = "expr", y = "time"))
     diff| Attributes: < names for current but not for target >
     diff| Attributes: < Length mismatch: comparison on first 0 components >
    ----- FAILED[data]: test-plot.R<45--45>
     call| expect_equal(class(pp), c("gg", "ggplot"))
     diff| Lengths (2, 5) differ (string compare on first 2)
     diff| 1 string mismatch
    ----- FAILED[attr]: test-plot.R<48--48>
     call| expect_equal(pp$labels, list(x = "replications", y = "time", 
     call| -->    colour = NULL))
     diff| Attributes: < names for current but not for target >
     diff| Attributes: < Length mismatch: comparison on first 0 components >
    ----- FAILED[data]: test-plot.R<59--59>
     call| expect_equal(class(pp2), c("gg", "ggplot"))
     diff| Lengths (2, 5) differ (string compare on first 2)
     diff| 1 string mismatch
    ----- FAILED[attr]: test-plot.R<62--62>
     call| expect_equal(pp2$labels, list(x = "replications", y = "time", 
     call| -->    colour = NULL))
     diff| Attributes: < names for current but not for target >
     diff| Attributes: < Length mismatch: comparison on first 0 components >
    Error: 10 out of 176 tests failed
    Execution halted
Flavor: r-patched-linux-x86_64
Version: 0.2.5
Check: tests
Result: ERROR
    Running ‘tinytest.R’ [4s/7s]
  Running the tests in ‘tests/tinytest.R’ failed.
  Complete output:
    > if (requireNamespace("tinytest", quietly = TRUE)) {
    +   tinytest::test_package("benchr")
    + }
    
    test-benchmark.R..............    0 tests    0%   10   20   30   40   50   60   70   80   90   100%
    [----|----|----|----|----|----|----|----|----|----|
    **************************************************|
    
    test-benchmark.R..............    0 tests    
    test-benchmark.R..............    1 tests <1b>[0;32mOK<1b>[0m 
    test-benchmark.R..............    2 tests <1b>[0;32mOK<1b>[0m 
    test-benchmark.R..............    3 tests <1b>[0;32mOK<1b>[0m 
    test-benchmark.R..............    4 tests <1b>[0;32mOK<1b>[0m 
    test-benchmark.R..............    5 tests <1b>[0;32mOK<1b>[0m 
    test-benchmark.R..............    6 tests <1b>[0;32mOK<1b>[0m 
    test-benchmark.R..............    7 tests <1b>[0;32mOK<1b>[0m 
    test-benchmark.R..............    8 tests <1b>[0;32mOK<1b>[0m 
    test-benchmark.R..............    9 tests <1b>[0;32mOK<1b>[0m 
    test-benchmark.R..............   10 tests <1b>[0;32mOK<1b>[0m 
    test-benchmark.R..............   11 tests <1b>[0;32mOK<1b>[0m 
    test-benchmark.R..............   12 tests <1b>[0;32mOK<1b>[0m 
    test-benchmark.R..............   13 tests <1b>[0;32mOK<1b>[0m 
    test-benchmark.R..............   14 tests <1b>[0;32mOK<1b>[0m 
    test-benchmark.R..............   15 tests <1b>[0;32mOK<1b>[0m 
    test-benchmark.R..............   16 tests <1b>[0;32mOK<1b>[0m 
    test-benchmark.R..............   17 tests <1b>[0;32mOK<1b>[0m 
    test-benchmark.R..............   18 tests <1b>[0;32mOK<1b>[0m 
    test-benchmark.R..............   19 tests <1b>[0;32mOK<1b>[0m 
    test-benchmark.R..............   20 tests <1b>[0;32mOK<1b>[0m 
    test-benchmark.R..............   21 tests <1b>[0;32mOK<1b>[0m 0%   10   20   30   40   50   60   70   80   90   100%
    [----|----|----|----|----|----|----|----|----|----|
    **************************************************|
    
    test-benchmark.R..............   21 tests <1b>[0;32mOK<1b>[0m 
    test-benchmark.R..............   22 tests <1b>[0;32mOK<1b>[0m 
    test-benchmark.R..............   23 tests <1b>[0;32mOK<1b>[0m 0%   10   20   30   40   50   60   70   80   90   100%
    [----|----|----|----|----|----|----|----|----|----|
    **************************************************|
    
    test-benchmark.R..............   23 tests <1b>[0;32mOK<1b>[0m 
    test-benchmark.R..............   24 tests <1b>[0;32mOK<1b>[0m 
    test-benchmark.R..............   25 tests <1b>[0;32mOK<1b>[0m 0%   10   20   30   40   50   60   70   80   90   100%
    [----|----|----|----|----|----|----|----|----|----|
    **************************************************|
    
    test-benchmark.R..............   25 tests <1b>[0;32mOK<1b>[0m 
    test-benchmark.R..............   26 tests <1b>[0;32mOK<1b>[0m 
    test-benchmark.R..............   27 tests <1b>[0;32mOK<1b>[0m 0%   10   20   30   40   50   60   70   80   90   100%
    [----|----|----|----|----|----|----|----|----|----|
    **************************************************|
    
    test-benchmark.R..............   27 tests <1b>[0;32mOK<1b>[0m 
    test-benchmark.R..............   28 tests <1b>[0;32mOK<1b>[0m 
    test-benchmark.R..............   29 tests <1b>[0;32mOK<1b>[0m 
    test-benchmark.R..............   30 tests <1b>[0;32mOK<1b>[0m <1b>[0;34m0.7s<1b>[0m
    
    test-dots.R...................    0 tests    
    test-dots.R...................    1 tests <1b>[0;32mOK<1b>[0m 
    test-dots.R...................    2 tests <1b>[0;32mOK<1b>[0m 
    test-dots.R...................    3 tests <1b>[0;32mOK<1b>[0m 
    test-dots.R...................    4 tests <1b>[0;32mOK<1b>[0m 
    test-dots.R...................    5 tests <1b>[0;32mOK<1b>[0m 
    test-dots.R...................    6 tests <1b>[0;32mOK<1b>[0m 
    test-dots.R...................    7 tests <1b>[0;32mOK<1b>[0m 
    test-dots.R...................    8 tests <1b>[0;32mOK<1b>[0m 
    test-dots.R...................    9 tests <1b>[0;32mOK<1b>[0m 
    test-dots.R...................   10 tests <1b>[0;32mOK<1b>[0m 
    test-dots.R...................   11 tests <1b>[0;32mOK<1b>[0m 
    test-dots.R...................   12 tests <1b>[0;32mOK<1b>[0m <1b>[0;36m15ms<1b>[0m
    
    test-format.R.................    0 tests    0%   10   20   30   40   50   60   70   80   90   100%
    [----|----|----|----|----|----|----|----|----|----|
    **************************************************|
    
    test-format.R.................    0 tests    
    test-format.R.................    0 tests    
    test-format.R.................    0 tests    
    test-format.R.................    1 tests <1b>[0;32mOK<1b>[0m 
    test-format.R.................    2 tests <1b>[0;32mOK<1b>[0m 
    test-format.R.................    3 tests <1b>[0;32mOK<1b>[0m <1b>[0;34m0.2s<1b>[0m
    
    test-mean.R...................    0 tests    0%   10   20   30   40   50   60   70   80   90   100%
    [----|----|----|----|----|----|----|----|----|----|
    **************************************************|
    
    test-mean.R...................    0 tests    
    test-mean.R...................    0 tests    
    test-mean.R...................    1 tests <1b>[0;32mOK<1b>[0m 
    test-mean.R...................    2 tests <1b>[0;32mOK<1b>[0m 
    test-mean.R...................    3 tests <1b>[0;32mOK<1b>[0m 
    test-mean.R...................    4 tests <1b>[0;32mOK<1b>[0m 
    test-mean.R...................    5 tests <1b>[0;32mOK<1b>[0m 
    test-mean.R...................    6 tests <1b>[0;32mOK<1b>[0m 
    test-mean.R...................    7 tests <1b>[0;32mOK<1b>[0m 
    test-mean.R...................    8 tests <1b>[0;32mOK<1b>[0m 
    test-mean.R...................    9 tests <1b>[0;32mOK<1b>[0m 
    test-mean.R...................   10 tests <1b>[0;32mOK<1b>[0m 0%   10   20   30   40   50   60   70   80   90   100%
    [----|----|----|----|----|----|----|----|----|----|
    **************************************************|
    
    test-mean.R...................   11 tests <1b>[0;32mOK<1b>[0m 
    test-mean.R...................   12 tests <1b>[0;32mOK<1b>[0m 
    test-mean.R...................   12 tests <1b>[0;32mOK<1b>[0m 
    test-mean.R...................   13 tests <1b>[0;32mOK<1b>[0m 
    test-mean.R...................   13 tests <1b>[0;32mOK<1b>[0m 
    test-mean.R...................   14 tests <1b>[0;32mOK<1b>[0m 
    test-mean.R...................   14 tests <1b>[0;32mOK<1b>[0m 
    test-mean.R...................   15 tests <1b>[0;32mOK<1b>[0m 
    test-mean.R...................   16 tests <1b>[0;32mOK<1b>[0m 
    test-mean.R...................   16 tests <1b>[0;32mOK<1b>[0m 
    test-mean.R...................   17 tests <1b>[0;32mOK<1b>[0m 
    test-mean.R...................   18 tests <1b>[0;32mOK<1b>[0m 0%   10   20   30   40   50   60   70   80   90   100%
    [----|----|----|----|----|----|----|----|----|----|
    **************************************************|
    
    test-mean.R...................   18 tests <1b>[0;32mOK<1b>[0m 
    test-mean.R...................   19 tests <1b>[0;32mOK<1b>[0m 
    test-mean.R...................   20 tests <1b>[0;32mOK<1b>[0m 
    test-mean.R...................   21 tests <1b>[0;32mOK<1b>[0m 
    test-mean.R...................   22 tests <1b>[0;32mOK<1b>[0m 0%   10   20   30   40   50   60   70   80   90   100%
    [----|----|----|----|----|----|----|----|----|----|
    **************************************************|
    
    test-mean.R...................   22 tests <1b>[0;32mOK<1b>[0m 
    test-mean.R...................   23 tests <1b>[0;32mOK<1b>[0m 
    test-mean.R...................   24 tests <1b>[0;32mOK<1b>[0m <1b>[0;34m0.6s<1b>[0m
    
    test-order.R..................    0 tests    
    test-order.R..................    0 tests    
    test-order.R..................    0 tests    
    test-order.R..................    0 tests    
    test-order.R..................    0 tests    
    test-order.R..................    0 tests    
    test-order.R..................    0 tests    
    test-order.R..................    0 tests    
    test-order.R..................    0 tests    
    test-order.R..................    1 tests <1b>[0;32mOK<1b>[0m 
    test-order.R..................    2 tests <1b>[0;32mOK<1b>[0m 
    test-order.R..................    3 tests <1b>[0;32mOK<1b>[0m 
    test-order.R..................    4 tests <1b>[0;32mOK<1b>[0m 
    test-order.R..................    5 tests <1b>[0;32mOK<1b>[0m 
    test-order.R..................    6 tests <1b>[0;32mOK<1b>[0m 
    test-order.R..................    7 tests <1b>[0;32mOK<1b>[0m 
    test-order.R..................    8 tests <1b>[0;32mOK<1b>[0m 
    test-order.R..................    9 tests <1b>[0;32mOK<1b>[0m 
    test-order.R..................   10 tests <1b>[0;32mOK<1b>[0m 
    test-order.R..................   11 tests <1b>[0;32mOK<1b>[0m <1b>[0;36m9ms<1b>[0m
    
    test-plot.R...................    0 tests    
    test-plot.R...................    0 tests    
    test-plot.R...................    0 tests    0%   10   20   30   40   50   60   70   80   90   100%
    [----|----|----|----|----|----|----|----|----|----|
    **************************************************|
    
    test-plot.R...................    0 tests    
    test-plot.R...................    0 tests    
    test-plot.R...................    1 tests <1b>[0;31m1 fails<1b>[0m 
    test-plot.R...................    2 tests <1b>[0;31m1 fails<1b>[0m 
    test-plot.R...................    3 tests <1b>[0;31m2 fails<1b>[0m 
    test-plot.R...................    4 tests <1b>[0;31m2 fails<1b>[0m 
    test-plot.R...................    5 tests <1b>[0;31m2 fails<1b>[0m 
    test-plot.R...................    5 tests <1b>[0;31m2 fails<1b>[0m 
    test-plot.R...................    6 tests <1b>[0;31m2 fails<1b>[0m 
    test-plot.R...................    7 tests <1b>[0;31m2 fails<1b>[0m 
    test-plot.R...................    7 tests <1b>[0;31m2 fails<1b>[0m 
    test-plot.R...................    8 tests <1b>[0;31m3 fails<1b>[0m 
    test-plot.R...................    9 tests <1b>[0;31m3 fails<1b>[0m 
    test-plot.R...................   10 tests <1b>[0;31m4 fails<1b>[0m 
    test-plot.R...................   11 tests <1b>[0;31m4 fails<1b>[0m 
    test-plot.R...................   12 tests <1b>[0;31m4 fails<1b>[0m 
    test-plot.R...................   12 tests <1b>[0;31m4 fails<1b>[0m 
    test-plot.R...................   13 tests <1b>[0;31m4 fails<1b>[0m 
    test-plot.R...................   14 tests <1b>[0;31m4 fails<1b>[0m 
    test-plot.R...................   14 tests <1b>[0;31m4 fails<1b>[0m 
    test-plot.R...................   15 tests <1b>[0;31m5 fails<1b>[0m 
    test-plot.R...................   16 tests <1b>[0;31m5 fails<1b>[0m 
    test-plot.R...................   17 tests <1b>[0;31m6 fails<1b>[0m 
    test-plot.R...................   18 tests <1b>[0;31m6 fails<1b>[0m 
    test-plot.R...................   19 tests <1b>[0;31m6 fails<1b>[0m 
    test-plot.R...................   19 tests <1b>[0;31m6 fails<1b>[0m 
    test-plot.R...................   20 tests <1b>[0;31m6 fails<1b>[0m 
    test-plot.R...................   21 tests <1b>[0;31m6 fails<1b>[0m 
    test-plot.R...................   21 tests <1b>[0;31m6 fails<1b>[0m 
    test-plot.R...................   22 tests <1b>[0;31m7 fails<1b>[0m 
    test-plot.R...................   23 tests <1b>[0;31m7 fails<1b>[0m 
    test-plot.R...................   24 tests <1b>[0;31m7 fails<1b>[0m 
    test-plot.R...................   25 tests <1b>[0;31m8 fails<1b>[0m 
    test-plot.R...................   26 tests <1b>[0;31m8 fails<1b>[0m 
    test-plot.R...................   27 tests <1b>[0;31m8 fails<1b>[0m 
    test-plot.R...................   28 tests <1b>[0;31m8 fails<1b>[0m 
    test-plot.R...................   28 tests <1b>[0;31m8 fails<1b>[0m 
    test-plot.R...................   29 tests <1b>[0;31m8 fails<1b>[0m 
    test-plot.R...................   30 tests <1b>[0;31m8 fails<1b>[0m 
    test-plot.R...................   30 tests <1b>[0;31m8 fails<1b>[0m 
    test-plot.R...................   31 tests <1b>[0;31m9 fails<1b>[0m 
    test-plot.R...................   32 tests <1b>[0;31m9 fails<1b>[0m 
    test-plot.R...................   33 tests <1b>[0;31m9 fails<1b>[0m 
    test-plot.R...................   34 tests <1b>[0;31m10 fails<1b>[0m 
    test-plot.R...................   35 tests <1b>[0;31m10 fails<1b>[0m 
    test-plot.R...................   36 tests <1b>[0;31m10 fails<1b>[0m 
    test-plot.R...................   37 tests <1b>[0;31m10 fails<1b>[0m 
    test-plot.R...................   37 tests <1b>[0;31m10 fails<1b>[0m 
    test-plot.R...................   38 tests <1b>[0;31m10 fails<1b>[0m 
    test-plot.R...................   39 tests <1b>[0;31m10 fails<1b>[0m <1b>[0;34m2.8s<1b>[0m
    
    test-print.R..................    0 tests    0%   10   20   30   40   50   60   70   80   90   100%
    [----|----|----|----|----|----|----|----|----|----|
    **************************************************|
    
    test-print.R..................    0 tests    
    test-print.R..................    0 tests    
    test-print.R..................    0 tests    
    test-print.R..................    0 tests    Benchmark summary:
    Time units : nanoseconds 
      expr n.eval min lw.qu median mean up.qu  max total relative
     1 + 1    100 146   237    306  320   356 1740 32000     1.00
       One    100 142   238    308  301   349  569 30100     1.01
    
    test-print.R..................    1 tests <1b>[0;32mOK<1b>[0m Time units : nanoseconds 
      expr n.eval min lw.qu median mean up.qu  max total relative
     1 + 1    100 146   237    306  320   356 1740 32000     1.00
       One    100 142   238    308  301   349  569 30100     1.01
    
    test-print.R..................    2 tests <1b>[0;32mOK<1b>[0m Time units : nanoseconds 
      expr n.eval mean trimmed lw.ci up.ci relative
     1 + 1    100  320     305   146  1740     1.06
       One    100  301     298   142   569     1.00
    
    test-print.R..................    3 tests <1b>[0;32mOK<1b>[0m 
    test-print.R..................    4 tests <1b>[0;32mOK<1b>[0m 
    test-print.R..................    5 tests <1b>[0;32mOK<1b>[0m 
    test-print.R..................    6 tests <1b>[0;32mOK<1b>[0m 
    test-print.R..................    7 tests <1b>[0;32mOK<1b>[0m 
    test-print.R..................    8 tests <1b>[0;32mOK<1b>[0m 
    test-print.R..................    9 tests <1b>[0;32mOK<1b>[0m 
    test-print.R..................   10 tests <1b>[0;32mOK<1b>[0m 
    test-print.R..................   11 tests <1b>[0;32mOK<1b>[0m 
    test-print.R..................   12 tests <1b>[0;32mOK<1b>[0m 
    test-print.R..................   13 tests <1b>[0;32mOK<1b>[0m 
    test-print.R..................   14 tests <1b>[0;32mOK<1b>[0m 
    test-print.R..................   15 tests <1b>[0;32mOK<1b>[0m 
    test-print.R..................   16 tests <1b>[0;32mOK<1b>[0m 
    test-print.R..................   17 tests <1b>[0;32mOK<1b>[0m 
    test-print.R..................   18 tests <1b>[0;32mOK<1b>[0m 
    test-print.R..................   19 tests <1b>[0;32mOK<1b>[0m 
    test-print.R..................   20 tests <1b>[0;32mOK<1b>[0m 
    test-print.R..................   21 tests <1b>[0;32mOK<1b>[0m 
    test-print.R..................   22 tests <1b>[0;32mOK<1b>[0m 
    test-print.R..................   23 tests <1b>[0;32mOK<1b>[0m 
    test-print.R..................   24 tests <1b>[0;32mOK<1b>[0m 
    test-print.R..................   25 tests <1b>[0;32mOK<1b>[0m <1b>[0;34m0.3s<1b>[0m
    
    test-summary.R................    0 tests    0%   10   20   30   40   50   60   70   80   90   100%
    [----|----|----|----|----|----|----|----|----|----|
    **************************************************|
    
    test-summary.R................    0 tests    
    test-summary.R................    0 tests    
    test-summary.R................    1 tests <1b>[0;32mOK<1b>[0m 
    test-summary.R................    2 tests <1b>[0;32mOK<1b>[0m 
    test-summary.R................    3 tests <1b>[0;32mOK<1b>[0m 
    test-summary.R................    4 tests <1b>[0;32mOK<1b>[0m 
    test-summary.R................    5 tests <1b>[0;32mOK<1b>[0m 
    test-summary.R................    6 tests <1b>[0;32mOK<1b>[0m 
    test-summary.R................    6 tests <1b>[0;32mOK<1b>[0m 
    test-summary.R................    7 tests <1b>[0;32mOK<1b>[0m 
    test-summary.R................    8 tests <1b>[0;32mOK<1b>[0m 
    test-summary.R................    9 tests <1b>[0;32mOK<1b>[0m 
    test-summary.R................   10 tests <1b>[0;32mOK<1b>[0m 
    test-summary.R................   11 tests <1b>[0;32mOK<1b>[0m 
    test-summary.R................   12 tests <1b>[0;32mOK<1b>[0m 
    test-summary.R................   13 tests <1b>[0;32mOK<1b>[0m 
    test-summary.R................   14 tests <1b>[0;32mOK<1b>[0m 
    test-summary.R................   15 tests <1b>[0;32mOK<1b>[0m 
    test-summary.R................   16 tests <1b>[0;32mOK<1b>[0m 
    test-summary.R................   17 tests <1b>[0;32mOK<1b>[0m 0%   10   20   30   40   50   60   70   80   90   100%
    [----|----|----|----|----|----|----|----|----|----|
    **************************************************|
    
    test-summary.R................   18 tests <1b>[0;32mOK<1b>[0m 
    test-summary.R................   19 tests <1b>[0;32mOK<1b>[0m 
    test-summary.R................   19 tests <1b>[0;32mOK<1b>[0m 
    test-summary.R................   20 tests <1b>[0;32mOK<1b>[0m 
    test-summary.R................   20 tests <1b>[0;32mOK<1b>[0m 
    test-summary.R................   21 tests <1b>[0;32mOK<1b>[0m 
    test-summary.R................   22 tests <1b>[0;32mOK<1b>[0m <1b>[0;34m0.6s<1b>[0m
    
    test-timer.R..................    0 tests    
    test-timer.R..................    0 tests    
    test-timer.R..................    0 tests    
    test-timer.R..................    1 tests <1b>[0;32mOK<1b>[0m 
    test-timer.R..................    2 tests <1b>[0;32mOK<1b>[0m 
    test-timer.R..................    3 tests <1b>[0;32mOK<1b>[0m 
    test-timer.R..................    4 tests <1b>[0;32mOK<1b>[0m 
    test-timer.R..................    5 tests <1b>[0;32mOK<1b>[0m 
    test-timer.R..................    6 tests <1b>[0;32mOK<1b>[0m 
    test-timer.R..................   10 tests <1b>[0;32mOK<1b>[0m <1b>[0;34m0.8s<1b>[0m
    ----- FAILED[data]: test-plot.R<9--9>
     call| expect_equal(class(bp), c("gg", "ggplot"))
     diff| Lengths (2, 5) differ (string compare on first 2)
     diff| 1 string mismatch
    ----- FAILED[attr]: test-plot.R<11--11>
     call| expect_equal(bp$labels, list(x = "expr", y = "time"))
     diff| Attributes: < names for current but not for target >
     diff| Attributes: < Length mismatch: comparison on first 0 components >
    ----- FAILED[data]: test-plot.R<21--21>
     call| expect_equal(class(bph), c("gg", "ggplot"))
     diff| Lengths (2, 5) differ (string compare on first 2)
     diff| 1 string mismatch
    ----- FAILED[attr]: test-plot.R<23--23>
     call| expect_equal(bph$labels, list(x = "expr", y = "time"))
     diff| Attributes: < names for current but not for target >
     diff| Attributes: < Length mismatch: comparison on first 0 components >
    ----- FAILED[data]: test-plot.R<33--33>
     call| expect_equal(class(bpv), c("gg", "ggplot"))
     diff| Lengths (2, 5) differ (string compare on first 2)
     diff| 1 string mismatch
    ----- FAILED[attr]: test-plot.R<35--35>
     call| expect_equal(bpv$labels, list(x = "expr", y = "time"))
     diff| Attributes: < names for current but not for target >
     diff| Attributes: < Length mismatch: comparison on first 0 components >
    ----- FAILED[data]: test-plot.R<45--45>
     call| expect_equal(class(pp), c("gg", "ggplot"))
     diff| Lengths (2, 5) differ (string compare on first 2)
     diff| 1 string mismatch
    ----- FAILED[attr]: test-plot.R<48--48>
     call| expect_equal(pp$labels, list(x = "replications", y = "time", 
     call| -->    colour = NULL))
     diff| Attributes: < names for current but not for target >
     diff| Attributes: < Length mismatch: comparison on first 0 components >
    ----- FAILED[data]: test-plot.R<59--59>
     call| expect_equal(class(pp2), c("gg", "ggplot"))
     diff| Lengths (2, 5) differ (string compare on first 2)
     diff| 1 string mismatch
    ----- FAILED[attr]: test-plot.R<62--62>
     call| expect_equal(pp2$labels, list(x = "replications", y = "time", 
     call| -->    colour = NULL))
     diff| Attributes: < names for current but not for target >
     diff| Attributes: < Length mismatch: comparison on first 0 components >
    Error: 10 out of 176 tests failed
    Execution halted
Flavor: r-release-linux-x86_64
Version: 0.2.5
Check: tests
Result: ERROR
    Running 'tinytest.R' [4s]
  Running the tests in 'tests/tinytest.R' failed.
  Complete output:
    > if (requireNamespace("tinytest", quietly = TRUE)) {
    +   tinytest::test_package("benchr")
    + }
    
    test-benchmark.R..............    0 tests    0%   10   20   30   40   50   60   70   80   90   100%
    [----|----|----|----|----|----|----|----|----|----|
    **************************************************|
    
    test-benchmark.R..............    0 tests    
    test-benchmark.R..............    1 tests <1b>[0;32mOK<1b>[0m 
    test-benchmark.R..............    2 tests <1b>[0;32mOK<1b>[0m 
    test-benchmark.R..............    3 tests <1b>[0;32mOK<1b>[0m 
    test-benchmark.R..............    4 tests <1b>[0;32mOK<1b>[0m 
    test-benchmark.R..............    5 tests <1b>[0;32mOK<1b>[0m 
    test-benchmark.R..............    6 tests <1b>[0;32mOK<1b>[0m 
    test-benchmark.R..............    7 tests <1b>[0;32mOK<1b>[0m 
    test-benchmark.R..............    8 tests <1b>[0;32mOK<1b>[0m 
    test-benchmark.R..............    9 tests <1b>[0;32mOK<1b>[0m 
    test-benchmark.R..............   10 tests <1b>[0;32mOK<1b>[0m 
    test-benchmark.R..............   11 tests <1b>[0;32mOK<1b>[0m 
    test-benchmark.R..............   12 tests <1b>[0;32mOK<1b>[0m 
    test-benchmark.R..............   13 tests <1b>[0;32mOK<1b>[0m 
    test-benchmark.R..............   14 tests <1b>[0;32mOK<1b>[0m 
    test-benchmark.R..............   15 tests <1b>[0;32mOK<1b>[0m 
    test-benchmark.R..............   16 tests <1b>[0;32mOK<1b>[0m 
    test-benchmark.R..............   17 tests <1b>[0;32mOK<1b>[0m 
    test-benchmark.R..............   18 tests <1b>[0;32mOK<1b>[0m 
    test-benchmark.R..............   19 tests <1b>[0;32mOK<1b>[0m 
    test-benchmark.R..............   20 tests <1b>[0;32mOK<1b>[0m 
    test-benchmark.R..............   21 tests <1b>[0;32mOK<1b>[0m 0%   10   20   30   40   50   60   70   80   90   100%
    [----|----|----|----|----|----|----|----|----|----|
    **************************************************|
    
    test-benchmark.R..............   21 tests <1b>[0;32mOK<1b>[0m 
    test-benchmark.R..............   22 tests <1b>[0;32mOK<1b>[0m 
    test-benchmark.R..............   23 tests <1b>[0;32mOK<1b>[0m 0%   10   20   30   40   50   60   70   80   90   100%
    [----|----|----|----|----|----|----|----|----|----|
    **************************************************|
    
    test-benchmark.R..............   23 tests <1b>[0;32mOK<1b>[0m 
    test-benchmark.R..............   24 tests <1b>[0;32mOK<1b>[0m 
    test-benchmark.R..............   25 tests <1b>[0;32mOK<1b>[0m 0%   10   20   30   40   50   60   70   80   90   100%
    [----|----|----|----|----|----|----|----|----|----|
    **************************************************|
    
    test-benchmark.R..............   25 tests <1b>[0;32mOK<1b>[0m 
    test-benchmark.R..............   26 tests <1b>[0;32mOK<1b>[0m 
    test-benchmark.R..............   27 tests <1b>[0;32mOK<1b>[0m 0%   10   20   30   40   50   60   70   80   90   100%
    [----|----|----|----|----|----|----|----|----|----|
    **************************************************|
    
    test-benchmark.R..............   27 tests <1b>[0;32mOK<1b>[0m 
    test-benchmark.R..............   28 tests <1b>[0;32mOK<1b>[0m 
    test-benchmark.R..............   29 tests <1b>[0;32mOK<1b>[0m 
    test-benchmark.R..............   30 tests <1b>[0;32mOK<1b>[0m <1b>[0;34m0.4s<1b>[0m
    
    test-dots.R...................    0 tests    
    test-dots.R...................    1 tests <1b>[0;32mOK<1b>[0m 
    test-dots.R...................    2 tests <1b>[0;32mOK<1b>[0m 
    test-dots.R...................    3 tests <1b>[0;32mOK<1b>[0m 
    test-dots.R...................    4 tests <1b>[0;32mOK<1b>[0m 
    test-dots.R...................    5 tests <1b>[0;32mOK<1b>[0m 
    test-dots.R...................    6 tests <1b>[0;32mOK<1b>[0m 
    test-dots.R...................    7 tests <1b>[0;32mOK<1b>[0m 
    test-dots.R...................    8 tests <1b>[0;32mOK<1b>[0m 
    test-dots.R...................    9 tests <1b>[0;32mOK<1b>[0m 
    test-dots.R...................   10 tests <1b>[0;32mOK<1b>[0m 
    test-dots.R...................   11 tests <1b>[0;32mOK<1b>[0m 
    test-dots.R...................   12 tests <1b>[0;32mOK<1b>[0m <1b>[0;36m9ms<1b>[0m
    
    test-format.R.................    0 tests    0%   10   20   30   40   50   60   70   80   90   100%
    [----|----|----|----|----|----|----|----|----|----|
    **************************************************|
    
    test-format.R.................    0 tests    
    test-format.R.................    0 tests    
    test-format.R.................    0 tests    
    test-format.R.................    1 tests <1b>[0;32mOK<1b>[0m 
    test-format.R.................    2 tests <1b>[0;32mOK<1b>[0m 
    test-format.R.................    3 tests <1b>[0;32mOK<1b>[0m <1b>[0;36m75ms<1b>[0m
    
    test-mean.R...................    0 tests    0%   10   20   30   40   50   60   70   80   90   100%
    [----|----|----|----|----|----|----|----|----|----|
    **************************************************|
    
    test-mean.R...................    0 tests    
    test-mean.R...................    0 tests    
    test-mean.R...................    1 tests <1b>[0;32mOK<1b>[0m 
    test-mean.R...................    2 tests <1b>[0;32mOK<1b>[0m 
    test-mean.R...................    3 tests <1b>[0;32mOK<1b>[0m 
    test-mean.R...................    4 tests <1b>[0;32mOK<1b>[0m 
    test-mean.R...................    5 tests <1b>[0;32mOK<1b>[0m 
    test-mean.R...................    6 tests <1b>[0;32mOK<1b>[0m 
    test-mean.R...................    7 tests <1b>[0;32mOK<1b>[0m 
    test-mean.R...................    8 tests <1b>[0;32mOK<1b>[0m 
    test-mean.R...................    9 tests <1b>[0;32mOK<1b>[0m 
    test-mean.R...................   10 tests <1b>[0;32mOK<1b>[0m 0%   10   20   30   40   50   60   70   80   90   100%
    [----|----|----|----|----|----|----|----|----|----|
    **************************************************|
    
    test-mean.R...................   11 tests <1b>[0;32mOK<1b>[0m 
    test-mean.R...................   12 tests <1b>[0;32mOK<1b>[0m 
    test-mean.R...................   12 tests <1b>[0;32mOK<1b>[0m 
    test-mean.R...................   13 tests <1b>[0;32mOK<1b>[0m 
    test-mean.R...................   13 tests <1b>[0;32mOK<1b>[0m 
    test-mean.R...................   14 tests <1b>[0;32mOK<1b>[0m 
    test-mean.R...................   14 tests <1b>[0;32mOK<1b>[0m 
    test-mean.R...................   15 tests <1b>[0;32mOK<1b>[0m 
    test-mean.R...................   16 tests <1b>[0;32mOK<1b>[0m 
    test-mean.R...................   16 tests <1b>[0;32mOK<1b>[0m 
    test-mean.R...................   17 tests <1b>[0;32mOK<1b>[0m 
    test-mean.R...................   18 tests <1b>[0;32mOK<1b>[0m 0%   10   20   30   40   50   60   70   80   90   100%
    [----|----|----|----|----|----|----|----|----|----|
    **************************************************|
    
    test-mean.R...................   18 tests <1b>[0;32mOK<1b>[0m 
    test-mean.R...................   19 tests <1b>[0;32mOK<1b>[0m 
    test-mean.R...................   20 tests <1b>[0;32mOK<1b>[0m 
    test-mean.R...................   21 tests <1b>[0;32mOK<1b>[0m 
    test-mean.R...................   22 tests <1b>[0;32mOK<1b>[0m 0%   10   20   30   40   50   60   70   80   90   100%
    [----|----|----|----|----|----|----|----|----|----|
    **************************************************|
    
    test-mean.R...................   22 tests <1b>[0;32mOK<1b>[0m 
    test-mean.R...................   23 tests <1b>[0;32mOK<1b>[0m 
    test-mean.R...................   24 tests <1b>[0;32mOK<1b>[0m <1b>[0;34m0.3s<1b>[0m
    
    test-order.R..................    0 tests    
    test-order.R..................    0 tests    
    test-order.R..................    0 tests    
    test-order.R..................    0 tests    
    test-order.R..................    0 tests    
    test-order.R..................    0 tests    
    test-order.R..................    0 tests    
    test-order.R..................    0 tests    
    test-order.R..................    0 tests    
    test-order.R..................    1 tests <1b>[0;32mOK<1b>[0m 
    test-order.R..................    2 tests <1b>[0;32mOK<1b>[0m 
    test-order.R..................    3 tests <1b>[0;32mOK<1b>[0m 
    test-order.R..................    4 tests <1b>[0;32mOK<1b>[0m 
    test-order.R..................    5 tests <1b>[0;32mOK<1b>[0m 
    test-order.R..................    6 tests <1b>[0;32mOK<1b>[0m 
    test-order.R..................    7 tests <1b>[0;32mOK<1b>[0m 
    test-order.R..................    8 tests <1b>[0;32mOK<1b>[0m 
    test-order.R..................    9 tests <1b>[0;32mOK<1b>[0m 
    test-order.R..................   10 tests <1b>[0;32mOK<1b>[0m 
    test-order.R..................   11 tests <1b>[0;32mOK<1b>[0m <1b>[0;36m6ms<1b>[0m
    
    test-plot.R...................    0 tests    
    test-plot.R...................    0 tests    
    test-plot.R...................    0 tests    0%   10   20   30   40   50   60   70   80   90   100%
    [----|----|----|----|----|----|----|----|----|----|
    **************************************************|
    
    test-plot.R...................    0 tests    
    test-plot.R...................    0 tests    
    test-plot.R...................    1 tests <1b>[0;31m1 fails<1b>[0m 
    test-plot.R...................    2 tests <1b>[0;31m1 fails<1b>[0m 
    test-plot.R...................    3 tests <1b>[0;31m2 fails<1b>[0m 
    test-plot.R...................    4 tests <1b>[0;31m2 fails<1b>[0m 
    test-plot.R...................    5 tests <1b>[0;31m2 fails<1b>[0m 
    test-plot.R...................    5 tests <1b>[0;31m2 fails<1b>[0m 
    test-plot.R...................    6 tests <1b>[0;31m2 fails<1b>[0m 
    test-plot.R...................    7 tests <1b>[0;31m2 fails<1b>[0m 
    test-plot.R...................    7 tests <1b>[0;31m2 fails<1b>[0m 
    test-plot.R...................    8 tests <1b>[0;31m3 fails<1b>[0m 
    test-plot.R...................    9 tests <1b>[0;31m3 fails<1b>[0m 
    test-plot.R...................   10 tests <1b>[0;31m4 fails<1b>[0m 
    test-plot.R...................   11 tests <1b>[0;31m4 fails<1b>[0m 
    test-plot.R...................   12 tests <1b>[0;31m4 fails<1b>[0m 
    test-plot.R...................   12 tests <1b>[0;31m4 fails<1b>[0m 
    test-plot.R...................   13 tests <1b>[0;31m4 fails<1b>[0m 
    test-plot.R...................   14 tests <1b>[0;31m4 fails<1b>[0m 
    test-plot.R...................   14 tests <1b>[0;31m4 fails<1b>[0m 
    test-plot.R...................   15 tests <1b>[0;31m5 fails<1b>[0m 
    test-plot.R...................   16 tests <1b>[0;31m5 fails<1b>[0m 
    test-plot.R...................   17 tests <1b>[0;31m6 fails<1b>[0m 
    test-plot.R...................   18 tests <1b>[0;31m6 fails<1b>[0m 
    test-plot.R...................   19 tests <1b>[0;31m6 fails<1b>[0m 
    test-plot.R...................   19 tests <1b>[0;31m6 fails<1b>[0m 
    test-plot.R...................   20 tests <1b>[0;31m6 fails<1b>[0m 
    test-plot.R...................   21 tests <1b>[0;31m6 fails<1b>[0m 
    test-plot.R...................   21 tests <1b>[0;31m6 fails<1b>[0m 
    test-plot.R...................   22 tests <1b>[0;31m7 fails<1b>[0m 
    test-plot.R...................   23 tests <1b>[0;31m7 fails<1b>[0m 
    test-plot.R...................   24 tests <1b>[0;31m7 fails<1b>[0m 
    test-plot.R...................   25 tests <1b>[0;31m8 fails<1b>[0m 
    test-plot.R...................   26 tests <1b>[0;31m8 fails<1b>[0m 
    test-plot.R...................   27 tests <1b>[0;31m8 fails<1b>[0m 
    test-plot.R...................   28 tests <1b>[0;31m8 fails<1b>[0m 
    test-plot.R...................   28 tests <1b>[0;31m8 fails<1b>[0m 
    test-plot.R...................   29 tests <1b>[0;31m8 fails<1b>[0m 
    test-plot.R...................   30 tests <1b>[0;31m8 fails<1b>[0m 
    test-plot.R...................   30 tests <1b>[0;31m8 fails<1b>[0m 
    test-plot.R...................   31 tests <1b>[0;31m9 fails<1b>[0m 
    test-plot.R...................   32 tests <1b>[0;31m9 fails<1b>[0m 
    test-plot.R...................   33 tests <1b>[0;31m9 fails<1b>[0m 
    test-plot.R...................   34 tests <1b>[0;31m10 fails<1b>[0m 
    test-plot.R...................   35 tests <1b>[0;31m10 fails<1b>[0m 
    test-plot.R...................   36 tests <1b>[0;31m10 fails<1b>[0m 
    test-plot.R...................   37 tests <1b>[0;31m10 fails<1b>[0m 
    test-plot.R...................   37 tests <1b>[0;31m10 fails<1b>[0m 
    test-plot.R...................   38 tests <1b>[0;31m10 fails<1b>[0m 
    test-plot.R...................   39 tests <1b>[0;31m10 fails<1b>[0m <1b>[0;34m1.8s<1b>[0m
    
    test-print.R..................    0 tests    0%   10   20   30   40   50   60   70   80   90   100%
    [----|----|----|----|----|----|----|----|----|----|
    **************************************************|
    
    test-print.R..................    0 tests    
    test-print.R..................    0 tests    
    test-print.R..................    0 tests    
    test-print.R..................    0 tests    Benchmark summary:
    Time units : nanoseconds 
      expr n.eval min lw.qu median mean up.qu  max total relative
     1 + 1    100   0   100    100  177   200 2200 17700        1
       One    100   0   100    100  177   200 4100 17700        1
    
    test-print.R..................    1 tests <1b>[0;32mOK<1b>[0m Time units : nanoseconds 
      expr n.eval min lw.qu median mean up.qu  max total relative
     1 + 1    100   0   100    100  177   200 2200 17700        1
       One    100   0   100    100  177   200 4100 17700        1
    
    test-print.R..................    2 tests <1b>[0;32mOK<1b>[0m Time units : nanoseconds 
      expr n.eval mean trimmed lw.ci up.ci relative
     1 + 1    100  177     148   100  2200        1
       One    100  177     131   100  4100        1
    
    test-print.R..................    3 tests <1b>[0;32mOK<1b>[0m 
    test-print.R..................    4 tests <1b>[0;32mOK<1b>[0m 
    test-print.R..................    5 tests <1b>[0;32mOK<1b>[0m 
    test-print.R..................    6 tests <1b>[0;32mOK<1b>[0m 
    test-print.R..................    7 tests <1b>[0;32mOK<1b>[0m 
    test-print.R..................    8 tests <1b>[0;32mOK<1b>[0m 
    test-print.R..................    9 tests <1b>[0;32mOK<1b>[0m 
    test-print.R..................   10 tests <1b>[0;32mOK<1b>[0m 
    test-print.R..................   11 tests <1b>[0;32mOK<1b>[0m 
    test-print.R..................   12 tests <1b>[0;32mOK<1b>[0m 
    test-print.R..................   13 tests <1b>[0;32mOK<1b>[0m 
    test-print.R..................   14 tests <1b>[0;32mOK<1b>[0m 
    test-print.R..................   15 tests <1b>[0;32mOK<1b>[0m 
    test-print.R..................   16 tests <1b>[0;32mOK<1b>[0m 
    test-print.R..................   17 tests <1b>[0;32mOK<1b>[0m 
    test-print.R..................   18 tests <1b>[0;32mOK<1b>[0m 
    test-print.R..................   19 tests <1b>[0;32mOK<1b>[0m 
    test-print.R..................   20 tests <1b>[0;32mOK<1b>[0m 
    test-print.R..................   21 tests <1b>[0;32mOK<1b>[0m 
    test-print.R..................   22 tests <1b>[0;32mOK<1b>[0m 
    test-print.R..................   23 tests <1b>[0;32mOK<1b>[0m 
    test-print.R..................   24 tests <1b>[0;32mOK<1b>[0m 
    test-print.R..................   25 tests <1b>[0;32mOK<1b>[0m <1b>[0;34m0.3s<1b>[0m
    
    test-summary.R................    0 tests    0%   10   20   30   40   50   60   70   80   90   100%
    [----|----|----|----|----|----|----|----|----|----|
    **************************************************|
    
    test-summary.R................    0 tests    
    test-summary.R................    0 tests    
    test-summary.R................    1 tests <1b>[0;32mOK<1b>[0m 
    test-summary.R................    2 tests <1b>[0;32mOK<1b>[0m 
    test-summary.R................    3 tests <1b>[0;32mOK<1b>[0m 
    test-summary.R................    4 tests <1b>[0;32mOK<1b>[0m 
    test-summary.R................    5 tests <1b>[0;32mOK<1b>[0m 
    test-summary.R................    6 tests <1b>[0;32mOK<1b>[0m 
    test-summary.R................    6 tests <1b>[0;32mOK<1b>[0m 
    test-summary.R................    7 tests <1b>[0;32mOK<1b>[0m 
    test-summary.R................    8 tests <1b>[0;32mOK<1b>[0m 
    test-summary.R................    9 tests <1b>[0;32mOK<1b>[0m 
    test-summary.R................   10 tests <1b>[0;32mOK<1b>[0m 
    test-summary.R................   11 tests <1b>[0;32mOK<1b>[0m 
    test-summary.R................   12 tests <1b>[0;32mOK<1b>[0m 
    test-summary.R................   13 tests <1b>[0;32mOK<1b>[0m 
    test-summary.R................   14 tests <1b>[0;32mOK<1b>[0m 
    test-summary.R................   15 tests <1b>[0;32mOK<1b>[0m 
    test-summary.R................   16 tests <1b>[0;32mOK<1b>[0m 
    test-summary.R................   17 tests <1b>[0;32mOK<1b>[0m 0%   10   20   30   40   50   60   70   80   90   100%
    [----|----|----|----|----|----|----|----|----|----|
    **************************************************|
    
    test-summary.R................   18 tests <1b>[0;32mOK<1b>[0m 
    test-summary.R................   19 tests <1b>[0;32mOK<1b>[0m 
    test-summary.R................   19 tests <1b>[0;32mOK<1b>[0m 
    test-summary.R................   20 tests <1b>[0;32mOK<1b>[0m 
    test-summary.R................   20 tests <1b>[0;32mOK<1b>[0m 
    test-summary.R................   21 tests <1b>[0;32mOK<1b>[0m 
    test-summary.R................   22 tests <1b>[0;32mOK<1b>[0m <1b>[0;34m0.4s<1b>[0m
    
    test-timer.R..................    0 tests    
    test-timer.R..................    0 tests    
    test-timer.R..................    0 tests    
    test-timer.R..................    1 tests <1b>[0;32mOK<1b>[0m 
    test-timer.R..................    2 tests <1b>[0;32mOK<1b>[0m 
    test-timer.R..................    3 tests <1b>[0;32mOK<1b>[0m 
    test-timer.R..................    4 tests <1b>[0;32mOK<1b>[0m 
    test-timer.R..................    5 tests <1b>[0;32mOK<1b>[0m 
    test-timer.R..................    6 tests <1b>[0;32mOK<1b>[0m 
    test-timer.R..................    6 tests <1b>[0;32mOK<1b>[0m <1b>[0;36m46ms<1b>[0m
    ----- FAILED[data]: test-plot.R<9--9>
     call| expect_equal(class(bp), c("gg", "ggplot"))
     diff| Lengths (2, 5) differ (string compare on first 2)
     diff| 1 string mismatch
    ----- FAILED[attr]: test-plot.R<11--11>
     call| expect_equal(bp$labels, list(x = "expr", y = "time"))
     diff| Attributes: < names for current but not for target >
     diff| Attributes: < Length mismatch: comparison on first 0 components >
    ----- FAILED[data]: test-plot.R<21--21>
     call| expect_equal(class(bph), c("gg", "ggplot"))
     diff| Lengths (2, 5) differ (string compare on first 2)
     diff| 1 string mismatch
    ----- FAILED[attr]: test-plot.R<23--23>
     call| expect_equal(bph$labels, list(x = "expr", y = "time"))
     diff| Attributes: < names for current but not for target >
     diff| Attributes: < Length mismatch: comparison on first 0 components >
    ----- FAILED[data]: test-plot.R<33--33>
     call| expect_equal(class(bpv), c("gg", "ggplot"))
     diff| Lengths (2, 5) differ (string compare on first 2)
     diff| 1 string mismatch
    ----- FAILED[attr]: test-plot.R<35--35>
     call| expect_equal(bpv$labels, list(x = "expr", y = "time"))
     diff| Attributes: < names for current but not for target >
     diff| Attributes: < Length mismatch: comparison on first 0 components >
    ----- FAILED[data]: test-plot.R<45--45>
     call| expect_equal(class(pp), c("gg", "ggplot"))
     diff| Lengths (2, 5) differ (string compare on first 2)
     diff| 1 string mismatch
    ----- FAILED[attr]: test-plot.R<48--48>
     call| expect_equal(pp$labels, list(x = "replications", y = "time", 
     call| -->    colour = NULL))
     diff| Attributes: < names for current but not for target >
     diff| Attributes: < Length mismatch: comparison on first 0 components >
    ----- FAILED[data]: test-plot.R<59--59>
     call| expect_equal(class(pp2), c("gg", "ggplot"))
     diff| Lengths (2, 5) differ (string compare on first 2)
     diff| 1 string mismatch
    ----- FAILED[attr]: test-plot.R<62--62>
     call| expect_equal(pp2$labels, list(x = "replications", y = "time", 
     call| -->    colour = NULL))
     diff| Attributes: < names for current but not for target >
     diff| Attributes: < Length mismatch: comparison on first 0 components >
    Error: 10 out of 172 tests failed
    In addition: Warning messages:
    1: In wilcox.test.default(x, conf.int = TRUE, conf.level = conf.level) :
      requested conf.level not achievable
    2: In wilcox.test.default(x, conf.int = TRUE, conf.level = conf.level) :
      cannot compute exact p-value with ties
    3: In wilcox.test.default(x, conf.int = TRUE, conf.level = conf.level) :
      cannot compute exact confidence interval with ties
    4: In ggplot2::scale_y_log10() :
      log-10 transformation introduced infinite values.
    5: Removed 9 rows containing non-finite outside the scale range
    (`stat_boxplot()`). 
    6: In ggplot2::scale_y_log10() :
      log-10 transformation introduced infinite values.
    7: Removed 9 rows containing non-finite outside the scale range
    (`stat_ydensity()`). 
    8: In ggplot2::scale_y_log10() :
      log-10 transformation introduced infinite values.
    Execution halted
Flavor: r-release-windows-x86_64
Version: 0.2.5
Check: LazyData
Result: NOTE
    'LazyData' is specified without a 'data' directory
Flavors: r-oldrel-macos-arm64, r-oldrel-macos-x86_64, r-oldrel-windows-x86_64
Version: 0.2.5
Check: tests
Result: ERROR
    Running 'tinytest.R' [5s]
  Running the tests in 'tests/tinytest.R' failed.
  Complete output:
    > if (requireNamespace("tinytest", quietly = TRUE)) {
    +   tinytest::test_package("benchr")
    + }
    
    test-benchmark.R..............    0 tests    0%   10   20   30   40   50   60   70   80   90   100%
    [----|----|----|----|----|----|----|----|----|----|
    **************************************************|
    
    test-benchmark.R..............    0 tests    
    test-benchmark.R..............    1 tests <1b>[0;32mOK<1b>[0m 
    test-benchmark.R..............    2 tests <1b>[0;32mOK<1b>[0m 
    test-benchmark.R..............    3 tests <1b>[0;32mOK<1b>[0m 
    test-benchmark.R..............    4 tests <1b>[0;32mOK<1b>[0m 
    test-benchmark.R..............    5 tests <1b>[0;32mOK<1b>[0m 
    test-benchmark.R..............    6 tests <1b>[0;32mOK<1b>[0m 
    test-benchmark.R..............    7 tests <1b>[0;32mOK<1b>[0m 
    test-benchmark.R..............    8 tests <1b>[0;32mOK<1b>[0m 
    test-benchmark.R..............    9 tests <1b>[0;32mOK<1b>[0m 
    test-benchmark.R..............   10 tests <1b>[0;32mOK<1b>[0m 
    test-benchmark.R..............   11 tests <1b>[0;32mOK<1b>[0m 
    test-benchmark.R..............   12 tests <1b>[0;32mOK<1b>[0m 
    test-benchmark.R..............   13 tests <1b>[0;32mOK<1b>[0m 
    test-benchmark.R..............   14 tests <1b>[0;32mOK<1b>[0m 
    test-benchmark.R..............   15 tests <1b>[0;32mOK<1b>[0m 
    test-benchmark.R..............   16 tests <1b>[0;32mOK<1b>[0m 
    test-benchmark.R..............   17 tests <1b>[0;32mOK<1b>[0m 
    test-benchmark.R..............   18 tests <1b>[0;32mOK<1b>[0m 
    test-benchmark.R..............   19 tests <1b>[0;32mOK<1b>[0m 
    test-benchmark.R..............   20 tests <1b>[0;32mOK<1b>[0m 
    test-benchmark.R..............   21 tests <1b>[0;32mOK<1b>[0m 0%   10   20   30   40   50   60   70   80   90   100%
    [----|----|----|----|----|----|----|----|----|----|
    **************************************************|
    
    test-benchmark.R..............   21 tests <1b>[0;32mOK<1b>[0m 
    test-benchmark.R..............   22 tests <1b>[0;32mOK<1b>[0m 
    test-benchmark.R..............   23 tests <1b>[0;32mOK<1b>[0m 0%   10   20   30   40   50   60   70   80   90   100%
    [----|----|----|----|----|----|----|----|----|----|
    **************************************************|
    
    test-benchmark.R..............   23 tests <1b>[0;32mOK<1b>[0m 
    test-benchmark.R..............   24 tests <1b>[0;32mOK<1b>[0m 
    test-benchmark.R..............   25 tests <1b>[0;32mOK<1b>[0m 0%   10   20   30   40   50   60   70   80   90   100%
    [----|----|----|----|----|----|----|----|----|----|
    **************************************************|
    
    test-benchmark.R..............   25 tests <1b>[0;32mOK<1b>[0m 
    test-benchmark.R..............   26 tests <1b>[0;32mOK<1b>[0m 
    test-benchmark.R..............   27 tests <1b>[0;32mOK<1b>[0m 0%   10   20   30   40   50   60   70   80   90   100%
    [----|----|----|----|----|----|----|----|----|----|
    **************************************************|
    
    test-benchmark.R..............   27 tests <1b>[0;32mOK<1b>[0m 
    test-benchmark.R..............   28 tests <1b>[0;32mOK<1b>[0m 
    test-benchmark.R..............   29 tests <1b>[0;32mOK<1b>[0m 
    test-benchmark.R..............   30 tests <1b>[0;32mOK<1b>[0m <1b>[0;34m0.6s<1b>[0m
    
    test-dots.R...................    0 tests    
    test-dots.R...................    1 tests <1b>[0;32mOK<1b>[0m 
    test-dots.R...................    2 tests <1b>[0;32mOK<1b>[0m 
    test-dots.R...................    3 tests <1b>[0;32mOK<1b>[0m 
    test-dots.R...................    4 tests <1b>[0;32mOK<1b>[0m 
    test-dots.R...................    5 tests <1b>[0;32mOK<1b>[0m 
    test-dots.R...................    6 tests <1b>[0;32mOK<1b>[0m 
    test-dots.R...................    7 tests <1b>[0;32mOK<1b>[0m 
    test-dots.R...................    8 tests <1b>[0;32mOK<1b>[0m 
    test-dots.R...................    9 tests <1b>[0;32mOK<1b>[0m 
    test-dots.R...................   10 tests <1b>[0;32mOK<1b>[0m 
    test-dots.R...................   11 tests <1b>[0;32mOK<1b>[0m 
    test-dots.R...................   12 tests <1b>[0;32mOK<1b>[0m <1b>[0;36m14ms<1b>[0m
    
    test-format.R.................    0 tests    0%   10   20   30   40   50   60   70   80   90   100%
    [----|----|----|----|----|----|----|----|----|----|
    **************************************************|
    
    test-format.R.................    0 tests    
    test-format.R.................    0 tests    
    test-format.R.................    0 tests    
    test-format.R.................    1 tests <1b>[0;32mOK<1b>[0m 
    test-format.R.................    2 tests <1b>[0;32mOK<1b>[0m 
    test-format.R.................    3 tests <1b>[0;32mOK<1b>[0m <1b>[0;34m0.1s<1b>[0m
    
    test-mean.R...................    0 tests    0%   10   20   30   40   50   60   70   80   90   100%
    [----|----|----|----|----|----|----|----|----|----|
    **************************************************|
    
    test-mean.R...................    0 tests    
    test-mean.R...................    0 tests    
    test-mean.R...................    1 tests <1b>[0;32mOK<1b>[0m 
    test-mean.R...................    2 tests <1b>[0;32mOK<1b>[0m 
    test-mean.R...................    3 tests <1b>[0;32mOK<1b>[0m 
    test-mean.R...................    4 tests <1b>[0;32mOK<1b>[0m 
    test-mean.R...................    5 tests <1b>[0;32mOK<1b>[0m 
    test-mean.R...................    6 tests <1b>[0;32mOK<1b>[0m 
    test-mean.R...................    7 tests <1b>[0;32mOK<1b>[0m 
    test-mean.R...................    8 tests <1b>[0;32mOK<1b>[0m 
    test-mean.R...................    9 tests <1b>[0;32mOK<1b>[0m 
    test-mean.R...................   10 tests <1b>[0;32mOK<1b>[0m 0%   10   20   30   40   50   60   70   80   90   100%
    [----|----|----|----|----|----|----|----|----|----|
    **************************************************|
    
    test-mean.R...................   11 tests <1b>[0;32mOK<1b>[0m 
    test-mean.R...................   12 tests <1b>[0;32mOK<1b>[0m 
    test-mean.R...................   12 tests <1b>[0;32mOK<1b>[0m 
    test-mean.R...................   13 tests <1b>[0;32mOK<1b>[0m 
    test-mean.R...................   13 tests <1b>[0;32mOK<1b>[0m 
    test-mean.R...................   14 tests <1b>[0;32mOK<1b>[0m 
    test-mean.R...................   14 tests <1b>[0;32mOK<1b>[0m 
    test-mean.R...................   15 tests <1b>[0;32mOK<1b>[0m 
    test-mean.R...................   16 tests <1b>[0;32mOK<1b>[0m 
    test-mean.R...................   16 tests <1b>[0;32mOK<1b>[0m 
    test-mean.R...................   17 tests <1b>[0;32mOK<1b>[0m 
    test-mean.R...................   18 tests <1b>[0;32mOK<1b>[0m 0%   10   20   30   40   50   60   70   80   90   100%
    [----|----|----|----|----|----|----|----|----|----|
    **************************************************|
    
    test-mean.R...................   18 tests <1b>[0;32mOK<1b>[0m 
    test-mean.R...................   19 tests <1b>[0;32mOK<1b>[0m 
    test-mean.R...................   20 tests <1b>[0;32mOK<1b>[0m 
    test-mean.R...................   21 tests <1b>[0;32mOK<1b>[0m 
    test-mean.R...................   22 tests <1b>[0;32mOK<1b>[0m 0%   10   20   30   40   50   60   70   80   90   100%
    [----|----|----|----|----|----|----|----|----|----|
    **************************************************|
    
    test-mean.R...................   22 tests <1b>[0;32mOK<1b>[0m 
    test-mean.R...................   23 tests <1b>[0;32mOK<1b>[0m 
    test-mean.R...................   24 tests <1b>[0;32mOK<1b>[0m <1b>[0;34m0.5s<1b>[0m
    
    test-order.R..................    0 tests    
    test-order.R..................    0 tests    
    test-order.R..................    0 tests    
    test-order.R..................    0 tests    
    test-order.R..................    0 tests    
    test-order.R..................    0 tests    
    test-order.R..................    0 tests    
    test-order.R..................    0 tests    
    test-order.R..................    0 tests    
    test-order.R..................    1 tests <1b>[0;32mOK<1b>[0m 
    test-order.R..................    2 tests <1b>[0;32mOK<1b>[0m 
    test-order.R..................    3 tests <1b>[0;32mOK<1b>[0m 
    test-order.R..................    4 tests <1b>[0;32mOK<1b>[0m 
    test-order.R..................    5 tests <1b>[0;32mOK<1b>[0m 
    test-order.R..................    6 tests <1b>[0;32mOK<1b>[0m 
    test-order.R..................    7 tests <1b>[0;32mOK<1b>[0m 
    test-order.R..................    8 tests <1b>[0;32mOK<1b>[0m 
    test-order.R..................    9 tests <1b>[0;32mOK<1b>[0m 
    test-order.R..................   10 tests <1b>[0;32mOK<1b>[0m 
    test-order.R..................   11 tests <1b>[0;32mOK<1b>[0m <1b>[0;36m10ms<1b>[0m
    
    test-plot.R...................    0 tests    
    test-plot.R...................    0 tests    
    test-plot.R...................    0 tests    0%   10   20   30   40   50   60   70   80   90   100%
    [----|----|----|----|----|----|----|----|----|----|
    **************************************************|
    
    test-plot.R...................    0 tests    
    test-plot.R...................    0 tests    
    test-plot.R...................    1 tests <1b>[0;31m1 fails<1b>[0m 
    test-plot.R...................    2 tests <1b>[0;31m1 fails<1b>[0m 
    test-plot.R...................    3 tests <1b>[0;31m2 fails<1b>[0m 
    test-plot.R...................    4 tests <1b>[0;31m2 fails<1b>[0m 
    test-plot.R...................    5 tests <1b>[0;31m2 fails<1b>[0m 
    test-plot.R...................    5 tests <1b>[0;31m2 fails<1b>[0m 
    test-plot.R...................    6 tests <1b>[0;31m2 fails<1b>[0m 
    test-plot.R...................    7 tests <1b>[0;31m2 fails<1b>[0m 
    test-plot.R...................    7 tests <1b>[0;31m2 fails<1b>[0m 
    test-plot.R...................    8 tests <1b>[0;31m3 fails<1b>[0m 
    test-plot.R...................    9 tests <1b>[0;31m3 fails<1b>[0m 
    test-plot.R...................   10 tests <1b>[0;31m4 fails<1b>[0m 
    test-plot.R...................   11 tests <1b>[0;31m4 fails<1b>[0m 
    test-plot.R...................   12 tests <1b>[0;31m4 fails<1b>[0m 
    test-plot.R...................   12 tests <1b>[0;31m4 fails<1b>[0m 
    test-plot.R...................   13 tests <1b>[0;31m4 fails<1b>[0m 
    test-plot.R...................   14 tests <1b>[0;31m4 fails<1b>[0m 
    test-plot.R...................   14 tests <1b>[0;31m4 fails<1b>[0m 
    test-plot.R...................   15 tests <1b>[0;31m5 fails<1b>[0m 
    test-plot.R...................   16 tests <1b>[0;31m5 fails<1b>[0m 
    test-plot.R...................   17 tests <1b>[0;31m6 fails<1b>[0m 
    test-plot.R...................   18 tests <1b>[0;31m6 fails<1b>[0m 
    test-plot.R...................   19 tests <1b>[0;31m6 fails<1b>[0m 
    test-plot.R...................   19 tests <1b>[0;31m6 fails<1b>[0m 
    test-plot.R...................   20 tests <1b>[0;31m6 fails<1b>[0m 
    test-plot.R...................   21 tests <1b>[0;31m6 fails<1b>[0m 
    test-plot.R...................   21 tests <1b>[0;31m6 fails<1b>[0m 
    test-plot.R...................   22 tests <1b>[0;31m7 fails<1b>[0m 
    test-plot.R...................   23 tests <1b>[0;31m7 fails<1b>[0m 
    test-plot.R...................   24 tests <1b>[0;31m7 fails<1b>[0m 
    test-plot.R...................   25 tests <1b>[0;31m8 fails<1b>[0m 
    test-plot.R...................   26 tests <1b>[0;31m8 fails<1b>[0m 
    test-plot.R...................   27 tests <1b>[0;31m8 fails<1b>[0m 
    test-plot.R...................   28 tests <1b>[0;31m8 fails<1b>[0m 
    test-plot.R...................   28 tests <1b>[0;31m8 fails<1b>[0m 
    test-plot.R...................   29 tests <1b>[0;31m8 fails<1b>[0m 
    test-plot.R...................   30 tests <1b>[0;31m8 fails<1b>[0m 
    test-plot.R...................   30 tests <1b>[0;31m8 fails<1b>[0m 
    test-plot.R...................   31 tests <1b>[0;31m9 fails<1b>[0m 
    test-plot.R...................   32 tests <1b>[0;31m9 fails<1b>[0m 
    test-plot.R...................   33 tests <1b>[0;31m9 fails<1b>[0m 
    test-plot.R...................   34 tests <1b>[0;31m10 fails<1b>[0m 
    test-plot.R...................   35 tests <1b>[0;31m10 fails<1b>[0m 
    test-plot.R...................   36 tests <1b>[0;31m10 fails<1b>[0m 
    test-plot.R...................   37 tests <1b>[0;31m10 fails<1b>[0m 
    test-plot.R...................   37 tests <1b>[0;31m10 fails<1b>[0m 
    test-plot.R...................   38 tests <1b>[0;31m10 fails<1b>[0m 
    test-plot.R...................   39 tests <1b>[0;31m10 fails<1b>[0m <1b>[0;34m2.3s<1b>[0m
    
    test-print.R..................    0 tests    0%   10   20   30   40   50   60   70   80   90   100%
    [----|----|----|----|----|----|----|----|----|----|
    **************************************************|
    
    test-print.R..................    0 tests    
    test-print.R..................    0 tests    
    test-print.R..................    0 tests    
    test-print.R..................    0 tests    Benchmark summary:
    Time units : nanoseconds 
      expr n.eval min lw.qu median mean up.qu  max total relative
     1 + 1    100   0   100    100  117   100 1600 11700        1
       One    100   0   100    100   93   100  500  9300        1
    
    test-print.R..................    1 tests <1b>[0;32mOK<1b>[0m Time units : nanoseconds 
      expr n.eval min lw.qu median mean up.qu  max total relative
     1 + 1    100   0   100    100  117   100 1600 11700        1
       One    100   0   100    100   93   100  500  9300        1
    
    test-print.R..................    2 tests <1b>[0;32mOK<1b>[0m Time units : nanoseconds 
      expr n.eval mean trimmed lw.ci up.ci relative
     1 + 1    100  117    96.7   100   100     1.26
       One    100   93    87.8   100   100     1.00
    
    test-print.R..................    3 tests <1b>[0;32mOK<1b>[0m 
    test-print.R..................    4 tests <1b>[0;32mOK<1b>[0m 
    test-print.R..................    5 tests <1b>[0;32mOK<1b>[0m 
    test-print.R..................    6 tests <1b>[0;32mOK<1b>[0m 
    test-print.R..................    7 tests <1b>[0;32mOK<1b>[0m 
    test-print.R..................    8 tests <1b>[0;32mOK<1b>[0m 
    test-print.R..................    9 tests <1b>[0;32mOK<1b>[0m 
    test-print.R..................   10 tests <1b>[0;32mOK<1b>[0m 
    test-print.R..................   11 tests <1b>[0;32mOK<1b>[0m 
    test-print.R..................   12 tests <1b>[0;32mOK<1b>[0m 
    test-print.R..................   13 tests <1b>[0;32mOK<1b>[0m 
    test-print.R..................   14 tests <1b>[0;32mOK<1b>[0m 
    test-print.R..................   15 tests <1b>[0;32mOK<1b>[0m 
    test-print.R..................   16 tests <1b>[0;32mOK<1b>[0m 
    test-print.R..................   17 tests <1b>[0;32mOK<1b>[0m 
    test-print.R..................   18 tests <1b>[0;32mOK<1b>[0m 
    test-print.R..................   19 tests <1b>[0;32mOK<1b>[0m 
    test-print.R..................   20 tests <1b>[0;32mOK<1b>[0m 
    test-print.R..................   21 tests <1b>[0;32mOK<1b>[0m 
    test-print.R..................   22 tests <1b>[0;32mOK<1b>[0m 
    test-print.R..................   23 tests <1b>[0;32mOK<1b>[0m 
    test-print.R..................   24 tests <1b>[0;32mOK<1b>[0m 
    test-print.R..................   25 tests <1b>[0;32mOK<1b>[0m <1b>[0;34m0.3s<1b>[0m
    
    test-summary.R................    0 tests    0%   10   20   30   40   50   60   70   80   90   100%
    [----|----|----|----|----|----|----|----|----|----|
    **************************************************|
    
    test-summary.R................    0 tests    
    test-summary.R................    0 tests    
    test-summary.R................    1 tests <1b>[0;32mOK<1b>[0m 
    test-summary.R................    2 tests <1b>[0;32mOK<1b>[0m 
    test-summary.R................    3 tests <1b>[0;32mOK<1b>[0m 
    test-summary.R................    4 tests <1b>[0;32mOK<1b>[0m 
    test-summary.R................    5 tests <1b>[0;32mOK<1b>[0m 
    test-summary.R................    6 tests <1b>[0;32mOK<1b>[0m 
    test-summary.R................    6 tests <1b>[0;32mOK<1b>[0m 
    test-summary.R................    7 tests <1b>[0;32mOK<1b>[0m 
    test-summary.R................    8 tests <1b>[0;32mOK<1b>[0m 
    test-summary.R................    9 tests <1b>[0;32mOK<1b>[0m 
    test-summary.R................   10 tests <1b>[0;32mOK<1b>[0m 
    test-summary.R................   11 tests <1b>[0;32mOK<1b>[0m 
    test-summary.R................   12 tests <1b>[0;32mOK<1b>[0m 
    test-summary.R................   13 tests <1b>[0;32mOK<1b>[0m 
    test-summary.R................   14 tests <1b>[0;32mOK<1b>[0m 
    test-summary.R................   15 tests <1b>[0;32mOK<1b>[0m 
    test-summary.R................   16 tests <1b>[0;32mOK<1b>[0m 
    test-summary.R................   17 tests <1b>[0;32mOK<1b>[0m 0%   10   20   30   40   50   60   70   80   90   100%
    [----|----|----|----|----|----|----|----|----|----|
    **************************************************|
    
    test-summary.R................   18 tests <1b>[0;32mOK<1b>[0m 
    test-summary.R................   19 tests <1b>[0;32mOK<1b>[0m 
    test-summary.R................   19 tests <1b>[0;32mOK<1b>[0m 
    test-summary.R................   20 tests <1b>[0;32mOK<1b>[0m 
    test-summary.R................   20 tests <1b>[0;32mOK<1b>[0m 
    test-summary.R................   21 tests <1b>[0;32mOK<1b>[0m 
    test-summary.R................   22 tests <1b>[0;32mOK<1b>[0m <1b>[0;34m0.5s<1b>[0m
    
    test-timer.R..................    0 tests    
    test-timer.R..................    0 tests    
    test-timer.R..................    0 tests    
    test-timer.R..................    1 tests <1b>[0;32mOK<1b>[0m 
    test-timer.R..................    2 tests <1b>[0;32mOK<1b>[0m 
    test-timer.R..................    3 tests <1b>[0;32mOK<1b>[0m 
    test-timer.R..................    4 tests <1b>[0;32mOK<1b>[0m 
    test-timer.R..................    5 tests <1b>[0;32mOK<1b>[0m 
    test-timer.R..................    6 tests <1b>[0;32mOK<1b>[0m 
    test-timer.R..................    6 tests <1b>[0;32mOK<1b>[0m <1b>[0;36m52ms<1b>[0m
    ----- FAILED[data]: test-plot.R<9--9>
     call| expect_equal(class(bp), c("gg", "ggplot"))
     diff| Lengths (2, 5) differ (string compare on first 2)
     diff| 1 string mismatch
    ----- FAILED[attr]: test-plot.R<11--11>
     call| expect_equal(bp$labels, list(x = "expr", y = "time"))
     diff| Attributes: < names for current but not for target >
     diff| Attributes: < Length mismatch: comparison on first 0 components >
    ----- FAILED[data]: test-plot.R<21--21>
     call| expect_equal(class(bph), c("gg", "ggplot"))
     diff| Lengths (2, 5) differ (string compare on first 2)
     diff| 1 string mismatch
    ----- FAILED[attr]: test-plot.R<23--23>
     call| expect_equal(bph$labels, list(x = "expr", y = "time"))
     diff| Attributes: < names for current but not for target >
     diff| Attributes: < Length mismatch: comparison on first 0 components >
    ----- FAILED[data]: test-plot.R<33--33>
     call| expect_equal(class(bpv), c("gg", "ggplot"))
     diff| Lengths (2, 5) differ (string compare on first 2)
     diff| 1 string mismatch
    ----- FAILED[attr]: test-plot.R<35--35>
     call| expect_equal(bpv$labels, list(x = "expr", y = "time"))
     diff| Attributes: < names for current but not for target >
     diff| Attributes: < Length mismatch: comparison on first 0 components >
    ----- FAILED[data]: test-plot.R<45--45>
     call| expect_equal(class(pp), c("gg", "ggplot"))
     diff| Lengths (2, 5) differ (string compare on first 2)
     diff| 1 string mismatch
    ----- FAILED[attr]: test-plot.R<48--48>
     call| expect_equal(pp$labels, list(x = "replications", y = "time", 
     call| -->    colour = NULL))
     diff| Attributes: < names for current but not for target >
     diff| Attributes: < Length mismatch: comparison on first 0 components >
    ----- FAILED[data]: test-plot.R<59--59>
     call| expect_equal(class(pp2), c("gg", "ggplot"))
     diff| Lengths (2, 5) differ (string compare on first 2)
     diff| 1 string mismatch
    ----- FAILED[attr]: test-plot.R<62--62>
     call| expect_equal(pp2$labels, list(x = "replications", y = "time", 
     call| -->    colour = NULL))
     diff| Attributes: < names for current but not for target >
     diff| Attributes: < Length mismatch: comparison on first 0 components >
    Error: 10 out of 172 tests failed
    In addition: Warning messages:
    1: In wilcox.test.default(x, conf.int = TRUE, conf.level = conf.level) :
      requested conf.level not achievable
    2: In wilcox.test.default(x, conf.int = TRUE, conf.level = conf.level) :
      cannot compute exact p-value with ties
    3: In wilcox.test.default(x, conf.int = TRUE, conf.level = conf.level) :
      cannot compute exact confidence interval with ties
    Execution halted
Flavor: r-oldrel-windows-x86_64