Last updated on 2025-11-16 09:49:21 CET.
| Flavor | Version | Tinstall | Tcheck | Ttotal | Status | Flags |
|---|---|---|---|---|---|---|
| r-devel-linux-x86_64-debian-clang | 1.0.6 | 8.40 | 69.22 | 77.62 | OK | |
| r-devel-linux-x86_64-debian-gcc | 1.0.6 | 6.02 | 49.37 | 55.39 | OK | |
| r-devel-linux-x86_64-fedora-clang | 1.0.6 | 45.00 | 81.46 | 126.46 | NOTE | |
| r-devel-linux-x86_64-fedora-gcc | 1.0.6 | 20.00 | 94.19 | 114.19 | NOTE | |
| r-devel-windows-x86_64 | 1.0.6 | 12.00 | 78.00 | 90.00 | OK | |
| r-patched-linux-x86_64 | 1.0.6 | 8.13 | 63.86 | 71.99 | OK | |
| r-release-linux-x86_64 | 1.0.6 | 7.63 | 64.81 | 72.44 | OK | |
| r-release-macos-arm64 | 1.0.6 | 5.00 | 36.00 | 41.00 | OK | |
| r-release-macos-x86_64 | 1.0.6 | 6.00 | 50.00 | 56.00 | OK | |
| r-release-windows-x86_64 | 1.0.6 | 12.00 | 74.00 | 86.00 | OK | |
| r-oldrel-macos-arm64 | 1.0.6 | 4.00 | 30.00 | 34.00 | OK | |
| r-oldrel-macos-x86_64 | 1.0.6 | 6.00 | 48.00 | 54.00 | OK | |
| r-oldrel-windows-x86_64 | 1.0.6 | 14.00 | 93.00 | 107.00 | OK |
Version: 1.0.6
Check: dependencies in R code
Result: NOTE
Namespaces in Imports field not imported from:
‘Rcpp’ ‘chron’ ‘colorspace’ ‘gtable’ ‘htmltools’ ‘htmlwidgets’
‘httpuv’ ‘magrittr’ ‘munsell’ ‘plyr’ ‘scales’ ‘stringi’ ‘xtable’
‘yaml’
All declared Imports should be used.
Flavors: r-devel-linux-x86_64-fedora-clang, r-devel-linux-x86_64-fedora-gcc