Last updated on 2025-10-31 09:50:11 CET.
| Flavor | Version | Tinstall | Tcheck | Ttotal | Status | Flags | 
|---|---|---|---|---|---|---|
| r-devel-linux-x86_64-debian-clang | 0.1.3 | 25.30 | 70.74 | 96.04 | NOTE | |
| r-devel-linux-x86_64-debian-gcc | 0.1.3 | 13.75 | 52.85 | 66.60 | NOTE | |
| r-devel-linux-x86_64-fedora-clang | 0.1.3 | 126.00 | 39.35 | 165.35 | NOTE | |
| r-devel-linux-x86_64-fedora-gcc | 0.1.3 | 52.00 | 99.35 | 151.35 | NOTE | |
| r-devel-windows-x86_64 | 0.1.3 | 29.00 | 106.00 | 135.00 | NOTE | |
| r-patched-linux-x86_64 | 0.1.3 | 21.18 | 66.87 | 88.05 | NOTE | |
| r-release-linux-x86_64 | 0.1.3 | 21.04 | 66.28 | 87.32 | NOTE | |
| r-release-macos-arm64 | 0.1.3 | 9.00 | 38.00 | 47.00 | NOTE | |
| r-release-macos-x86_64 | 0.1.3 | 30.00 | 93.00 | 123.00 | NOTE | |
| r-release-windows-x86_64 | 0.1.3 | 28.00 | 107.00 | 135.00 | NOTE | |
| r-oldrel-macos-arm64 | 0.1.3 | 10.00 | 38.00 | 48.00 | NOTE | |
| r-oldrel-macos-x86_64 | 0.1.3 | 13.00 | 52.00 | 65.00 | NOTE | |
| r-oldrel-windows-x86_64 | 0.1.3 | 35.00 | 124.00 | 159.00 | NOTE | 
Version: 0.1.3
Check: Rd files
Result: NOTE
  checkRd: (-1) avar_mo_cpp.Rd:15: Lost braces in \itemize; \value handles \item{}{} directly
  checkRd: (-1) avar_mo_cpp.Rd:16: Lost braces in \itemize; \value handles \item{}{} directly
  checkRd: (-1) avar_mo_cpp.Rd:17: Lost braces in \itemize; \value handles \item{}{} directly
  checkRd: (-1) avar_to_cpp.Rd:15: Lost braces in \itemize; \value handles \item{}{} directly
  checkRd: (-1) avar_to_cpp.Rd:16: Lost braces in \itemize; \value handles \item{}{} directly
  checkRd: (-1) avar_to_cpp.Rd:17: Lost braces in \itemize; \value handles \item{}{} directly
Flavors: r-devel-linux-x86_64-debian-clang, r-devel-linux-x86_64-debian-gcc, r-devel-linux-x86_64-fedora-clang, r-devel-linux-x86_64-fedora-gcc, r-devel-windows-x86_64, r-patched-linux-x86_64, r-release-linux-x86_64, r-release-macos-arm64, r-release-macos-x86_64, r-release-windows-x86_64, r-oldrel-macos-arm64, r-oldrel-macos-x86_64, r-oldrel-windows-x86_64