CRAN Package Check Results for Package archive

Last updated on 2025-10-05 09:49:15 CEST.

Flavor Version Tinstall Tcheck Ttotal Status Flags
r-devel-linux-x86_64-debian-clang 1.1.12 23.90 41.77 65.67 OK
r-devel-linux-x86_64-debian-gcc 1.1.12 16.63 31.23 47.86 OK
r-devel-linux-x86_64-fedora-clang 1.1.12 111.59 OK
r-devel-linux-x86_64-fedora-gcc 1.1.12 104.82 OK
r-devel-windows-x86_64 1.1.12 61.00 82.00 143.00 OK
r-patched-linux-x86_64 1.1.12 25.41 37.86 63.27 OK
r-release-linux-x86_64 1.1.12 24.03 37.79 61.82 OK
r-release-macos-arm64 1.1.12 40.00 OK
r-release-macos-x86_64 1.1.12 53.00 OK
r-release-windows-x86_64 1.1.12 59.00 84.00 143.00 OK
r-oldrel-macos-arm64 1.1.12 38.00 NOTE
r-oldrel-macos-x86_64 1.1.12 58.00 NOTE
r-oldrel-windows-x86_64 1.1.12 74.00 100.00 174.00 OK

Check Details

Version: 1.1.12
Check: installed package size
Result: NOTE installed size is 6.3Mb sub-directories of 1Mb or more: libs 6.1Mb Flavors: r-oldrel-macos-arm64, r-oldrel-macos-x86_64