Last updated on 2025-10-22 09:50:26 CEST.
Flavor | Version | Tinstall | Tcheck | Ttotal | Status | Flags |
---|---|---|---|---|---|---|
r-devel-linux-x86_64-debian-clang | 0.9.2 | 13.64 | 275.54 | 289.18 | NOTE | |
r-devel-linux-x86_64-debian-gcc | 0.9.2 | 8.22 | 185.11 | 193.33 | NOTE | |
r-devel-linux-x86_64-fedora-clang | 0.9.2 | 74.00 | 349.37 | 423.37 | OK | |
r-devel-linux-x86_64-fedora-gcc | 0.9.2 | 32.00 | 359.25 | 391.25 | OK | |
r-devel-windows-x86_64 | 0.9.2 | 19.00 | 301.00 | 320.00 | OK | |
r-patched-linux-x86_64 | 0.9.2 | 15.42 | 227.98 | 243.40 | OK | |
r-release-linux-x86_64 | 0.9.2 | 13.32 | 227.09 | 240.41 | OK | |
r-release-macos-arm64 | 0.9.2 | 6.00 | 124.00 | 130.00 | OK | |
r-release-macos-x86_64 | 0.9.2 | 14.00 | 307.00 | 321.00 | OK | |
r-release-windows-x86_64 | 0.9.2 | 19.00 | 304.00 | 323.00 | OK | |
r-oldrel-macos-arm64 | 0.9.2 | 6.00 | 124.00 | 130.00 | OK | |
r-oldrel-macos-x86_64 | 0.9.2 | 14.00 | 302.00 | 316.00 | OK | |
r-oldrel-windows-x86_64 | 0.9.2 | 25.00 | 370.00 | 395.00 | OK |
Version: 0.9.2
Check: HTML version of manual
Result: NOTE
Found the following HTML validation problems:
check_consistency_reservoir_values.html:54:1 (check_consistency_reservoir_values.Rd:14): Warning: missing </ul> before </div>
cleanUpOutput.html:50:1 (cleanUpOutput.Rd:12): Warning: missing </ul> before </div>
deleteStudy.html:54:1 (deleteStudy.Rd:14): Warning: missing </ul> before </div>
dot-api_command_execute_edit_area_ui.html:59:1 (dot-api_command_execute_edit_area_ui.Rd:17): Warning: missing </ul> before </div>
dot-dailyToWeekly.html:54:1 (dot-dailyToWeekly.Rd:14): Warning: missing </ul> before </div>
dot-format_ui_data_by_mode.html:58:1 (dot-format_ui_data_by_mode.Rd:16): Warning: missing </ul> before </div>
dot-hourlyToOther.html:54:1 (dot-hourlyToOther.Rd:14): Warning: missing </ul> before </div>
dot-split_nodalOptimization_by_target.html:46:1 (dot-split_nodalOptimization_by_target.Rd:10): Warning: missing </ul> before </div>
fill_empty_hydro_ini_file.html:51:1 (fill_empty_hydro_ini_file.Rd:13): Warning: missing </ul> before </div>
fill_empty_hydro_ts_file.html:51:1 (fill_empty_hydro_ts_file.Rd:13): Warning: missing </ul> before </div>
get_default_hydro_ini_values.html:47:1 (get_default_hydro_ini_values.Rd:11): Warning: missing </ul> before </div>
Flavors: r-devel-linux-x86_64-debian-clang, r-devel-linux-x86_64-debian-gcc