Last updated on 2025-10-22 09:50:26 CEST.
Flavor | Version | Tinstall | Tcheck | Ttotal | Status | Flags |
---|---|---|---|---|---|---|
r-devel-linux-x86_64-debian-clang | 4.2.3 | 6.21 | 76.35 | 82.56 | NOTE | |
r-devel-linux-x86_64-debian-gcc | 4.2.3 | 5.64 | 54.59 | 60.23 | NOTE | |
r-devel-linux-x86_64-fedora-clang | 4.2.3 | 57.00 | 71.44 | 128.44 | OK | |
r-devel-linux-x86_64-fedora-gcc | 4.2.3 | 15.00 | 100.30 | 115.30 | OK | |
r-devel-windows-x86_64 | 4.2.3 | 9.00 | 82.00 | 91.00 | OK | |
r-patched-linux-x86_64 | 4.2.3 | 6.99 | 68.99 | 75.98 | OK | |
r-release-linux-x86_64 | 4.2.3 | 6.67 | 69.45 | 76.12 | OK | |
r-release-macos-arm64 | 4.2.3 | 3.00 | 36.00 | 39.00 | OK | |
r-release-macos-x86_64 | 4.2.3 | 6.00 | 77.00 | 83.00 | OK | |
r-release-windows-x86_64 | 4.2.3 | 10.00 | 84.00 | 94.00 | OK | |
r-oldrel-macos-arm64 | 4.2.3 | 3.00 | 33.00 | 36.00 | OK | |
r-oldrel-macos-x86_64 | 4.2.3 | 5.00 | 49.00 | 54.00 | OK | |
r-oldrel-windows-x86_64 | 4.2.3 | 10.00 | 107.00 | 117.00 | OK |
Version: 4.2.3
Check: HTML version of manual
Result: NOTE
Found the following HTML validation problems:
as_vegaspec.html:51:1 (as_vegaspec.Rd:13): Warning: missing </ul> before </div>
knit_print.vegaspec.html:55:1 (knit_print.vegaspec.Rd:15): Warning: missing </ul> before </div>
renderVegawidget.html:56:1 (renderVegawidget.Rd:16): Warning: missing </ul> before </div>
vegawidgetOutput.html:54:1 (vegawidgetOutput.Rd:16): Warning: missing </ul> before </div>
Flavors: r-devel-linux-x86_64-debian-clang, r-devel-linux-x86_64-debian-gcc