CRAN Package Check Results for Package alakazam

Last updated on 2025-10-01 10:49:39 CEST.

Flavor Version Tinstall Tcheck Ttotal Status Flags
r-devel-linux-x86_64-debian-clang 1.4.0 57.83 517.21 575.04 OK
r-devel-linux-x86_64-debian-gcc 1.4.0 44.66 379.35 424.01 OK
r-devel-linux-x86_64-fedora-clang 1.4.0 915.38 OK
r-devel-linux-x86_64-fedora-gcc 1.4.0 881.15 OK
r-devel-windows-x86_64 1.4.0 55.00 519.00 574.00 OK
r-patched-linux-x86_64 1.3.0 56.62 567.61 624.23 NOTE
r-release-linux-x86_64 1.4.0 55.32 494.44 549.76 OK
r-release-macos-arm64 1.4.0 226.00 OK
r-release-macos-x86_64 1.4.0 651.00 OK
r-release-windows-x86_64 1.4.0 60.00 559.00 619.00 OK
r-oldrel-macos-arm64 1.4.0 233.00 OK
r-oldrel-macos-x86_64 1.4.0 650.00 OK
r-oldrel-windows-x86_64 1.4.0 81.00 711.00 792.00 OK

Check Details

Version: 1.3.0
Check: Rd files
Result: NOTE checkRd: (-1) buildPhylipLineage.Rd:61: Lost braces; missing escapes or markup? 61 | names with the format {"Inferred1", "Inferred2", ...}. | ^ Flavor: r-patched-linux-x86_64

Version: 1.3.0
Check: Rd cross-references
Result: NOTE Found the following Rd file(s) with Rd \link{} targets missing package anchors: gridPlot.Rd: ggplot plotAbundanceCurve.Rd: ggplot plotDiversityCurve.Rd: ggplot plotDiversityTest.Rd: ggplot Please provide package anchors for all Rd \link{} targets not in the package itself and the base packages. Flavor: r-patched-linux-x86_64