Last updated on 2025-10-22 09:50:26 CEST.
Flavor | Version | Tinstall | Tcheck | Ttotal | Status | Flags |
---|---|---|---|---|---|---|
r-devel-linux-x86_64-debian-clang | 1.3.1 | 7.53 | 95.67 | 103.20 | NOTE | |
r-devel-linux-x86_64-debian-gcc | 1.3.1 | 6.27 | 66.80 | 73.07 | NOTE | |
r-devel-linux-x86_64-fedora-clang | 1.3.1 | 24.00 | 139.51 | 163.51 | OK | |
r-devel-linux-x86_64-fedora-gcc | 1.3.1 | 28.00 | 150.38 | 178.38 | OK | |
r-devel-windows-x86_64 | 1.3.1 | 11.00 | 117.00 | 128.00 | OK | |
r-patched-linux-x86_64 | 1.3.1 | 9.66 | 89.51 | 99.17 | OK | |
r-release-linux-x86_64 | 1.3.1 | 7.69 | 88.45 | 96.14 | OK | |
r-release-macos-arm64 | 1.3.1 | 4.00 | 55.00 | 59.00 | OK | |
r-release-macos-x86_64 | 1.3.1 | 6.00 | 97.00 | 103.00 | OK | |
r-release-windows-x86_64 | 1.3.1 | 14.00 | 119.00 | 133.00 | OK | |
r-oldrel-macos-arm64 | 1.3.1 | 3.00 | 59.00 | 62.00 | OK | |
r-oldrel-macos-x86_64 | 1.3.1 | 6.00 | 93.00 | 99.00 | OK | |
r-oldrel-windows-x86_64 | 1.3.1 | 14.00 | 145.00 | 159.00 | OK |
Version: 1.3.1
Check: HTML version of manual
Result: NOTE
Found the following HTML validation problems:
capture_output.html:116:1 (capture_output.Rd:63): Warning: missing </ul> before </div>
demo_fun.html:98:1 (demo_fun.Rd:50): Warning: missing </ul> before </div>
execute_example.html:109:1 (execute_example.Rd:58): Warning: missing </ul> before </div>
rdx_roclet.html:186:1 (rdx_roclet.Rd:140): Warning: missing </ul> before </div>
Flavors: r-devel-linux-x86_64-debian-clang, r-devel-linux-x86_64-debian-gcc