Last updated on 2025-11-02 10:50:35 CET.
| Flavor | Version | Tinstall | Tcheck | Ttotal | Status | Flags |
|---|---|---|---|---|---|---|
| r-devel-linux-x86_64-debian-clang | 1.3.4 | 2.63 | 44.54 | 47.17 | NOTE | |
| r-devel-linux-x86_64-debian-gcc | 1.3.4 | 1.97 | 36.74 | 38.71 | NOTE | |
| r-devel-linux-x86_64-fedora-clang | 1.3.4 | 72.55 | OK | |||
| r-devel-linux-x86_64-fedora-gcc | 1.3.4 | 71.00 | OK | |||
| r-devel-windows-x86_64 | 1.3.4 | 4.00 | 77.00 | 81.00 | OK | |
| r-patched-linux-x86_64 | 1.3.4 | 3.04 | 41.94 | 44.98 | OK | |
| r-release-linux-x86_64 | 1.3.4 | 2.86 | 42.38 | 45.24 | OK | |
| r-release-macos-arm64 | 1.3.4 | 2.00 | 24.00 | 26.00 | OK | |
| r-release-macos-x86_64 | 1.3.4 | 3.00 | 41.00 | 44.00 | OK | |
| r-release-windows-x86_64 | 1.3.4 | 4.00 | 77.00 | 81.00 | OK | |
| r-oldrel-macos-arm64 | 1.3.4 | 2.00 | 27.00 | 29.00 | OK | |
| r-oldrel-macos-x86_64 | 1.3.4 | 2.00 | 32.00 | 34.00 | OK | |
| r-oldrel-windows-x86_64 | 1.3.4 | 5.00 | 83.00 | 88.00 | OK |
Version: 1.3.4
Check: CRAN incoming feasibility
Result: NOTE
Maintainer: ‘Marcus Rowcliffe <marcus.rowcliffe@ioz.ac.uk>’
No Authors@R field in DESCRIPTION.
Please add one, modifying
Authors@R: person(given = "Marcus",
family = "Rowcliffe",
role = c("aut", "cre"),
email = "marcus.rowcliffe@ioz.ac.uk")
as necessary.
Flavors: r-devel-linux-x86_64-debian-clang, r-devel-linux-x86_64-debian-gcc