Last updated on 2025-10-22 09:50:58 CEST.
Flavor | Version | Tinstall | Tcheck | Ttotal | Status | Flags |
---|---|---|---|---|---|---|
r-devel-linux-x86_64-debian-clang | 0.9.4 | 13.87 | 98.37 | 112.24 | NOTE | |
r-devel-linux-x86_64-debian-gcc | 0.9.4 | 9.84 | 70.35 | 80.19 | NOTE | |
r-devel-linux-x86_64-fedora-clang | 0.9.4 | 32.00 | 141.39 | 173.39 | OK | |
r-devel-linux-x86_64-fedora-gcc | 0.9.4 | 31.00 | 140.25 | 171.25 | OK | |
r-devel-windows-x86_64 | 0.9.4 | 16.00 | 116.00 | 132.00 | OK | |
r-patched-linux-x86_64 | 0.9.4 | 13.10 | 95.33 | 108.43 | OK | |
r-release-linux-x86_64 | 0.9.4 | 13.42 | 95.66 | 109.08 | OK | |
r-release-macos-arm64 | 0.9.4 | 6.00 | 45.00 | 51.00 | OK | |
r-release-macos-x86_64 | 0.9.4 | 14.00 | 85.00 | 99.00 | OK | |
r-release-windows-x86_64 | 0.9.4 | 15.00 | 120.00 | 135.00 | OK | |
r-oldrel-macos-arm64 | 0.9.4 | 7.00 | 41.00 | 48.00 | OK | |
r-oldrel-macos-x86_64 | 0.9.4 | 9.00 | 58.00 | 67.00 | OK | |
r-oldrel-windows-x86_64 | 0.9.4 | 22.00 | 148.00 | 170.00 | OK |
Version: 0.9.4
Check: HTML version of manual
Result: NOTE
Found the following HTML validation problems:
estCRT2arm.html:53:1 (estCRT2arm.Rd:23): Warning: missing </ul> before </div>
Flavors: r-devel-linux-x86_64-debian-clang, r-devel-linux-x86_64-debian-gcc