Last updated on 2025-10-22 09:50:57 CEST.
Flavor | Version | Tinstall | Tcheck | Ttotal | Status | Flags |
---|---|---|---|---|---|---|
r-devel-linux-x86_64-debian-clang | 1.4.0 | 8.07 | 77.29 | 85.36 | OK | |
r-devel-linux-x86_64-debian-gcc | 1.4.0 | 5.52 | 54.28 | 59.80 | OK | |
r-devel-linux-x86_64-fedora-clang | 1.4.0 | 19.00 | 114.30 | 133.30 | OK | |
r-devel-linux-x86_64-fedora-gcc | 1.4.0 | 18.00 | 261.18 | 279.18 | OK | |
r-devel-windows-x86_64 | 1.4.0 | 10.00 | 81.00 | 91.00 | OK | |
r-patched-linux-x86_64 | 1.4.0 | 7.67 | 70.94 | 78.61 | OK | |
r-release-linux-x86_64 | 1.4.0 | 8.12 | 69.80 | 77.92 | OK | |
r-release-macos-arm64 | 1.4.0 | 5.00 | 78.00 | 83.00 | OK | |
r-release-macos-x86_64 | 1.4.0 | 8.00 | 125.00 | 133.00 | OK | |
r-release-windows-x86_64 | 1.4.0 | 11.00 | 81.00 | 92.00 | OK | |
r-oldrel-macos-arm64 | 1.4.0 | 4.00 | 60.00 | 64.00 | NOTE | |
r-oldrel-macos-x86_64 | 1.4.0 | 6.00 | 89.00 | 95.00 | NOTE | |
r-oldrel-windows-x86_64 | 1.4.0 | 14.00 | 100.00 | 114.00 | NOTE |
Version: 1.4.0
Check: installed package size
Result: NOTE
installed size is 8.1Mb
sub-directories of 1Mb or more:
doc 7.6Mb
Flavors: r-oldrel-macos-arm64, r-oldrel-macos-x86_64, r-oldrel-windows-x86_64
Version: 1.4.0
Check: LazyData
Result: NOTE
'LazyData' is specified without a 'data' directory
Flavors: r-oldrel-macos-arm64, r-oldrel-macos-x86_64, r-oldrel-windows-x86_64