Last updated on 2025-10-31 09:50:34 CET.
| Flavor | Version | Tinstall | Tcheck | Ttotal | Status | Flags | 
|---|---|---|---|---|---|---|
| r-devel-linux-x86_64-debian-clang | 1.0.0 | 1.72 | 19.16 | 20.88 | NOTE | |
| r-devel-linux-x86_64-debian-gcc | 1.0.0 | 1.31 | 15.76 | 17.07 | NOTE | |
| r-devel-linux-x86_64-fedora-clang | 1.0.0 | 31.11 | OK | |||
| r-devel-linux-x86_64-fedora-gcc | 1.0.0 | 30.72 | OK | |||
| r-devel-windows-x86_64 | 1.0.0 | 3.00 | 32.00 | 35.00 | OK | |
| r-patched-linux-x86_64 | 1.0.0 | 1.83 | 17.63 | 19.46 | OK | |
| r-release-linux-x86_64 | 1.0.0 | 1.65 | 18.24 | 19.89 | OK | |
| r-release-macos-arm64 | 1.0.0 | 1.00 | 16.00 | 17.00 | OK | |
| r-release-macos-x86_64 | 1.0.0 | 2.00 | 21.00 | 23.00 | OK | |
| r-release-windows-x86_64 | 1.0.0 | 4.00 | 40.00 | 44.00 | OK | |
| r-oldrel-macos-arm64 | 1.0.0 | 1.00 | 14.00 | 15.00 | OK | |
| r-oldrel-macos-x86_64 | 1.0.0 | 1.00 | 18.00 | 19.00 | OK | |
| r-oldrel-windows-x86_64 | 1.0.0 | 2.00 | 43.00 | 45.00 | OK | 
Version: 1.0.0
Check: CRAN incoming feasibility
Result: NOTE
  Maintainer: ‘Snigdhansu Chatterjee <chatt019@umn.edu>’
  
  No Authors@R field in DESCRIPTION.
  Please add one, modifying
    Authors@R: person(given = "Snigdhansu",
                      family = "Chatterjee",
                      role = c("aut", "cre"),
                      email = "chatt019@umn.edu")
  as necessary.
Flavors: r-devel-linux-x86_64-debian-clang, r-devel-linux-x86_64-debian-gcc