Last updated on 2025-10-23 10:48:58 CEST.
| Flavor | Version | Tinstall | Tcheck | Ttotal | Status | Flags |
|---|---|---|---|---|---|---|
| r-devel-linux-x86_64-debian-clang | 1.0 | 5.66 | 77.11 | 82.77 | OK | |
| r-devel-linux-x86_64-debian-gcc | 1.0 | 4.26 | 56.96 | 61.22 | OK | |
| r-devel-linux-x86_64-fedora-clang | 1.0 | 12.00 | 125.48 | 137.48 | NOTE | |
| r-devel-linux-x86_64-fedora-gcc | 1.0 | 12.00 | 131.55 | 143.55 | NOTE | |
| r-devel-windows-x86_64 | 1.0 | 8.00 | 121.00 | 129.00 | OK | |
| r-patched-linux-x86_64 | 1.0 | 5.89 | 73.39 | 79.28 | OK | |
| r-release-linux-x86_64 | 1.0 | 5.42 | 73.95 | 79.37 | OK | |
| r-release-macos-arm64 | 1.0 | 3.00 | 70.00 | 73.00 | OK | |
| r-release-macos-x86_64 | 1.0 | 6.00 | 81.00 | 87.00 | OK | |
| r-release-windows-x86_64 | 1.0 | 9.00 | 139.00 | 148.00 | OK | |
| r-oldrel-macos-arm64 | 1.0 | 3.00 | 40.00 | 43.00 | OK | |
| r-oldrel-macos-x86_64 | 1.0 | 6.00 | 67.00 | 73.00 | OK | |
| r-oldrel-windows-x86_64 | 1.0 | 10.00 | 157.00 | 167.00 | OK |
Version: 1.0
Check: dependencies in R code
Result: NOTE
Namespace in Imports field not imported from: ‘knitr’
All declared Imports should be used.
Flavors: r-devel-linux-x86_64-fedora-clang, r-devel-linux-x86_64-fedora-gcc