Last updated on 2025-10-23 10:48:57 CEST.
| Flavor | Version | Tinstall | Tcheck | Ttotal | Status | Flags |
|---|---|---|---|---|---|---|
| r-devel-linux-x86_64-debian-clang | 4.0.5 | 43.80 | 34.01 | 77.81 | NOTE | |
| r-devel-linux-x86_64-debian-gcc | 4.0.5 | 26.79 | 25.51 | 52.30 | NOTE | |
| r-devel-linux-x86_64-fedora-clang | 4.0.5 | 90.00 | 40.16 | 130.16 | OK | |
| r-devel-linux-x86_64-fedora-gcc | 4.0.5 | 76.00 | 41.70 | 117.70 | OK | |
| r-devel-windows-x86_64 | 4.0.5 | 41.00 | 71.00 | 112.00 | OK | |
| r-patched-linux-x86_64 | 4.0.5 | 38.04 | 31.81 | 69.85 | OK | |
| r-release-linux-x86_64 | 4.0.5 | 38.38 | 32.02 | 70.40 | OK | |
| r-release-macos-arm64 | 4.0.5 | 20.00 | 19.00 | 39.00 | OK | |
| r-release-macos-x86_64 | 4.0.5 | 39.00 | 38.00 | 77.00 | OK | |
| r-release-windows-x86_64 | 4.0.5 | 42.00 | 76.00 | 118.00 | OK | |
| r-oldrel-macos-arm64 | 4.0.5 | 20.00 | 18.00 | 38.00 | OK | |
| r-oldrel-macos-x86_64 | 4.0.5 | 27.00 | 30.00 | 57.00 | OK | |
| r-oldrel-windows-x86_64 | 4.0.5 | 49.00 | 86.00 | 135.00 | OK |
Version: 4.0.5
Check: CRAN incoming feasibility
Result: NOTE
Maintainer: ‘Andrew Chapple <achapp@lsuhsc.edu>’
No Authors@R field in DESCRIPTION.
Please add one, modifying
Authors@R: person(given = "Andrew",
family = "Chapple",
role = c("aut", "cre"),
email = "achapp@lsuhsc.edu")
as necessary.
Flavors: r-devel-linux-x86_64-debian-clang, r-devel-linux-x86_64-debian-gcc
Version: 4.0.5
Check: HTML version of manual
Result: NOTE
Found the following HTML validation problems:
Print_SubTite.html:46:1 (Print_SubTite.Rd:10): Warning: missing </ul> before </div>
Flavor: r-devel-linux-x86_64-debian-clang