CRAN Package Check Results for Package SpatialVS

Last updated on 2025-10-22 09:50:53 CEST.

Flavor Version Tinstall Tcheck Ttotal Status Flags
r-devel-linux-x86_64-debian-clang 1.1 4.04 54.03 58.07 NOTE
r-devel-linux-x86_64-debian-gcc 1.1 3.93 42.63 46.56 NOTE
r-devel-linux-x86_64-fedora-clang 1.1 14.00 80.49 94.49 OK
r-devel-linux-x86_64-fedora-gcc 1.1 12.00 78.99 90.99 OK
r-devel-windows-x86_64 1.1 7.00 64.00 71.00 OK
r-patched-linux-x86_64 1.1 6.40 53.21 59.61 OK
r-release-linux-x86_64 1.1 6.27 50.95 57.22 OK
r-release-macos-arm64 1.1 3.00 31.00 34.00 OK
r-release-macos-x86_64 1.1 5.00 49.00 54.00 OK
r-release-windows-x86_64 1.1 7.00 66.00 73.00 OK
r-oldrel-macos-arm64 1.1 3.00 30.00 33.00 OK
r-oldrel-macos-x86_64 1.1 5.00 38.00 43.00 OK
r-oldrel-windows-x86_64 1.1 9.00 80.00 89.00 OK

Check Details

Version: 1.1
Check: CRAN incoming feasibility
Result: NOTE Maintainer: ‘Yili Hong <yilihong@vt.edu>’ No Authors@R field in DESCRIPTION. Please add one, modifying Authors@R: c(person(given = "Yili", family = "Hong", role = c("aut", "cre"), email = "yilihong@vt.edu"), person(given = "Li", family = "Xu", role = "aut"), person(given = "Yimeng", family = "Xie", role = "aut"), person(given = "Zhongnan", family = "Jin", role = "aut")) as necessary. The Description field contains al. (2018, <arXiv:1809.06418>). The package also contains the Lyme Please refer to arXiv e-prints via their arXiv DOI <doi:10.48550/arXiv.YYMM.NNNNN>. Flavors: r-devel-linux-x86_64-debian-clang, r-devel-linux-x86_64-debian-gcc