Last updated on 2025-11-20 11:51:24 CET.
| Flavor | Version | Tinstall | Tcheck | Ttotal | Status | Flags |
|---|---|---|---|---|---|---|
| r-devel-linux-x86_64-debian-clang | 0.2.0 | 1.92 | 27.04 | 28.96 | NOTE | |
| r-devel-linux-x86_64-debian-gcc | 0.2.0 | 1.65 | 21.57 | 23.22 | NOTE | |
| r-devel-linux-x86_64-fedora-clang | 0.2.0 | 46.94 | NOTE | |||
| r-devel-linux-x86_64-fedora-gcc | 0.2.0 | 57.38 | NOTE | |||
| r-devel-windows-x86_64 | 0.2.0 | 5.00 | 44.00 | 49.00 | OK | |
| r-patched-linux-x86_64 | 0.2.0 | 1.99 | 25.36 | 27.35 | OK | |
| r-release-linux-x86_64 | 0.2.0 | 1.90 | 25.94 | 27.84 | OK | |
| r-release-macos-arm64 | 0.2.0 | OK | ||||
| r-release-macos-x86_64 | 0.2.0 | 2.00 | 43.00 | 45.00 | OK | |
| r-release-windows-x86_64 | 0.2.0 | 4.00 | 45.00 | 49.00 | OK | |
| r-oldrel-macos-arm64 | 0.2.0 | OK | ||||
| r-oldrel-macos-x86_64 | 0.2.0 | 1.00 | 42.00 | 43.00 | OK | |
| r-oldrel-windows-x86_64 | 0.2.0 | 5.00 | 50.00 | 55.00 | OK |
Version: 0.2.0
Check: CRAN incoming feasibility
Result: NOTE
Maintainer: ‘Jingyi Liang <jingyiliang19@163.com>’
No Authors@R field in DESCRIPTION.
Please add one, modifying
Authors@R: person(given = "Jingyi",
family = "Liang",
role = c("aut", "cre"),
email = "jingyiliang19@163.com")
as necessary.
Flavors: r-devel-linux-x86_64-debian-clang, r-devel-linux-x86_64-debian-gcc
Version: 0.2.0
Check: dependencies in R code
Result: NOTE
Namespaces in Imports field not imported from:
‘MASS’ ‘kableExtra’ ‘tidyverse’
All declared Imports should be used.
Flavors: r-devel-linux-x86_64-fedora-clang, r-devel-linux-x86_64-fedora-gcc