Last updated on 2025-10-22 09:50:54 CEST.
Flavor | Version | Tinstall | Tcheck | Ttotal | Status | Flags |
---|---|---|---|---|---|---|
r-devel-linux-x86_64-debian-clang | 1.0.0 | 9.17 | 142.17 | 151.34 | NOTE | |
r-devel-linux-x86_64-debian-gcc | 1.0.0 | 4.89 | 102.16 | 107.05 | NOTE | |
r-devel-linux-x86_64-fedora-clang | 1.0.0 | 55.00 | 188.53 | 243.53 | NOTE | |
r-devel-linux-x86_64-fedora-gcc | 1.0.0 | 24.00 | 219.79 | 243.79 | NOTE | |
r-devel-windows-x86_64 | 1.0.0 | 13.00 | 147.00 | 160.00 | NOTE | |
r-patched-linux-x86_64 | 1.0.0 | 11.43 | 135.95 | 147.38 | NOTE | |
r-release-linux-x86_64 | 1.0.0 | 8.33 | 136.56 | 144.89 | NOTE | |
r-release-macos-arm64 | 1.0.0 | 4.00 | 62.00 | 66.00 | NOTE | |
r-release-macos-x86_64 | 1.0.0 | 8.00 | 112.00 | 120.00 | NOTE | |
r-release-windows-x86_64 | 1.0.0 | 13.00 | 149.00 | 162.00 | NOTE | |
r-oldrel-macos-arm64 | 1.0.0 | 4.00 | 61.00 | 65.00 | NOTE | |
r-oldrel-macos-x86_64 | 1.0.0 | 6.00 | 89.00 | 95.00 | NOTE | |
r-oldrel-windows-x86_64 | 1.0.0 | 17.00 | 189.00 | 206.00 | NOTE |
Version: 1.0.0
Check: CRAN incoming feasibility
Result: NOTE
Maintainer: ‘Silvana M. Pesenti <swimpackage@gmail.com>’
Package CITATION file contains call(s) to old-style personList() or
as.personList(). Please use c() on person objects instead.
Package CITATION file contains call(s) to old-style citEntry(). Please
use bibentry() instead.
Flavors: r-devel-linux-x86_64-debian-clang, r-devel-linux-x86_64-debian-gcc
Version: 1.0.0
Check: package subdirectories
Result: NOTE
Problems with news in ‘NEWS.md’:
Cannot extract version info from the following section titles:
Additional functions and data sets
Amendments to functions
Flavors: r-devel-linux-x86_64-debian-clang, r-devel-linux-x86_64-debian-gcc, r-devel-linux-x86_64-fedora-clang, r-devel-linux-x86_64-fedora-gcc, r-devel-windows-x86_64, r-patched-linux-x86_64, r-release-linux-x86_64, r-release-macos-arm64, r-release-macos-x86_64, r-release-windows-x86_64, r-oldrel-macos-arm64, r-oldrel-macos-x86_64, r-oldrel-windows-x86_64