Last updated on 2025-10-22 09:50:53 CEST.
Flavor | Version | Tinstall | Tcheck | Ttotal | Status | Flags |
---|---|---|---|---|---|---|
r-devel-linux-x86_64-debian-clang | 1.8.2 | 17.28 | 132.75 | 150.03 | NOTE | |
r-devel-linux-x86_64-debian-gcc | 1.8.2 | 10.88 | 89.37 | 100.25 | NOTE | |
r-devel-linux-x86_64-fedora-clang | 1.8.2 | 40.00 | 194.66 | 234.66 | OK | |
r-devel-linux-x86_64-fedora-gcc | 1.8.2 | 34.00 | 184.53 | 218.53 | OK | |
r-devel-windows-x86_64 | 1.8.2 | 18.00 | 142.00 | 160.00 | OK | |
r-patched-linux-x86_64 | 1.8.2 | 17.61 | 125.17 | 142.78 | OK | |
r-release-linux-x86_64 | 1.8.2 | 16.01 | 125.29 | 141.30 | OK | |
r-release-macos-arm64 | 1.8.2 | 8.00 | 51.00 | 59.00 | OK | |
r-release-macos-x86_64 | 1.8.2 | 16.00 | 122.00 | 138.00 | OK | |
r-release-windows-x86_64 | 1.8.2 | 17.00 | 144.00 | 161.00 | OK | |
r-oldrel-macos-arm64 | 1.8.2 | 8.00 | 54.00 | 62.00 | OK | |
r-oldrel-macos-x86_64 | 1.8.2 | 13.00 | 125.00 | 138.00 | OK | |
r-oldrel-windows-x86_64 | 1.8.2 | 23.00 | 183.00 | 206.00 | OK |
Version: 1.8.2
Check: HTML version of manual
Result: NOTE
Found the following HTML validation problems:
crossMerge.html:58:1 (crossMerge.Rd:16): Warning: missing </ul> before </div>
Flavors: r-devel-linux-x86_64-debian-clang, r-devel-linux-x86_64-debian-gcc