Last updated on 2025-10-31 09:50:30 CET.
| Flavor | Version | Tinstall | Tcheck | Ttotal | Status | Flags | 
|---|---|---|---|---|---|---|
| r-devel-linux-x86_64-debian-clang | 1.1 | 22.77 | 70.85 | 93.62 | NOTE | |
| r-devel-linux-x86_64-debian-gcc | 1.1 | 15.31 | 52.87 | 68.18 | NOTE | |
| r-devel-linux-x86_64-fedora-clang | 1.1 | 54.00 | 98.56 | 152.56 | OK | |
| r-devel-linux-x86_64-fedora-gcc | 1.1 | 56.00 | 88.11 | 144.11 | OK | |
| r-devel-windows-x86_64 | 1.1 | 27.00 | 98.00 | 125.00 | OK | |
| r-patched-linux-x86_64 | 1.1 | 22.51 | 67.81 | 90.32 | OK | |
| r-release-linux-x86_64 | 1.1 | 22.88 | 69.08 | 91.96 | OK | |
| r-release-macos-arm64 | 1.1 | 11.00 | 34.00 | 45.00 | OK | |
| r-release-macos-x86_64 | 1.1 | 24.00 | 62.00 | 86.00 | OK | |
| r-release-windows-x86_64 | 1.1 | 28.00 | 104.00 | 132.00 | OK | |
| r-oldrel-macos-arm64 | 1.1 | 10.00 | 32.00 | 42.00 | OK | |
| r-oldrel-macos-x86_64 | 1.1 | 14.00 | 47.00 | 61.00 | OK | |
| r-oldrel-windows-x86_64 | 1.1 | 35.00 | 123.00 | 158.00 | OK | 
Version: 1.1
Check: CRAN incoming feasibility
Result: NOTE
  Maintainer: ‘Wujuan Zhong <zhongwujuan@gmail.com>’
  
  No Authors@R field in DESCRIPTION.
  Please add one, modifying
    Authors@R: person(given = "Wujuan",
                      family = "Zhong",
                      role = c("aut", "cre"),
                      email = "zhongwujuan@gmail.com")
  as necessary.
Flavors: r-devel-linux-x86_64-debian-clang, r-devel-linux-x86_64-debian-gcc