Last updated on 2025-10-31 09:50:30 CET.
| Flavor | Version | Tinstall | Tcheck | Ttotal | Status | Flags | 
|---|---|---|---|---|---|---|
| r-devel-linux-x86_64-debian-clang | 2.1-1 | 3.13 | 18.30 | 21.43 | NOTE | |
| r-devel-linux-x86_64-debian-gcc | 2.1-1 | 2.44 | 15.71 | 18.15 | NOTE | |
| r-devel-linux-x86_64-fedora-clang | 2.1-1 | 31.03 | NOTE | |||
| r-devel-linux-x86_64-fedora-gcc | 2.1-1 | 30.65 | NOTE | |||
| r-devel-windows-x86_64 | 2.1-1 | 6.00 | 43.00 | 49.00 | OK | |
| r-patched-linux-x86_64 | 2.1-1 | 3.02 | 17.54 | 20.56 | OK | |
| r-release-linux-x86_64 | 2.1-1 | 2.93 | 17.75 | 20.68 | OK | |
| r-release-macos-arm64 | 2.1-1 | 2.00 | 14.00 | 16.00 | OK | |
| r-release-macos-x86_64 | 2.1-1 | 4.00 | 21.00 | 25.00 | OK | |
| r-release-windows-x86_64 | 2.1-1 | 7.00 | 44.00 | 51.00 | OK | |
| r-oldrel-macos-arm64 | 2.1-1 | 2.00 | 14.00 | 16.00 | OK | |
| r-oldrel-macos-x86_64 | 2.1-1 | 3.00 | 19.00 | 22.00 | OK | |
| r-oldrel-windows-x86_64 | 2.1-1 | 6.00 | 44.00 | 50.00 | OK | 
Version: 2.1-1
Check: CRAN incoming feasibility
Result: NOTE
  Maintainer: ‘Shan Ba <shanbatr@gmail.com>’
  
  No Authors@R field in DESCRIPTION.
  Please add one, modifying
    Authors@R: person(given = "Shan",
                      family = "Ba",
                      role = c("aut", "cre"),
                      email = "shanbatr@gmail.com")
  as necessary.
Flavors: r-devel-linux-x86_64-debian-clang, r-devel-linux-x86_64-debian-gcc
Version: 2.1-1
Check: compiled code
Result: NOTE
  File ‘SLHD/libs/SLHD.so’:
    Found no calls to: ‘R_registerRoutines’, ‘R_useDynamicSymbols’
  
  It is good practice to register native routines and to disable symbol
  search.
  
  See ‘Writing portable packages’ in the ‘Writing R Extensions’ manual.
Flavors: r-devel-linux-x86_64-fedora-clang, r-devel-linux-x86_64-fedora-gcc