Last updated on 2025-11-25 10:50:24 CET.
| Flavor | Version | Tinstall | Tcheck | Ttotal | Status | Flags |
|---|---|---|---|---|---|---|
| r-devel-linux-x86_64-debian-clang | 1.0.0 | 6.70 | 89.60 | 96.30 | OK | |
| r-devel-linux-x86_64-debian-gcc | 1.0.0 | 4.97 | 68.38 | 73.35 | OK | |
| r-devel-linux-x86_64-fedora-clang | 1.0.0 | 14.00 | 135.42 | 149.42 | NOTE | |
| r-devel-linux-x86_64-fedora-gcc | 1.0.0 | 19.00 | 147.55 | 166.55 | NOTE | |
| r-devel-windows-x86_64 | 1.0.0 | 10.00 | 96.00 | 106.00 | OK | |
| r-patched-linux-x86_64 | 1.0.0 | 6.80 | 86.84 | 93.64 | OK | |
| r-release-linux-x86_64 | 1.0.0 | 7.43 | 87.85 | 95.28 | OK | |
| r-release-macos-arm64 | 1.0.0 | OK | ||||
| r-release-macos-x86_64 | 1.0.0 | 5.00 | 104.00 | 109.00 | OK | |
| r-release-windows-x86_64 | 1.0.0 | 8.00 | 122.00 | 130.00 | OK | |
| r-oldrel-macos-arm64 | 1.0.0 | NOTE | ||||
| r-oldrel-macos-x86_64 | 1.0.0 | 4.00 | 71.00 | 75.00 | NOTE | |
| r-oldrel-windows-x86_64 | 1.0.0 | 11.00 | 124.00 | 135.00 | NOTE |
Version: 1.0.0
Check: dependencies in R code
Result: NOTE
Namespace in Imports field not imported from: ‘network’
All declared Imports should be used.
Flavors: r-devel-linux-x86_64-fedora-clang, r-devel-linux-x86_64-fedora-gcc
Version: 1.0.0
Check: LazyData
Result: NOTE
'LazyData' is specified without a 'data' directory
Flavors: r-oldrel-macos-arm64, r-oldrel-macos-x86_64, r-oldrel-windows-x86_64