Last updated on 2025-10-31 09:50:29 CET.
| Flavor | Version | Tinstall | Tcheck | Ttotal | Status | Flags | 
|---|---|---|---|---|---|---|
| r-devel-linux-x86_64-debian-clang | 1.1.2 | 5.95 | 43.83 | 49.78 | NOTE | |
| r-devel-linux-x86_64-debian-gcc | 1.1.2 | 4.13 | 33.96 | 38.09 | NOTE | |
| r-devel-linux-x86_64-fedora-clang | 1.1.2 | 12.00 | 61.18 | 73.18 | NOTE | |
| r-devel-linux-x86_64-fedora-gcc | 1.1.2 | 12.00 | 76.06 | 88.06 | NOTE | |
| r-devel-windows-x86_64 | 1.1.2 | 7.00 | 63.00 | 70.00 | OK | |
| r-patched-linux-x86_64 | 1.1.2 | 6.48 | 40.66 | 47.14 | OK | |
| r-release-linux-x86_64 | 1.1.2 | 5.75 | 40.20 | 45.95 | OK | |
| r-release-macos-arm64 | 1.1.2 | 4.00 | 40.00 | 44.00 | OK | |
| r-release-macos-x86_64 | 1.1.2 | 7.00 | 58.00 | 65.00 | OK | |
| r-release-windows-x86_64 | 1.1.2 | 7.00 | 67.00 | 74.00 | OK | |
| r-oldrel-macos-arm64 | 1.1.2 | 4.00 | 32.00 | 36.00 | OK | |
| r-oldrel-macos-x86_64 | 1.1.2 | 6.00 | 45.00 | 51.00 | OK | |
| r-oldrel-windows-x86_64 | 1.1.2 | 12.00 | 72.00 | 84.00 | OK | 
Version: 1.1.2
Check: CRAN incoming feasibility
Result: NOTE
  Maintainer: ‘Mo Huang <mohuangx@gmail.com>’
  
  Package CITATION file contains call(s) to old-style personList() or
  as.personList().  Please use c() on person objects instead.
  Package CITATION file contains call(s) to old-style citEntry().  Please
  use bibentry() instead.
  
  Found the following URLs which should use \doi (with the DOI name only):
    File ‘SAVER-package.Rd’:
      https://doi.org/10.1038/s41592-018-0033-z
Flavors: r-devel-linux-x86_64-debian-clang, r-devel-linux-x86_64-debian-gcc
Version: 1.1.2
Check: dependencies in R code
Result: NOTE
  Namespace in Imports field not imported from: ‘methods’
    All declared Imports should be used.
Flavors: r-devel-linux-x86_64-fedora-clang, r-devel-linux-x86_64-fedora-gcc