Last updated on 2025-11-16 09:49:38 CET.
| Flavor | Version | Tinstall | Tcheck | Ttotal | Status | Flags |
|---|---|---|---|---|---|---|
| r-devel-linux-x86_64-debian-clang | 0.2.4 | 27.62 | 69.65 | 97.27 | OK | |
| r-devel-linux-x86_64-debian-gcc | 0.2.4 | 19.56 | 49.49 | 69.05 | OK | |
| r-devel-linux-x86_64-fedora-clang | 0.2.4 | 57.00 | 98.39 | 155.39 | OK | |
| r-devel-linux-x86_64-fedora-gcc | 0.2.4 | 50.00 | 118.23 | 168.23 | OK | |
| r-devel-windows-x86_64 | 0.2.4 | 68.00 | 111.00 | 179.00 | OK | |
| r-patched-linux-x86_64 | 0.2.4 | 31.13 | 63.98 | 95.11 | OK | |
| r-release-linux-x86_64 | 0.2.4 | 29.49 | 65.00 | 94.49 | OK | |
| r-release-macos-arm64 | 0.2.4 | 10.00 | 51.00 | 61.00 | OK | |
| r-release-macos-x86_64 | 0.2.4 | 17.00 | 121.00 | 138.00 | OK | |
| r-release-windows-x86_64 | 0.2.4 | 56.00 | 124.00 | 180.00 | OK | |
| r-oldrel-macos-arm64 | 0.2.4 | 10.00 | 51.00 | 61.00 | NOTE | |
| r-oldrel-macos-x86_64 | 0.2.4 | 16.00 | 106.00 | 122.00 | NOTE | |
| r-oldrel-windows-x86_64 | 0.2.4 | 56.00 | 127.00 | 183.00 | NOTE |
Version: 0.2.4
Check: installed package size
Result: NOTE
installed size is 9.8Mb
sub-directories of 1Mb or more:
include 6.7Mb
libs 2.7Mb
Flavors: r-oldrel-macos-arm64, r-oldrel-macos-x86_64, r-oldrel-windows-x86_64