CRAN Package Check Results for Package RcppMeCab

Last updated on 2025-07-15 10:48:44 CEST.

Flavor Version Tinstall Tcheck Ttotal Status Flags
r-devel-linux-x86_64-debian-clang 0.0.1.2 27.44 22.91 50.35 NOTE
r-devel-linux-x86_64-debian-gcc 0.0.1.2 21.71 19.27 40.98 NOTE
r-devel-linux-x86_64-fedora-clang 0.0.1.2 82.62 NOTE
r-devel-linux-x86_64-fedora-gcc 0.0.1.2 88.97 NOTE
r-devel-windows-x86_64 0.0.1.2 41.00 85.00 126.00 NOTE
r-patched-linux-x86_64 0.0.1.2 31.17 22.79 53.96 NOTE
r-release-linux-x86_64 0.0.1.2 31.06 22.69 53.75 NOTE
r-release-macos-arm64 0.0.1.2 15.00 ERROR
r-release-macos-x86_64 0.0.1.2 19.00 ERROR
r-release-windows-x86_64 0.0.1.2 41.00 126.00 167.00 NOTE
r-oldrel-macos-arm64 0.0.1.2 21.00 ERROR
r-oldrel-macos-x86_64 0.0.1.2 25.00 ERROR
r-oldrel-windows-x86_64 0.0.1.2 37.00 99.00 136.00 NOTE

Check Details

Version: 0.0.1.2
Check: C++ specification
Result: NOTE Specified C++11: please drop specification unless essential Flavors: r-devel-linux-x86_64-debian-clang, r-devel-linux-x86_64-debian-gcc, r-devel-linux-x86_64-fedora-clang, r-devel-linux-x86_64-fedora-gcc, r-devel-windows-x86_64, r-patched-linux-x86_64, r-release-linux-x86_64, r-release-windows-x86_64, r-oldrel-windows-x86_64

Version: 0.0.1.2
Check: whether package can be installed
Result: ERROR Installation failed. Flavors: r-release-macos-arm64, r-release-macos-x86_64, r-oldrel-macos-arm64, r-oldrel-macos-x86_64

Version: 0.0.1.2
Check: LazyData
Result: NOTE 'LazyData' is specified without a 'data' directory Flavor: r-oldrel-windows-x86_64

Version: 0.0.1.2
Check: for GNU extensions in Makefiles
Result: NOTE GNU make is a SystemRequirements. Flavor: r-oldrel-windows-x86_64