Last updated on 2025-07-13 10:48:30 CEST.
Flavor | Version | Tinstall | Tcheck | Ttotal | Status | Flags |
---|---|---|---|---|---|---|
r-devel-linux-x86_64-debian-clang | 0.0.3 | 11.30 | 23.79 | 35.09 | NOTE | |
r-devel-linux-x86_64-debian-gcc | 0.0.3 | 7.86 | 19.12 | 26.98 | NOTE | |
r-devel-linux-x86_64-fedora-clang | 0.0.3 | 55.86 | OK | |||
r-devel-linux-x86_64-fedora-gcc | 0.0.3 | 51.10 | OK | |||
r-devel-windows-x86_64 | 0.0.3 | 13.00 | 60.00 | 73.00 | OK | |
r-patched-linux-x86_64 | 0.0.3 | 11.01 | 21.04 | 32.05 | OK | |
r-release-linux-x86_64 | 0.0.3 | 11.40 | 20.98 | 32.38 | OK | |
r-release-macos-arm64 | 0.0.3 | 24.00 | OK | |||
r-release-macos-x86_64 | 0.0.3 | 43.00 | OK | |||
r-release-windows-x86_64 | 0.0.3 | 14.00 | 113.00 | 127.00 | OK | |
r-oldrel-macos-arm64 | 0.0.3 | 22.00 | OK | |||
r-oldrel-macos-x86_64 | 0.0.3 | 34.00 | OK | |||
r-oldrel-windows-x86_64 | 0.0.3 | 12.00 | 75.00 | 87.00 | OK |
Version: 0.0.3
Check: CRAN incoming feasibility
Result: NOTE
Maintainer: ‘Dirk Eddelbuettel <edd@debian.org>’
No Authors@R field in DESCRIPTION.
Please add one, modifying
Authors@R: person(given = "Dirk",
family = "Eddelbuettel",
role = c("aut", "cre"),
email = "edd@debian.org")
as necessary.
Flavors: r-devel-linux-x86_64-debian-clang, r-devel-linux-x86_64-debian-gcc