Last updated on 2025-11-03 09:49:40 CET.
| Flavor | Version | Tinstall | Tcheck | Ttotal | Status | Flags | 
|---|---|---|---|---|---|---|
| r-devel-linux-x86_64-debian-clang | 1.1.3 | 208.94 | 133.07 | 342.01 | NOTE | |
| r-devel-linux-x86_64-debian-gcc | 1.1.3 | 148.44 | 101.40 | 249.84 | NOTE | |
| r-devel-linux-x86_64-fedora-clang | 1.1.3 | 366.00 | 229.65 | 595.65 | NOTE | |
| r-devel-linux-x86_64-fedora-gcc | 1.1.3 | 325.00 | 283.97 | 608.97 | NOTE | |
| r-devel-windows-x86_64 | 1.1.3 | 257.00 | 218.00 | 475.00 | NOTE | |
| r-patched-linux-x86_64 | 1.1.3 | 216.62 | 137.36 | 353.98 | NOTE | |
| r-release-linux-x86_64 | 1.1.3 | 216.28 | 136.88 | 353.16 | NOTE | |
| r-release-macos-arm64 | 1.1.3 | 86.00 | 74.00 | 160.00 | NOTE | |
| r-release-macos-x86_64 | 1.1.3 | 87.00 | 150.00 | 237.00 | NOTE | |
| r-release-windows-x86_64 | 1.1.3 | 258.00 | 214.00 | 472.00 | NOTE | |
| r-oldrel-macos-arm64 | 1.1.3 | 49.00 | 52.00 | 101.00 | NOTE | |
| r-oldrel-macos-x86_64 | 1.1.3 | 40.00 | 87.00 | 127.00 | NOTE | |
| r-oldrel-windows-x86_64 | 1.1.3 | 309.00 | 231.00 | 540.00 | NOTE | 
Version: 1.1.3
Check: CRAN incoming feasibility
Result: NOTE
  Maintainer: ‘Ozvan Bocher <bocherozvan@gmail.com>’
  
  No Authors@R field in DESCRIPTION.
  Please add one, modifying
    Authors@R: c(person(given = "Ozvan",
                        family = "Bocher",
                        role = c("aut", "cre"),
                        email = "bocherozvan@gmail.com"),
                 person(given = "Hervé",
                        family = "Perdry",
                        role = "aut"))
  as necessary.
Flavors: r-devel-linux-x86_64-debian-clang, r-devel-linux-x86_64-debian-gcc
Version: 1.1.3
Check: Rd files
Result: NOTE
  checkRd: (-1) rbm.haplos.power.Rd:35: Lost braces; missing escapes or markup?
      35 |   \item{simus.haplos}{ Which method to simulate the data, if \code{simus.haplos="freqs"}, {rbm.haplos.freqs()} is used, otherwise \code{rbm.haplos.thresholds()} is used.}
         |                                                                                           ^
Flavors: r-devel-linux-x86_64-debian-clang, r-devel-linux-x86_64-debian-gcc, r-devel-linux-x86_64-fedora-clang, r-devel-linux-x86_64-fedora-gcc, r-devel-windows-x86_64, r-patched-linux-x86_64, r-release-linux-x86_64, r-release-macos-arm64, r-release-macos-x86_64, r-release-windows-x86_64, r-oldrel-macos-arm64, r-oldrel-macos-x86_64, r-oldrel-windows-x86_64
Version: 1.1.3
Check: installed package size
Result: NOTE
    installed size is 21.7Mb
    sub-directories of 1Mb or more:
      data   4.5Mb
      libs  16.2Mb
Flavors: r-oldrel-macos-arm64, r-oldrel-macos-x86_64, r-oldrel-windows-x86_64